000
CXUS56 KOTX 011614
CLMDEW
CLIMATE REPORT
NATIONAL WEATHER SERVICE SPOKANE WA
814 AM PST FRI DEC 01 2023
...................................
...THE DEER_PARK WA AIRPORT CLIMATE SUMMARY FOR THE MONTH OF NOVEMBER 2023...
CLIMATE NORMAL PERIOD 1991 TO 2020
CLIMATE RECORD PERIOD 9999 TO 9999
WEATHER OBSERVED NORMAL DEPART LAST YEAR`S
VALUE DATE(S) VALUE FROM VALUE DATE(S)
NORMAL
................................................................
TEMPERATURE (F)
RECORD
HIGH 64 11/08/2016
LOW -17 11/24/2010
HIGHEST 53 11/04 MM MM 50 11/05
LOWEST 15 11/25 MM MM 2 11/19
11/28
AVG. MAXIMUM 42.1 41.9 0.2 35.8
AVG. MINIMUM 26.2 26.4 -0.2 17.5
MEAN 34.1 34.1 0.0 26.6
DAYS MAX >= 90 0 0.0 0.0 0
DAYS MAX <= 32 4 3.1 0.9 8
DAYS MIN <= 32 24 21.7 2.3 29
DAYS MIN <= 0 0 0.2 -0.2 0
PRECIPITATION (INCHES)
RECORD
MAXIMUM 5.45 2006
MINIMUM 0.92 2019
TOTALS 2.41 2.77 -0.36 3.01
DAILY AVG. 0.08 0.09 -0.01 0.10
DAYS >= .01 9 14.2 -5.2 10
DAYS >= .10 5 8.6 -3.6 6
DAYS >= .50 2 1.2 0.8 2
DAYS >= 1.00 0 0.0 0.0 0
GREATEST
24 HR. TOTAL 0.81 11/04 TO 11/04 0.97
DEGREE DAYS
HEATING TOTAL 921 926 -5 1145
SINCE 7/1 1712 1939 -227 MM
COOLING TOTAL 0 0 0 0
SINCE 1/1 408 216 192 MM
................................................................
WIND (MPH)
AVERAGE WIND SPEED 4.2
HIGHEST WIND SPEED/DIRECTION 38/220 DATE 11/11
HIGHEST GUST SPEED/DIRECTION 53/220 DATE 11/11
SKY COVER
POSSIBLE SUNSHINE (PERCENT) MM
AVERAGE SKY COVER 0.57
NUMBER OF DAYS FAIR 10
NUMBER OF DAYS PC 9
NUMBER OF DAYS CLOUDY 11
AVERAGE RH (PERCENT) 81
WEATHER CONDITIONS. NUMBER OF DAYS WITH
THUNDERSTORM 0 MIXED PRECIP 2
HEAVY RAIN 1 RAIN 6
LIGHT RAIN 10 FREEZING RAIN 0
LT FREEZING RAIN 1 HAIL 0
HEAVY SNOW 0 SNOW 1
LIGHT SNOW 2 SLEET 0
FOG 25 FOG W/VIS <= 1/4 MILE 13
HAZE 6
- INDICATES NEGATIVE NUMBERS.
R INDICATES RECORD WAS SET OR TIED.
MM INDICATES DATA IS MISSING.
T INDICATES TRACE AMOUNT.
$$