000
CXUS52 KTAE 010800
CF6DHN
PRELIMINARY LOCAL CLIMATOLOGICAL DATA (WS FORM: F-6)
STATION: DOTHAN
MONTH: MARCH
YEAR: 2021
LATITUDE: 31 19 N
LONGITUDE: 85 27 W
TEMPERATURE IN F: :PCPN: SNOW: WIND :SUNSHINE: SKY :PK WND
================================================================================
1 2 3 4 5 6A 6B 7 8 9 10 11 12 13 14 15 16 17 18
12Z AVG MX 2MIN
DY MAX MIN AVG DEP HDD CDD WTR SNW DPTH SPD SPD DIR MIN PSBL S-S WX SPD DR
================================================================================
1 80 59 70 14 0 5 0.68 0.0 0 9.3 33 10 M M 10 18 45 350
2 60 46 53 -3 12 0 1.80 M M 8.5 16 360 M M 10 18 21 360
3 63 44 54 -2 11 0 0.02 M M 8.2 16 360 M M 6 18 23 360
4 73 39 56 -1 9 0 0.00 0.0 M 7.5 13 350 M M 0 20 360
5 71 44 58 1 7 0 0.00 0.0 M 5.1 17 60 M M 0 22 50
6 67 47 57 0 8 0 T 0.0 M 6.7 17 30 M M 6 21 30
7 67 38 53 -4 12 0 0.00 0.0 M 6.7 14 20 M M 0 17 10
8 70 36 53 -4 12 0 0.00 0.0 M 3.8 8 70 M M 0 8 10 70
9 71 35 53 -5 12 0 0.00 0.0 M 3.3 12 130 M M 0 19 120
10 75 42 59 1 6 0 0.00 0.0 M 6.1 17 160 M M 0 23 160
11 78 48 63 5 2 0 0.00 0.0 M 6.0 15 140 M M 0 20 140
12 79 48 64 6 1 0 0.00 0.0 M 3.6 12 290 M M 0 18 16 290
13 82 51 67 9 0 2 0.00 0.0 M 4.9 14 230 M M 1 8 18 240
14 83 51 67 9 0 2 0.00 0.0 M 5.5 15 200 M M 0 1 20 200
15 80 54 67 8 0 2 0.00 0.0 M 7.5 16 180 M M 4 20 170
16 83 64 74 15 0 9 0.01 0.0 M 10.0 24 220 M M 7 1 31 210
17 83 65 74 15 0 9 0.39 0.0 M 10.5 24 200 M M 6 13 29 210
18 78 52 65 6 0 0 1.94 0.0 M 16.6 31 140 M M 5 13 39 140
19 56 49 53 -6 12 0 0.00 0.0 M 11.4 21 320 M M 9 27 320
20 63 46 55 -5 10 0 0.00 0.0 M 9.1 18 60 M M 6 27 60
21 70 41 56 -4 9 0 0.00 0.0 0 7.2 16 40 M M 6 20 40
22 74 52 63 3 2 0 0.00 0.0 0 7.4 16 90 M M 4 21 90
23 74 58 66 6 0 1 0.76 0.0 M 9.0 18 130 M M 4 1 24 110
24 74 59 67 7 0 2 0.27 M M 7.6 15 190 M M 8 1 19 180
25 84 63 74 14 0 9 0.04 M M 14.8 31 190 M M 8 1 39 220
26 85 73 79 18 0 14 0.01 M M 12.0 21 220 M M 8 28 200
27 86 68 77 16 0 12 0.00 0.0 M 8.7 20 210 M M 5 1 30 200
28 83 58 71 10 0 6 0.18 0.0 M 11.2 26 310 M M 6 13 34 290
29 73 50 62 1 3 0 M 0.0 M 6.0 14 40 M M 1 19 30
30 80 52 66 5 0 1 0.11 0.0 M 5.8 16 190 M M 6 1 21 190
31 84 54 69 7 0 4 0.75 0.0 0 9.7 41 340 M M 8 13 51 340
================================================================================
SM 2329 1586 128 78 6.96 0.0 249.7 M 134
================================================================================
AV 75.1 51.2 8.1 FASTST M M 4 MAX(MPH)
MISC ----> 41 340 51 340
================================================================================
NOTES:
# LAST OF SEVERAL OCCURRENCES
COLUMN 17 PEAK WIND IN M.P.H.
PRELIMINARY LOCAL CLIMATOLOGICAL DATA (WS FORM: F-6) , PAGE 2
STATION: DOTHAN
MONTH: MARCH
YEAR: 2021
LATITUDE: 31 19 N
LONGITUDE: 85 27 W
[TEMPERATURE DATA] [PRECIPITATION DATA] SYMBOLS USED IN COLUMN 16
AVERAGE MONTHLY: 63.1 TOTAL FOR MONTH: 6.96 1 = FOG OR MIST
DPTR FM NORMAL: 4.2 DPTR FM NORMAL: 1.08 2 = FOG REDUCING VISIBILITY
HIGHEST: 86 ON 27 GRTST 24HR 1.94 ON 18-18 TO 1/4 MILE OR LESS
LOWEST: 35 ON 9 3 = THUNDER
SNOW, ICE PELLETS, HAIL 4 = ICE PELLETS
TOTAL MONTH: 0.0 INCH 5 = HAIL
GRTST 24HR 0.0 6 = FREEZING RAIN OR DRIZZLE
GRTST DEPTH: 0 7 = DUSTSTORM OR SANDSTORM:
VSBY 1/2 MILE OR LESS
8 = SMOKE OR HAZE
[NO. OF DAYS WITH] [WEATHER - DAYS WITH] 9 = BLOWING SNOW
X = TORNADO
MAX 32 OR BELOW: 0 0.01 INCH OR MORE: 13
MAX 90 OR ABOVE: 0 0.10 INCH OR MORE: 9
MIN 32 OR BELOW: 0 0.50 INCH OR MORE: 5
MIN 0 OR BELOW: 0 1.00 INCH OR MORE: 2
[HDD (BASE 65) ]
TOTAL THIS MO. 128 CLEAR (SCALE 0-3) 11
DPTR FM NORMAL -83 PTCLDY (SCALE 4-7) 15
TOTAL FM JUL 1 1411 CLOUDY (SCALE 8-10) 5
DPTR FM NORMAL -360
[CDD (BASE 65) ]
TOTAL THIS MO. 78
DPTR FM NORMAL 57 [PRESSURE DATA]
TOTAL FM JAN 1 101 HIGHEST SLP M ON M
DPTR FM NORMAL 70 LOWEST SLP 29.66 ON 18
[REMARKS]
#FINAL-03-21#