000
CXUS54 KAMA 010710
CF6DHT
PRELIMINARY LOCAL CLIMATOLOGICAL DATA (WS FORM: F-6)
STATION: DALHART
MONTH: APRIL
YEAR: 2023
LATITUDE: 36 1 N
LONGITUDE: 102 33 W
TEMPERATURE IN F: :PCPN: SNOW: WIND :SUNSHINE: SKY :PK WND
================================================================================
1 2 3 4 5 6A 6B 7 8 9 10 11 12 13 14 15 16 17 18
12Z AVG MX 2MIN
DY MAX MIN AVG DEP HDD CDD WTR SNW DPTH SPD SPD DIR MIN PSBL S-S WX SPD DR
================================================================================
1 73 27 50 -2 15 0 0.00 M M 12.5 29 210 M M 0 37 170
2 83 34 59 7 6 0 0.00 M M 14.6 25 240 M M 0 34 240
3 85 38 62 10 3 0 0.00 M M 17.8 43 240 M M 0 55 250
4 72 34 53 1 12 0 0.00 M M 22.0 46 230 M M 0 8 61 230
5 52 26 39 -13 26 0 0.00 M M 9.9 20 10 M M 0 23 360
6 60 26 43 -10 22 0 0.00 M M 9.8 21 150 M M 0 32 150
7 67 28 48 -5 17 0 0.00 M M 10.8 22 190 M M 0 32 200
8 77 27 52 -1 13 0 0.00 M M 12.4 24 200 M M 0 31 210
9 77 46 62 9 3 0 0.00 M M 9.6 16 340 M M 1 23 30
10 80 41 61 7 4 0 0.00 M M 6.3 14 70 M M 0 8 19 300
11 87 40 64 10 1 0 0.00 M M 9.7 22 160 M M 0 8 33 170
12 90 51 71 17 0 6 0.00 M M 19.8 30 170 M M 0 39 170
13 89 49 69 15 0 4 0.03 M M 16.8 38 210 M M 1 8 52 210
14 82 38 60 6 5 0 0.00 M M 15.8 32 220 M M 0 45 210
15 61 39 50 -5 15 0 T M M 16.3 31 360 M M 2 18 41 360
16 71 30 51 -4 14 0 0.00 M M 10.1 21 210 M M 0 28 230
17 86 44 65 10 0 0 0.00 M M 15.9 30 210 M M 0 37 210
18 89 54 72 17 0 7 0.00 M M 15.2 32 240 M M 0 8 41 230
19 86 44 65 9 0 0 0.00 M M 15.1 39 230 M M 0 8 52 250
20 66 36 51 -5 14 0 0.00 M M 15.3 32 360 M M 1 8 44 360
21 67 35 51 -5 14 0 0.00 M M 11.5 25 50 M M 1 8 40 250
22 51 35 43 -13 22 0 0.00 M M 18.1 31 40 M M 5 38 50
23 60 30 45 -12 20 0 0.00 M M 11.0 24 190 M M 2 8 34 160
24 58 38 48 -9 17 0 0.04 M M 14.9 26 210 M M 5 18 33 210
25 72 45 59 2 6 0 0.75 M M 11.0 32 40 M M 7 138 43 30
26 48 43 46 -12 19 0 0.69 M M 14.3 30 360 M M 10 12 37 360
27 73 35 54 -4 11 0 0.00 M M 9.6 40 30 M M 1 54 30
28 56 40 48 -10 17 0 0.14 M M 24.8 41 10 M M 6 1 56 10
29 75 33 54 -5 11 0 0.00 M M 10.9 23 10 M M 0 34 360
30 70 43 57 -2 8 0 0.00 M M 11.8 23 50 M M 0 30 60
================================================================================
SM 2163 1129 315 17 1.65 M 413.6 M 42
================================================================================
AV 72.1 37.6 13.8 FASTST M M 1 MAX(MPH)
MISC ----> 46 230 61 230
================================================================================
NOTES:
# LAST OF SEVERAL OCCURRENCES
COLUMN 17 PEAK WIND IN M.P.H.
PRELIMINARY LOCAL CLIMATOLOGICAL DATA (WS FORM: F-6) , PAGE 2
STATION: DALHART
MONTH: APRIL
YEAR: 2023
LATITUDE: 36 1 N
LONGITUDE: 102 33 W
[TEMPERATURE DATA] [PRECIPITATION DATA] SYMBOLS USED IN COLUMN 16
AVERAGE MONTHLY: 54.9 TOTAL FOR MONTH: 1.65 1 = FOG OR MIST
DPTR FM NORMAL: -0.1 DPTR FM NORMAL: 0.40 2 = FOG REDUCING VISIBILITY
HIGHEST: 90 ON 12 GRTST 24HR 1.44 ON 25-26 TO 1/4 MILE OR LESS
LOWEST: 26 ON 6, 5 3 = THUNDER
SNOW, ICE PELLETS, HAIL 4 = ICE PELLETS
TOTAL MONTH: M 5 = HAIL
GRTST 24HR M ON M 6 = FREEZING RAIN OR DRIZZLE
GRTST DEPTH: M ON M 7 = DUSTSTORM OR SANDSTORM:
VSBY 1/2 MILE OR LESS
8 = SMOKE OR HAZE
[NO. OF DAYS WITH] [WEATHER - DAYS WITH] 9 = BLOWING SNOW
X = TORNADO
MAX 32 OR BELOW: 0 0.01 INCH OR MORE: 5
MAX 90 OR ABOVE: 1 0.10 INCH OR MORE: 3
MIN 32 OR BELOW: 7 0.50 INCH OR MORE: 2
MIN 0 OR BELOW: 0 1.00 INCH OR MORE: 0
[HDD (BASE 65) ]
TOTAL THIS MO. 315 CLEAR (SCALE 0-3) 25
DPTR FM NORMAL 5 PTCLDY (SCALE 4-7) 4
TOTAL FM JUL 1 4270 CLOUDY (SCALE 8-10) 1
DPTR FM NORMAL 8
[CDD (BASE 65) ]
TOTAL THIS MO. 17
DPTR FM NORMAL 7 [PRESSURE DATA]
TOTAL FM JAN 1 17 HIGHEST SLP M ON M
DPTR FM NORMAL 6 LOWEST SLP 29.25 ON 4
[REMARKS]
#FINAL-04-23#