000
CXUS53 KBIS 010830
CF6DIK
PRELIMINARY LOCAL CLIMATOLOGICAL DATA (WS FORM: F-6)
STATION: DICKINSON ND
MONTH: APRIL
YEAR: 2022
LATITUDE: 46 47 N
LONGITUDE: 102 48 W
TEMPERATURE IN F: :PCPN: SNOW: WIND :SUNSHINE: SKY :PK WND
================================================================================
1 2 3 4 5 6A 6B 7 8 9 10 11 12 13 14 15 16 17 18
12Z AVG MX 2MIN
DY MAX MIN AVG DEP HDD CDD WTR SNW DPTH SPD SPD DIR MIN PSBL S-S WX SPD DR
================================================================================
1 51 25 38 1 27 0 T M M 12.3 30 280 M M 4 41 330
2 56 23 40 3 25 0 0.00 M M 7.7 16 110 M M 1 20 120
3 46 31 39 1 26 0 0.13 M M 11.3 21 160 M M 7 1 30 160
4 62 29 46 8 19 0 0.00 M M 15.1 29 160 M M 2 37 160
5 48 33 41 3 24 0 0.01 M M 23.2 37 280 M M 9 1 47 280
6 46 31 39 1 26 0 M M M 20.2 33 310 M M 9 1 47 330
7 49 21 35 -4 30 0 0.00 M M 20.4 35 330 M M 3 49 330
8 57 20 39 0 26 0 0.00 M M 9.6 21 150 M M 0 18 29 160
9 57 28 43 4 22 0 0.00 M M 18.6 38 310 M M 2 8 48 310
10 53 26 40 0 25 0 T M M 13.9 30 280 M M 5 1 39 270
11 47 22 35 -5 30 0 T M M 8.0 21 50 M M 3 1 30 50
12 29 18 24 -16 41 0 M M M 25.3 43 30 M M 10 128 53 20
13 22 16 19 -22 46 0 M M M 31.1 44 310 M M 10 129 60 310
14 23 13 18 -23 47 0 M M M 29.1 36 290 M M 9 128 47 300
15 24 6 15 -26 50 0 M M M 14.1 28 300 M M 5 18 34 320
16 29 4 17 -25 48 0 0.00 M M 10.7 28 100 M M 3 18 36 110
17 29 10 20 -22 45 0 M M M 18.8 40 300 M M 6 128 49 300
18 36 9 23 -19 42 0 T M M 10.4 22 130 M M 2 1 28 130
19 44 26 35 -8 30 0 0.00 M M 17.5 33 130 M M 1 42 130
20 48 26 37 -6 28 0 0.00 M M 14.9 33 300 M M 2 43 300
21 42 26 34 -9 31 0 0.01 M M 13.7 26 100 M M 5 3 36 80
22 43 33 38 -6 27 0 T M M 13.7 23 10 M M 10 128 34 20
23 33 31 32 -12 33 0 M M M 24.9 35 330 M M 10 1236 51 360
24 38 26 32 -12 33 0 M M M 20.9 37 330 M M 6 128 51 320
25 41 19 30 -15 35 0 M M M 6.3 16 110 M M 2 20 110
26 44 23 34 -11 31 0 0.00 M M 19.5 26 100 M M 1 35 130
27 50 27 39 -6 26 0 0.00 M M 14.5 22 120 M M 4 29 110
28 59 36 48 2 17 0 0.10 M M 6.2 23 140 M M 6 1 33 140
29 45 41 43 -3 22 0 T M M 12.7 23 30 M M 10 18 30 40
30 57 33 45 -1 20 0 0.00 M M 15.2 28 340 M M 4 38 330
================================================================================
SM 1308 712 932 0 0.25 M 479.8 M 151
================================================================================
AV 43.6 23.7 16.0 FASTST M M 5 MAX(MPH)
MISC ----> 44 310 60 310
================================================================================
NOTES:
# LAST OF SEVERAL OCCURRENCES
COLUMN 17 PEAK WIND IN M.P.H.
PRELIMINARY LOCAL CLIMATOLOGICAL DATA (WS FORM: F-6) , PAGE 2
STATION: DICKINSON ND
MONTH: APRIL
YEAR: 2022
LATITUDE: 46 47 N
LONGITUDE: 102 48 W
[TEMPERATURE DATA] [PRECIPITATION DATA] SYMBOLS USED IN COLUMN 16
AVERAGE MONTHLY: 33.7 TOTAL FOR MONTH: 0.25 1 = FOG OR MIST
DPTR FM NORMAL: -7.9 DPTR FM NORMAL: -1.12 2 = FOG REDUCING VISIBILITY
HIGHEST: 62 ON 4 GRTST 24HR 1.30 ON 23-24 TO 1/4 MILE OR LESS
LOWEST: 4 ON 16 3 = THUNDER
SNOW, ICE PELLETS, HAIL 4 = ICE PELLETS
TOTAL MONTH: M 5 = HAIL
GRTST 24HR M ON M 6 = FREEZING RAIN OR DRIZZLE
GRTST DEPTH: M ON M 7 = DUSTSTORM OR SANDSTORM:
VSBY 1/2 MILE OR LESS
8 = SMOKE OR HAZE
[NO. OF DAYS WITH] [WEATHER - DAYS WITH] 9 = BLOWING SNOW
X = TORNADO
MAX 32 OR BELOW: 6 0.01 INCH OR MORE: 4
MAX 90 OR ABOVE: 0 0.10 INCH OR MORE: 2
MIN 32 OR BELOW: 25 0.50 INCH OR MORE: 0
MIN 0 OR BELOW: 0 1.00 INCH OR MORE: 0
[HDD (BASE 65) ]
TOTAL THIS MO. 932 CLEAR (SCALE 0-3) 12
DPTR FM NORMAL 228 PTCLDY (SCALE 4-7) 10
TOTAL FM JUL 1 7643 CLOUDY (SCALE 8-10) 8
DPTR FM NORMAL -320
[CDD (BASE 65) ]
TOTAL THIS MO. 0
DPTR FM NORMAL 0 [PRESSURE DATA]
TOTAL FM JAN 1 0 HIGHEST SLP M ON M
DPTR FM NORMAL 0 LOWEST SLP 29.20 ON 5
[REMARKS]
#FINAL-04-22#