000
CXUS55 KCAE 011423
CF6DNL
PRELIMINARY LOCAL CLIMATOLOGICAL DATA (WS FORM: F-6)
STATION: AUGUSTA DANIEL FIELD GA
MONTH: AUGUST
YEAR: 2020
LATITUDE: 33 28 N
LONGITUDE: 82 2 W
TEMPERATURE IN F: :PCPN: SNOW: WIND :SUNSHINE: SKY :PK WND
================================================================================
1 2 3 4 5 6A 6B 7 8 9 10 11 12 13 14 15 16 17 18
12Z AVG MX 2MIN
DY MAX MIN AVG DEP HDD CDD WTR SNW DPTH SPD SPD DIR MIN PSBL S-S WX SPD DR
================================================================================
1 97 78 88 6 0 23 0.00 M M 5.6 17 190 M M 1 22 190
2 97 75 86 4 0 21 0.00 0.0 0 5.8 14 140 M M 1 18 120
3 92 70 81 -1 0 16 1.74 M M 5.5 28 300 M M 4 13 41 310
4 92 68 80 -2 0 15 0.00 M M 3.6 10 200 M M 4 1 14 190
5 95 72 84 2 0 19 2.71 M M 3.9 24 210 M M 2 13 42 210
6 93 74 84 2 0 19 0.04 M M 4.5 21 200 M M 4 138 31 180
7 93 74 84 2 0 19 T M M 4.9 16 190 M M 5 138 20 190
8 92 74 83 1 0 18 0.08 M M 3.6 22 210 M M 4 138 28 210
9 95 72 84 2 0 19 T M M 2.3 14 170 M M 1 3 18 180
10 95 74 85 4 0 20 0.20 M M 3.4 29 310 M M 1 13 42 310
11 95 72 84 3 0 19 0.00 M M 3.6 9 350 M M 2 13 12 30
12 96 76 86 5 0 21 T M M 3.3 14 150 M M 1 3 20 150
13 94 76 85 4 0 20 0.00 M M 4.1 16 110 M M 5 3 20 110
14 91 75 83 2 0 18 0.94 M M 3.8 18 160 M M 4 13 24 170
15 88 75 82 1 0 17 0.01 M M 5.0 13 360 M M 6 13 17 10
16 90 74 82 1 0 17 0.00 M M 5.3 10 350 M M 5 14 20
17 92 73 83 2 0 18 0.89 M M 4.6 23 310 M M 2 138 33 300
18 90 73 82 1 0 17 0.11 M M 3.8 15 80 M M 2 138 20 80
19 91 71 81 0 0 16 0.00 M M 3.3 20 320 M M 2 123 24 320
20 90 71 81 1 0 16 0.64 M M 5.1 16 180 M M 1 138 21 190
21 84 74 79 -1 0 14 0.12 M M 4.1 9 170 M M 4 13 13 190
22 83 73 78 -2 0 13 T M M 4.3 12 180 M M 2 15 120
23 87 74 81 1 0 16 0.05 M M 2.9 22 180 M M 4 138 28 190
24 88 75 82 2 0 17 0.25 M M 4.6 14 150 M M 8 13 18 150
25 89 75 82 2 0 17 0.07 M M 5.0 12 350 M M 2 1 15 350
26 94 76 85 5 0 20 0.17 M M 1.9 17 150 M M 2 13 24 160
27 93 75 84 4 0 19 0.00 M M 3.6 12 190 M M 0 1 13 230
28 93 78 86 6 0 21 T M M 6.1 13 200 M M 1 17 200
29 90 78 84 5 0 19 0.00 M M 7.5 16 230 M M 4 26 240
30 96 78 87 8 0 22 0.00 M M 5.0 18 10 M M 2 3 24 20
31 92 75 84 5 0 19 0.00 M M 3.2 9 190 M M 2 13 230
================================================================================
SM 2847 2298 0 565 8.02 0.0 133.2 M 88
================================================================================
AV 91.8 74.1 4.3 FASTST M M 3 MAX(MPH)
MISC ----> # 29 310 # 42 210
================================================================================
NOTES:
# LAST OF SEVERAL OCCURRENCES
COLUMN 17 PEAK WIND IN M.P.H.
PRELIMINARY LOCAL CLIMATOLOGICAL DATA (WS FORM: F-6) , PAGE 2
STATION: AUGUSTA DANIEL FIELD GA
MONTH: AUGUST
YEAR: 2020
LATITUDE: 33 28 N
LONGITUDE: 82 2 W
[TEMPERATURE DATA] [PRECIPITATION DATA] SYMBOLS USED IN COLUMN 16
AVERAGE MONTHLY: 83.0 TOTAL FOR MONTH: 8.02 1 = FOG OR MIST
DPTR FM NORMAL: 2.2 DPTR FM NORMAL: 3.10 2 = FOG REDUCING VISIBILITY
HIGHEST: 97 ON 2, 1 GRTST 24HR 2.71 ON 5- 5 TO 1/4 MILE OR LESS
LOWEST: 68 ON 4 3 = THUNDER
SNOW, ICE PELLETS, HAIL 4 = ICE PELLETS
TOTAL MONTH: 0.0 INCH 5 = HAIL
GRTST 24HR 0.0 6 = FREEZING RAIN OR DRIZZLE
GRTST DEPTH: 0 7 = DUSTSTORM OR SANDSTORM:
VSBY 1/2 MILE OR LESS
8 = SMOKE OR HAZE
[NO. OF DAYS WITH] [WEATHER - DAYS WITH] 9 = BLOWING SNOW
X = TORNADO
MAX 32 OR BELOW: 0 0.01 INCH OR MORE: 15
MAX 90 OR ABOVE: 25 0.10 INCH OR MORE: 10
MIN 32 OR BELOW: 0 0.50 INCH OR MORE: 5
MIN 0 OR BELOW: 0 1.00 INCH OR MORE: 2
[HDD (BASE 65) ]
TOTAL THIS MO. 0 CLEAR (SCALE 0-3) 18
DPTR FM NORMAL 0 PTCLDY (SCALE 4-7) 13
TOTAL FM JUL 1 0 CLOUDY (SCALE 8-10) 0
DPTR FM NORMAL 0
[CDD (BASE 65) ]
TOTAL THIS MO. 565
DPTR FM NORMAL 75 [PRESSURE DATA]
TOTAL FM JAN 1 2133 HIGHEST SLP 30.17 ON 9
DPTR FM NORMAL 322 LOWEST SLP 29.78 ON 30
[REMARKS]
#FINAL-08-20#