000
CXUS52 KCAE 011257
CLMDNL
CLIMATE REPORT
NATIONAL WEATHER SERVICE COLUMBIA SC
857 AM EDT FRI SEP 01 2023
...................................
...THE AUGUSTA DANIEL FIELD GA CLIMATE SUMMARY FOR THE MONTH OF AUGUST 2023...
CLIMATE NORMAL PERIOD: 1991 TO 2020
CLIMATE RECORD PERIOD: 9999 TO 9999
WEATHER OBSERVED NORMAL DEPART LAST YEAR`S
VALUE DATE(S) VALUE FROM VALUE
NORMAL
..............................................................
TEMPERATURE (F)
HIGHEST 101 08/26 MM MM
LOWEST 71 08/03 MM MM
08/31
AVG. MAXIMUM 92.8 91.9 0.9
AVG. MINIMUM 73.6 73.3 0.3
MEAN 83.2 82.6 0.6
DAYS MAX >= 90 26 20.2 5.8
DAYS MAX <= 32 0 0.0 0.0
DAYS MIN <= 32 0 0.0 0.0
DAYS MIN <= 0 0 0.0 0.0
PRECIPITATION (INCHES)
TOTALS 4.92 5.02 -0.10
DAYS >= .01 10 10.7 -0.7
DAYS >= .10 7 6.9 0.1
DAYS >= .50 4 3.4 0.6
DAYS >= 1.00 1 1.6 -0.6
GREATEST
24 HR. TOTAL 1.71 08/27 TO 08/27
DAYS >= TRACE MM
DEGREE DAYS
HEATING TOTAL 0 0 0
SINCE 7/1 0 0 0
COOLING TOTAL 571 546 25
SINCE 1/1 1889 2095 -206
..............................................................
WIND (MPH)
AVERAGE WIND SPEED 5.0
RESULTANT WIND SPEED/DIRECTION 1/100
HIGHEST WIND SPEED/DIRECTION 29/330 DATE 08/15
HIGHEST GUST SPEED/DIRECTION 38/300 DATE 08/06
38/320 08/12
SKY COVER
POSSIBLE SUNSHINE (PERCENT) MM
AVERAGE SKY COVER 0.22
NUMBER OF DAYS FAIR 26
NUMBER OF DAYS PC 5
NUMBER OF DAYS CLOUDY 0
AVERAGE RH (PERCENT) 68
WEATHER CONDITIONS. NUMBER OF DAYS WITH
THUNDERSTORM 12 MIXED PRECIP 0
HEAVY RAIN 7 RAIN 6
LIGHT RAIN 12 FREEZING RAIN 0
LT FREEZING RAIN 0 HAIL 0
HEAVY SNOW 0 SNOW 0
LIGHT SNOW 0 SLEET 0
FOG 12 FOG W/VIS <= 1/4 MILE 1
HAZE 3
- INDICATES NEGATIVE NUMBERS.
R INDICATES RECORD WAS SET OR TIED.
MM INDICATES DATA IS MISSING.
T INDICATES TRACE AMOUNT.
$$