000
CXUS55 KGJT 011010
CF6DRO
PRELIMINARY LOCAL CLIMATOLOGICAL DATA (WS FORM: F-6)
STATION: DURANGO AIRPORT CO
MONTH: JANUARY
YEAR: 2021
LATITUDE: 37 9 N
LONGITUDE: 107 45 W
TEMPERATURE IN F: :PCPN: SNOW: WIND :SUNSHINE: SKY :PK WND
================================================================================
1 2 3 4 5 6A 6B 7 8 9 10 11 12 13 14 15 16 17 18
12Z AVG MX 2MIN
DY MAX MIN AVG DEP HDD CDD WTR SNW DPTH SPD SPD DIR MIN PSBL S-S WX SPD DR
================================================================================
1 34 5 20 -4 45 0 0.00 M M 3.3 8 70 M M 6 11 30
2 32 -1 16 -8 49 0 0.00 M M 4.5 10 60 M M 1 14 70
3 33 -1 16 -7 49 0 0.00 M M 4.9 14 70 M M 1 16 70
4 40 2 21 -2 44 0 0.00 M M 2.8 9 60 M M 3 11 50
5 44 14 29 6 36 0 0.00 M M 8.2 24 280 M M 1 32 280
6 38 2 20 -3 45 0 0.00 M M 4.6 9 10 M M 0 14 20
7 41 9 25 2 40 0 0.00 M M 3.6 10 40 M M 0 14 200
8 40 4 22 -1 43 0 0.00 M M 2.8 9 20 M M 0 1 11 10
9 37 10 24 1 41 0 0.00 M M 3.7 9 70 M M 3 12 20
10 34 14 24 1 41 0 T M M 4.1 13 210 M M 7 1 17 220
11 37 4 21 -2 44 0 0.00 M M 3.2 9 10 M M 0 12 250
12 35 0 18 -5 47 0 0.00 M M 2.5 9 10 M M 0 10 270
13 35 8 22 -1 43 0 0.00 M M 3.0 9 90 M M 0 12 80
14 48 9 29 6 36 0 0.00 M M 10.2 28 260 M M 0 41 300
15 42 10 26 3 39 0 0.00 M M 6.4 13 70 M M 0 16 250
16 50 15 33 10 32 0 0.00 M M 6.4 17 320 M M 0 23 320
17 42 10 26 3 39 0 0.00 M M 5.8 12 10 M M 0 15 90
18 42 12 27 3 38 0 0.00 M M 3.3 9 80 M M 0 12 200
19 33 11 22 -2 43 0 0.32 M M 8.1 17 140 M M 8 128 25 170
20 34 2 18 -6 47 0 0.00 M M 3.2 13 360 M M 4 12 14 360
21 38 12 25 1 40 0 0.00 M M 3.6 10 10 M M 7 12 12 20
22 36 12 24 0 41 0 0.01 M M 3.1 9 60 M M 9 1 11 70
23 38 26 32 8 33 0 0.07 M M 5.9 17 250 M M 9 1 24 230
24 36 22 29 5 36 0 0.15 M M 3.8 12 210 M M 10 12 16 210
25 30 9 20 -4 45 0 0.06 M M 7.4 18 260 M M 7 18 24 260
26 24 -8 8 -16 57 0 0.11 M M 8.1 22 250 M M 6 128 28 250
27 26 -14 6 -18 59 0 0.00 M M 3.0 9 20 M M 4 11 80
28 44 2 23 -1 42 0 0.00 M M 4.1 10 20 M M 0 12 20
29 45 16 31 6 34 0 0.02 M M 8.1 31 230 M M 7 1 55 230
30 37 11 24 -1 41 0 T M M 10.1 25 260 M M 2 1 33 260
31 40 3 22 -3 43 0 0.00 M M 3.5 10 30 M M 0 11 30
================================================================================
SM 1165 230 1312 0 0.74 M 155.3 M 95
================================================================================
AV 37.6 7.4 5.0 FASTST M M 3 MAX(MPH)
MISC ----> 31 230 55 230
================================================================================
NOTES:
# LAST OF SEVERAL OCCURRENCES
COLUMN 17 PEAK WIND IN M.P.H.
PRELIMINARY LOCAL CLIMATOLOGICAL DATA (WS FORM: F-6) , PAGE 2
STATION: DURANGO AIRPORT CO
MONTH: JANUARY
YEAR: 2021
LATITUDE: 37 9 N
LONGITUDE: 107 45 W
[TEMPERATURE DATA] [PRECIPITATION DATA] SYMBOLS USED IN COLUMN 16
AVERAGE MONTHLY: 22.5 TOTAL FOR MONTH: 0.74 1 = FOG OR MIST
DPTR FM NORMAL: -1.2 DPTR FM NORMAL: -0.38 2 = FOG REDUCING VISIBILITY
HIGHEST: 50 ON 16 GRTST 24HR 0.32 ON 19-19 TO 1/4 MILE OR LESS
LOWEST: -14 ON 27 3 = THUNDER
SNOW, ICE PELLETS, HAIL 4 = ICE PELLETS
TOTAL MONTH: M 5 = HAIL
GRTST 24HR M ON M 6 = FREEZING RAIN OR DRIZZLE
GRTST DEPTH: M ON M 7 = DUSTSTORM OR SANDSTORM:
VSBY 1/2 MILE OR LESS
8 = SMOKE OR HAZE
[NO. OF DAYS WITH] [WEATHER - DAYS WITH] 9 = BLOWING SNOW
X = TORNADO
MAX 32 OR BELOW: 4 0.01 INCH OR MORE: 7
MAX 90 OR ABOVE: 0 0.10 INCH OR MORE: 3
MIN 32 OR BELOW: 31 0.50 INCH OR MORE: 0
MIN 0 OR BELOW: 5 1.00 INCH OR MORE: 0
[HDD (BASE 65) ]
TOTAL THIS MO. 1312 CLEAR (SCALE 0-3) 18
DPTR FM NORMAL 32 PTCLDY (SCALE 4-7) 10
TOTAL FM JUL 1 4062 CLOUDY (SCALE 8-10) 3
DPTR FM NORMAL -96
[CDD (BASE 65) ]
TOTAL THIS MO. 0
DPTR FM NORMAL 0 [PRESSURE DATA]
TOTAL FM JAN 1 0 HIGHEST SLP 30.67 ON 31
DPTR FM NORMAL 0 LOWEST SLP 29.68 ON 26
[REMARKS]
#FINAL-01-21#