000
CXUS54 KEWX 030804
CF6DRT
PRELIMINARY LOCAL CLIMATOLOGICAL DATA (WS FORM: F-6)
STATION: DEL RIO
MONTH: DECEMBER
YEAR: 2022
LATITUDE: 29 22 N
LONGITUDE: 100 55 W
TEMPERATURE IN F: :PCPN: SNOW: WIND :SUNSHINE: SKY :PK WND
================================================================================
1 2 3 4 5 6A 6B 7 8 9 10 11 12 13 14 15 16 17 18
12Z AVG MX 2MIN
DY MAX MIN AVG DEP HDD CDD WTR SNW DPTH SPD SPD DIR MIN PSBL S-S WX SPD DR
================================================================================
1 60 50 55 -1 10 0 0.00 0.0 0 10.7 17 120 M M 10 25 130
2 66 52 59 3 6 0 0.00 0.0 0 6.2 14 110 M M 7 19 130
3 71 59 65 9 0 0 T 0.0 0 4.4 13 300 M M 8 1 19 280
4 63 54 59 4 6 0 0.00 0.0 0 5.2 12 130 M M 10 1 16 130
5 68 59 64 9 1 0 0.00 0.0 0 4.0 10 110 M M 10 1 14 120
6 71 64 68 13 0 3 0.00 0.0 0 3.8 9 150 M M 10 18 12 120
7 76 67 72 17 0 7 0.00 0.0 0 4.9 16 130 M M 7 128 19 120
8 81 63 72 18 0 7 0.00 0.0 0 4.1 13 110 M M 8 128 17 160
9 75 68 72 18 0 7 0.00 0.0 0 9.1 16 120 M M 8 18 22 120
10 76 62 69 15 0 4 T 0.0 0 5.9 13 120 M M 7 18 17 110
11 74 61 68 14 0 3 0.00 0.0 0 3.5 13 110 M M 8 1 18 110
12 74 63 69 15 0 4 0.00 0.0 0 12.4 20 120 M M 9 18 27 110
13 76 53 65 11 0 0 0.00 0.0 0 10.4 20 300 M M 4 18 25 300
14 71 44 58 5 7 0 0.00 0.0 0 10.3 26 290 M M 2 36 310
15 70 34 52 -1 13 0 0.00 0.0 0 3.1 14 150 M M 0 20 140
16 67 39 53 0 12 0 0.00 0.0 0 6.3 20 350 M M 0 26 330
17 61 44 53 0 12 0 0.00 0.0 0 5.5 13 160 M M 0 17 70
18 56 40 48 -5 17 0 0.00 0.0 0 11.4 21 150 M M 6 28 120
19 71 47 59 6 6 0 T 0.0 0 5.2 12 80 M M 5 18 15 90
20 70 46 58 5 7 0 0.00 0.0 0 6.8 16 300 M M 3 12 22 310
21 57 47 52 -1 13 0 0.00 0.0 0 10.0 17 160 M M 10 21 150
22 69 27 48 -4 17 0 0.00 0.0 0 10.2 28 360 M M 5 40 340
23 39 22 31 -21 34 0 0.00 0.0 0 7.2 16 340 M M 5 25 340
24 44 20 32 -20 33 0 0.00 0.0 0 4.2 13 160 M M 0 18 170
25 54 23 39 -13 26 0 0.00 0.0 0 4.7 10 120 M M 0 16 120
26 69 29 49 -3 16 0 0.00 0.0 0 5.8 18 320 M M 0 29 310
27 68 31 50 -2 15 0 0.00 0.0 0 8.1 20 160 M M 0 26 140
28 75 39 57 5 8 0 0.00 0.0 0 5.3 17 100 M M 0 24 100
29 67 46 57 5 8 0 0.00 0.0 0 3.3 9 280 M M 3 13 320
30 69 47 58 6 7 0 T 0.0 0 4.2 12 260 M M 4 8 16 80
31 83 39 61 9 4 0 0.00 0.0 0 3.3 9 150 M M 0 12 140
================================================================================
SM 2091 1439 278 35 T 0.0 199.5 M 149
================================================================================
AV 67.5 46.4 6.4 FASTST M M 5 MAX(MPH)
MISC ----> 28 360 40 340
================================================================================
NOTES:
# LAST OF SEVERAL OCCURRENCES
COLUMN 17 PEAK WIND IN M.P.H.
PRELIMINARY LOCAL CLIMATOLOGICAL DATA (WS FORM: F-6) , PAGE 2
STATION: DEL RIO
MONTH: DECEMBER
YEAR: 2022
LATITUDE: 29 22 N
LONGITUDE: 100 55 W
[TEMPERATURE DATA] [PRECIPITATION DATA] SYMBOLS USED IN COLUMN 16
AVERAGE MONTHLY: 56.9 TOTAL FOR MONTH: T 1 = FOG OR MIST
DPTR FM NORMAL: 3.4 DPTR FM NORMAL: -0.71 2 = FOG REDUCING VISIBILITY
HIGHEST: 83 ON 31 GRTST 24HR T ON 3- 3 TO 1/4 MILE OR LESS
LOWEST: 20 ON 24 3 = THUNDER
SNOW, ICE PELLETS, HAIL 4 = ICE PELLETS
TOTAL MONTH: 0.0 INCH 5 = HAIL
GRTST 24HR 0.0 6 = FREEZING RAIN OR DRIZZLE
GRTST DEPTH: 0 7 = DUSTSTORM OR SANDSTORM:
VSBY 1/2 MILE OR LESS
8 = SMOKE OR HAZE
[NO. OF DAYS WITH] [WEATHER - DAYS WITH] 9 = BLOWING SNOW
X = TORNADO
MAX 32 OR BELOW: 0 0.01 INCH OR MORE: 0
MAX 90 OR ABOVE: 0 0.10 INCH OR MORE: 0
MIN 32 OR BELOW: 6 0.50 INCH OR MORE: 0
MIN 0 OR BELOW: 0 1.00 INCH OR MORE: 0
[HDD (BASE 65) ]
TOTAL THIS MO. 278 CLEAR (SCALE 0-3) 11
DPTR FM NORMAL -86 PTCLDY (SCALE 4-7) 11
TOTAL FM JUL 1 531 CLOUDY (SCALE 8-10) 9
DPTR FM NORMAL -23
[CDD (BASE 65) ]
TOTAL THIS MO. 35
DPTR FM NORMAL 29 [PRESSURE DATA]
TOTAL FM JAN 1 4190 HIGHEST SLP 30.81 ON 23
DPTR FM NORMAL 556 LOWEST SLP 29.63 ON 13
[REMARKS]
#FINAL-12-22#