000
CXUS55 KPSR 221502
CF6DVT
PRELIMINARY LOCAL CLIMATOLOGICAL DATA (WS FORM: F-6)
STATION: DEER VLY/PHOENIX AZ
MONTH: APRIL
YEAR: 2021
LATITUDE: 33 41 N
LONGITUDE: 112 4 W
TEMPERATURE IN F: :PCPN: SNOW: WIND :SUNSHINE: SKY :PK WND
================================================================================
1 2 3 4 5 6A 6B 7 8 9 10 11 12 13 14 15 16 17 18
12Z AVG MX 2MIN
DY MAX MIN AVG DEP HDD CDD WTR SNW DPTH SPD SPD DIR MIN PSBL S-S WX SPD DR
================================================================================
1 91 63 77 11 0 12 0.00 M M 8.6 16 130 M M 0 3 25 80
2 90 69 80 14 0 15 T M M 7.2 17 90 M M 1 3 25 70
3 94 59 77 10 0 12 0.00 M M 3.2 12 260 M M 0 15 230
4 95 62 79 12 0 14 0.00 M M 4.0 15 240 M M 0 19 230
5 94 62 78 11 0 13 0.00 M M 8.1 23 260 M M 0 27 260
6 89 65 77 10 0 12 0.00 M M 8.1 21 240 M M 0 27 240
7 89 57 73 5 0 8 0.00 M M 4.9 15 210 M M 0 22 260
8 92 59 76 8 0 11 0.00 M M 8.1 28 240 M M 0 34 240
9 92 59 76 8 0 11 0.00 M M 4.8 18 230 M M 0 29 240
10 91 57 74 6 0 9 0.00 M M 5.1 20 260 M M 0 24 260
11 90 58 74 6 0 9 0.00 M M 4.7 15 230 M M 0 25 230
12 88 61 75 6 0 10 0.00 M M 5.0 16 240 M M 0 24 250
13 87 62 75 6 0 10 0.00 M M 8.0 23 230 M M 0 28 220
14 83 59 71 2 0 6 0.00 M M 8.3 21 240 M M 0 26 240
15 80 60 70 1 0 5 0.00 M M 8.6 18 220 M M 0 25 260
16 80 54 67 -3 0 2 0.00 M M 4.4 15 230 M M 0 20 250
17 85 55 70 0 0 5 0.00 M M 8.2 23 260 M M 0 29 280
18 80 58 69 -1 0 4 T M M 8.9 29 290 M M 1 35 300
19 85 59 72 2 0 7 0.00 M M 7.1 18 250 M M 0 23 190
20 90 57 74 4 0 9 0.00 M M 7.3 18 240 M M 0 23 250
21 90 59 75 4 0 10 0.00 M M 13.3 30 250 M M 1 37 250
22 78 59 69 -2 0 4 0.00 M M 7.3 26 260 M M 0 29 260
23 83 61 72 1 0 7 0.00 M M 8.8 22 220 M M 0 30 220
24 88 56 72 0 0 7 0.00 M M 6.5 20 240 M M 0 24 230
25 91 58 75 3 0 10 0.00 M M 6.9 21 260 M M 0 29 250
26 76 63 70 -2 0 5 0.00 M M 10.4 22 270 M M 0 26 240
27 72 57 65 -7 0 0 T M M 8.7 17 240 M M 4 24 210
28 77 55 66 -7 0 1 T M M 7.2 26 80 M M 2 37 80
29 91 56 74 1 0 9 0.00 M M 5.0 15 240 M M 0 8 31 30
30 94 64 79 6 0 14 0.00 M M 5.0 15 180 M M 0 8 21 180
================================================================================
SM 2605 1783 0 251 T M 211.7 M 9
================================================================================
AV 86.8 59.4 7.1 FASTST M M 0 MAX(MPH)
MISC ----> 30 250 # 37 250
================================================================================
NOTES:
# LAST OF SEVERAL OCCURRENCES
COLUMN 17 PEAK WIND IN M.P.H.
PRELIMINARY LOCAL CLIMATOLOGICAL DATA (WS FORM: F-6) , PAGE 2
STATION: DEER VLY/PHOENIX AZ
MONTH: APRIL
YEAR: 2021
LATITUDE: 33 41 N
LONGITUDE: 112 4 W
[TEMPERATURE DATA] [PRECIPITATION DATA] SYMBOLS USED IN COLUMN 16
AVERAGE MONTHLY: 73.1 TOTAL FOR MONTH: T 1 = FOG OR MIST
DPTR FM NORMAL: 3.5 DPTR FM NORMAL: -0.35 2 = FOG REDUCING VISIBILITY
HIGHEST: 95 ON 4 GRTST 24HR T ON 2- 2 TO 1/4 MILE OR LESS
LOWEST: 54 ON 16 3 = THUNDER
SNOW, ICE PELLETS, HAIL 4 = ICE PELLETS
TOTAL MONTH: M 5 = HAIL
GRTST 24HR M ON M 6 = FREEZING RAIN OR DRIZZLE
GRTST DEPTH: M ON M 7 = DUSTSTORM OR SANDSTORM:
VSBY 1/2 MILE OR LESS
8 = SMOKE OR HAZE
[NO. OF DAYS WITH] [WEATHER - DAYS WITH] 9 = BLOWING SNOW
X = TORNADO
MAX 32 OR BELOW: 0 0.01 INCH OR MORE: 0
MAX 90 OR ABOVE: 14 0.10 INCH OR MORE: 0
MIN 32 OR BELOW: 0 0.50 INCH OR MORE: 0
MIN 0 OR BELOW: 0 1.00 INCH OR MORE: 0
[HDD (BASE 65) ]
TOTAL THIS MO. 0 CLEAR (SCALE 0-3) 29
DPTR FM NORMAL -29 PTCLDY (SCALE 4-7) 1
TOTAL FM JUL 1 1202 CLOUDY (SCALE 8-10) 0
DPTR FM NORMAL 5
[CDD (BASE 65) ]
TOTAL THIS MO. 251
DPTR FM NORMAL 86 [PRESSURE DATA]
TOTAL FM JAN 1 303 HIGHEST SLP 30.09 ON 29
DPTR FM NORMAL 78 LOWEST SLP 29.57 ON 21
[REMARKS]
#FINAL-04-21#