000
CXUS56 KOTX 010910
CF6EAT
PRELIMINARY LOCAL CLIMATOLOGICAL DATA (WS FORM: F-6)
STATION: WENATCHEE WA PANGBORN FIELD
MONTH: MARCH
YEAR: 2022
LATITUDE: 47 23 N
LONGITUDE: 120 12 W
TEMPERATURE IN F: :PCPN: SNOW: WIND :SUNSHINE: SKY :PK WND
================================================================================
1 2 3 4 5 6A 6B 7 8 9 10 11 12 13 14 15 16 17 18
12Z AVG MX 2MIN
DY MAX MIN AVG DEP HDD CDD WTR SNW DPTH SPD SPD DIR MIN PSBL S-S WX SPD DR
================================================================================
1 52 31 42 3 23 0 T M M 4.9 13 310 M M 6 12 14 300
2 49 37 43 4 22 0 T M M 5.3 14 310 M M 5 16 310
3 55 38 47 8 18 0 T M M 10.6 23 310 M M 3 27 300
4 54 32 43 3 22 0 0.00 M M 7.6 17 30 M M 4 22 30
5 54 30 42 2 23 0 0.00 M M 6.5 14 330 M M 0 22 290
6 54 31 43 3 22 0 0.00 M M 4.9 12 290 M M 0 13 150
7 59 39 49 9 16 0 0.00 M M 20.6 31 310 M M 0 38 320
8 46 36 41 0 24 0 0.01 M M 8.8 29 40 M M 9 44 40
9 41 26 34 -7 31 0 0.00 M M 6.8 26 40 M M 4 34 50
10 44 23 34 -8 31 0 0.00 M M 5.2 14 120 M M 1 17 130
11 43 30 37 -5 28 0 0.00 M M 4.8 15 130 M M 2 18 140
12 52 28 40 -2 25 0 0.00 M M 3.0 9 90 M M 1 M M
13 58 38 48 6 17 0 0.03 M M 7.3 20 260 M M 5 24 260
14 53 41 47 4 18 0 0.11 M M 5.2 20 280 M M 6 23 290
15 57 36 47 4 18 0 T M M 9.6 24 280 M M 1 37 260
16 55 31 43 0 22 0 0.00 M M 8.8 20 310 M M 0 24 310
17 48 33 41 -3 24 0 0.00 M M 4.2 9 70 M M 3 12 100
18 53 36 45 1 20 0 0.00 M M 4.0 10 140 M M 2 14 140
19 56 37 47 3 18 0 T M M 8.7 25 310 M M 4 31 310
20 49 27 38 -6 27 0 0.00 M M 4.2 15 310 M M 2 17 340
21 55 38 47 2 18 0 0.00 M M 5.8 14 130 M M 8 17 130
22 61 43 52 7 13 0 0.00 M M 2.8 8 300 M M 4 11 120
23 66 45 56 11 9 0 0.00 M M 8.1 29 300 M M 6 36 260
24 57 37 47 2 18 0 0.00 M M 4.7 15 260 M M 0 17 260
25 59 37 48 2 17 0 0.00 M M 4.4 9 310 M M 1 11 320
26 63 42 53 7 12 0 0.00 M M 3.4 10 120 M M 4 15 130
27 70 45 58 12 7 0 T M M 8.1 25 320 M M 1 28 310
28 68 46 57 11 8 0 0.00 M M 10.3 24 310 M M 1 28 300
29 66 40 53 6 12 0 0.00 M M 6.9 20 310 M M 0 23 300
30 61 40 51 4 14 0 0.00 M M 13.9 30 250 M M 1 38 250
31 57 35 46 -1 19 0 0.00 M M 13.0 26 300 M M 0 32 280
================================================================================
SM 1715 1108 596 0 0.15 M 222.4 M 84
================================================================================
AV 55.3 35.7 7.2 FASTST M M 3 MAX(MPH)
MISC ----> 31 310 44 40
================================================================================
NOTES:
# LAST OF SEVERAL OCCURRENCES
COLUMN 17 PEAK WIND IN M.P.H.
PRELIMINARY LOCAL CLIMATOLOGICAL DATA (WS FORM: F-6) , PAGE 2
STATION: WENATCHEE WA PANGBORN FIELD
MONTH: MARCH
YEAR: 2022
LATITUDE: 47 23 N
LONGITUDE: 120 12 W
[TEMPERATURE DATA] [PRECIPITATION DATA] SYMBOLS USED IN COLUMN 16
AVERAGE MONTHLY: 45.5 TOTAL FOR MONTH: 0.15 1 = FOG OR MIST
DPTR FM NORMAL: 2.4 DPTR FM NORMAL: -0.58 2 = FOG REDUCING VISIBILITY
HIGHEST: 70 ON 27 GRTST 24HR 0.11 ON 14-14 TO 1/4 MILE OR LESS
LOWEST: 23 ON 10 3 = THUNDER
SNOW, ICE PELLETS, HAIL 4 = ICE PELLETS
TOTAL MONTH: M 5 = HAIL
GRTST 24HR M ON M 6 = FREEZING RAIN OR DRIZZLE
GRTST DEPTH: M ON M 7 = DUSTSTORM OR SANDSTORM:
VSBY 1/2 MILE OR LESS
8 = SMOKE OR HAZE
[NO. OF DAYS WITH] [WEATHER - DAYS WITH] 9 = BLOWING SNOW
X = TORNADO
MAX 32 OR BELOW: 0 0.01 INCH OR MORE: 3
MAX 90 OR ABOVE: 0 0.10 INCH OR MORE: 1
MIN 32 OR BELOW: 10 0.50 INCH OR MORE: 0
MIN 0 OR BELOW: 0 1.00 INCH OR MORE: 0
[HDD (BASE 65) ]
TOTAL THIS MO. 596 CLEAR (SCALE 0-3) 19
DPTR FM NORMAL -83 PTCLDY (SCALE 4-7) 11
TOTAL FM JUL 1 5201 CLOUDY (SCALE 8-10) 1
DPTR FM NORMAL 48
[CDD (BASE 65) ]
TOTAL THIS MO. 0
DPTR FM NORMAL 0 [PRESSURE DATA]
TOTAL FM JAN 1 0 HIGHEST SLP M ON M
DPTR FM NORMAL 0 LOWEST SLP 29.56 ON 27
[REMARKS]
#FINAL-03-22#