000
CXUS54 KEWX 011010
CF6ECU
PRELIMINARY LOCAL CLIMATOLOGICAL DATA (WS FORM: F-6)
STATION: Edwards County Airport
MONTH: JUNE
YEAR: 2020
LATITUDE: 29 57 N
LONGITUDE: 100 10 W
TEMPERATURE IN F: :PCPN: SNOW: WIND :SUNSHINE: SKY :PK WND
================================================================================
1 2 3 4 5 6A 6B 7 8 9 10 11 12 13 14 15 16 17 18
12Z AVG MX 2MIN
DY MAX MIN AVG DEP HDD CDD WTR SNW DPTH SPD SPD DIR MIN PSBL S-S WX SPD DR
================================================================================
1 81 63 72 M 0 7 0.01 M M 7.4 17 140 M M 7 25 140
2 84 66 75 M 0 10 0.03 M M 9.1 13 160 M M 7 17 130
3 88 70 79 M 0 14 0.00 M M 8.7 13 150 M M 6 18 150
4 91 72 82 M 0 17 0.00 M M 9.3 15 150 M M 5 18 170
5 90 72 81 M 0 16 0.00 M M 9.1 14 160 M M 3 22 170
6 91 70 81 M 0 16 0.00 M M 7.6 13 150 M M 1 21 160
7 95 70 83 M 0 18 0.00 M M 5.4 9 100 M M 1 20 99
8 99 72 86 M 0 21 0.00 M M 10.0 15 150 M M 0 21 170
9 95 73 84 M 0 19 0.00 M M 9.7 16 170 M M 1 23 10
10 91 64 78 M 0 13 0.00 M M 9.4 13 70 M M 3 23 60
11 93 63 78 M 0 13 0.00 M M 7.6 14 160 M M 2 27 140
12 91 64 78 M 0 13 0.00 M M 7.1 13 100 M M 1 21 100
13 91 64 78 M 0 13 0.00 M M 7.2 14 90 M M 1 21 90
14 90 63 77 M 0 12 0.00 M M 6.4 13 150 M M 0 23 120
15 86 64 75 M 0 10 0.00 M M 9.1 15 130 M M 7 23 130
16 90 70 80 M 0 15 0.00 M M 14.3 18 140 M M 5 28 140
17 90 70 80 M 0 15 0.00 M M 14.9 21 150 M M 7 29 150
18 86 68 77 M 0 12 0.00 M M 13.4 20 150 M M 6 29 130
19 91 72 82 M 0 17 0.00 M M 15.7 21 160 M M 6 28 160
20 91 72 82 M 0 17 0.00 M M 13.8 18 160 M M 6 28 140
21 93 73 83 M 0 18 0.00 M M 14.0 20 170 M M 4 29 150
22 93 73 83 M 0 18 0.00 M M 14.7 20 150 M M 3 28 150
23 88 64 76 M 0 11 1.29 M M 8.2 24 150 M M 4 3 30 150
24 90 66 78 M 0 13 0.00 M M 5.6 9 60 M M 0 16 40
25 91 68 80 M 0 15 0.00 M M 6.1 20 140 M M 2 27 140
26 84 70 77 M 0 12 0.00 M M 12.1 18 150 M M 7 24 150
27 84 70 77 M 0 12 0.03 M M 14.5 20 150 M M 9 25 150
28 88 73 81 M 0 16 0.00 M M 14.3 18 170 M M 6 27 150
29 88 75 82 M 0 17 0.00 M M 14.7 18 150 M M 5 25 150
30 91 75 83 M 0 18 0.00 M M 13.7 22 150 M M 4 24 160
================================================================================
SM 2694 2069 0 438 1.36 M 313.1 M 119
================================================================================
AV 89.8 69.0 10.4 FASTST M M 4 MAX(MPH)
MISC ----> # 24 150 # 30 150
================================================================================
NOTES:
# LAST OF SEVERAL OCCURRENCES
COLUMN 17 PEAK WIND IN M.P.H.
PRELIMINARY LOCAL CLIMATOLOGICAL DATA (WS FORM: F-6) , PAGE 2
STATION: Edwards County Airport
MONTH: JUNE
YEAR: 2020
LATITUDE: 29 57 N
LONGITUDE: 100 10 W
[TEMPERATURE DATA] [PRECIPITATION DATA] SYMBOLS USED IN COLUMN 16
AVERAGE MONTHLY: 79.4 TOTAL FOR MONTH: 1.36 1 = FOG OR MIST
DPTR FM NORMAL: M DPTR FM NORMAL: M 2 = FOG REDUCING VISIBILITY
HIGHEST: 99 ON 8 GRTST 24HR 1.29 ON 23-23 TO 1/4 MILE OR LESS
LOWEST: 63 ON 14,11 3 = THUNDER
SNOW, ICE PELLETS, HAIL 4 = ICE PELLETS
TOTAL MONTH: M 5 = HAIL
GRTST 24HR M ON M 6 = FREEZING RAIN OR DRIZZLE
GRTST DEPTH: M ON M 7 = DUSTSTORM OR SANDSTORM:
VSBY 1/2 MILE OR LESS
8 = SMOKE OR HAZE
[NO. OF DAYS WITH] [WEATHER - DAYS WITH] 9 = BLOWING SNOW
X = TORNADO
MAX 32 OR BELOW: 0 0.01 INCH OR MORE: 4
MAX 90 OR ABOVE: 20 0.10 INCH OR MORE: 1
MIN 32 OR BELOW: 0 0.50 INCH OR MORE: 1
MIN 0 OR BELOW: 0 1.00 INCH OR MORE: 1
[HDD (BASE 65) ]
TOTAL THIS MO. 0 CLEAR (SCALE 0-3) 12
DPTR FM NORMAL M PTCLDY (SCALE 4-7) 17
TOTAL FM JUL 1 1713 CLOUDY (SCALE 8-10) 1
DPTR FM NORMAL M
[CDD (BASE 65) ]
TOTAL THIS MO. 438
DPTR FM NORMAL M [PRESSURE DATA]
TOTAL FM JAN 1 931 HIGHEST SLP M ON M
DPTR FM NORMAL M LOWEST SLP M ON M
[REMARKS]
#FINAL-06-20#