000
CXUS55 KGJT 010959
CLMEEO
CLIMATE REPORT
NATIONAL WEATHER SERVICE GRAND JUNCTION CO
359 AM MDT MON MAY 01 2023
...................................
...THE MEEKER CO CLIMATE SUMMARY FOR THE MONTH OF APRIL 2023...
CLIMATE NORMAL PERIOD 1991 TO 2020
CLIMATE RECORD PERIOD 9999 TO 9999
WEATHER OBSERVED NORMAL DEPART LAST YEAR`S
VALUE DATE(S) VALUE FROM VALUE DATE(S)
NORMAL
................................................................
TEMPERATURE (F)
HIGHEST 72 04/11 MM MM 73 04/21
LOWEST 2 04/06 MM MM 11 04/13
AVG. MAXIMUM 53.1 58.4 -5.3 57.1
AVG. MINIMUM 24.6 29.2 -4.6 25.9
MEAN 38.8 43.8 -5.0 41.5
DAYS MAX >= 90 0 0.0 0.0 0
DAYS MAX <= 32 2 0.1 1.9 1
DAYS MIN <= 32 26 22.1 3.9 28
DAYS MIN <= 0 0 0.1 -0.1 0
PRECIPITATION (INCHES)
TOTALS 1.75 1.85 -0.10 1.04
DAILY AVG. 0.06 0.06 -0.00 0.03
DAYS >= .01 9 11.7 -2.7 6
DAYS >= .10 8 5.8 2.2 3
DAYS >= .50 0 0.7 -0.7 0
DAYS >= 1.00 0 0.0 0.0 0
GREATEST
24 HR. TOTAL 0.55 04/13 TO 04/14 0.45
SNOWFALL (INCHES)
TOTALS MM MM MM MM
SINCE 7/1 MM MM MM MM
SNOWDEPTH AVG. MM MM
DAYS >= 1.0 MM MM MM MM
GREATEST
SNOW DEPTH MM MM MM
24 HR TOTAL MM MM
DEGREE DAYS
HEATING TOTAL 778 636 142 698
SINCE 7/1 8138 7072 1066 7231
COOLING TOTAL 0 0 0 0
SINCE 1/1 0 0 0 0
................................................................
WIND (MPH)
AVERAGE WIND SPEED 7.1
HIGHEST WIND SPEED/DIRECTION 45/210 DATE 04/18
HIGHEST GUST SPEED/DIRECTION 69/240 DATE 04/18
SKY COVER
POSSIBLE SUNSHINE (PERCENT) MM
AVERAGE SKY COVER 0.39
NUMBER OF DAYS FAIR 16
NUMBER OF DAYS PC 9
NUMBER OF DAYS CLOUDY 5
AVERAGE RH (PERCENT) 60
WEATHER CONDITIONS. NUMBER OF DAYS WITH
THUNDERSTORM 0 MIXED PRECIP 0
HEAVY RAIN 0 RAIN 1
LIGHT RAIN 5 FREEZING RAIN 0
LT FREEZING RAIN 0 HAIL 0
HEAVY SNOW 6 SNOW 7
LIGHT SNOW 12 SLEET 0
FOG 10 FOG W/VIS <= 1/4 MILE 7
HAZE 3
- INDICATES NEGATIVE NUMBERS.
R INDICATES RECORD WAS SET OR TIED.
MM INDICATES DATA IS MISSING.
T INDICATES TRACE AMOUNT.
$$