000
CXUS56 KEKA 021307
CF6EKA
PRELIMINARY LOCAL CLIMATOLOGICAL DATA (WS FORM: F-6)
STATION: EUREKA CA
MONTH: AUGUST
YEAR: 2022
LATITUDE: 40 47 N
LONGITUDE: 124 10 W
TEMPERATURE IN F: :PCPN: SNOW: WIND :SUNSHINE: SKY :PK WND
================================================================================
1 2 3 4 5 6A 6B 7 8 9 10 11 12 13 14 15 16 17 18
12Z AVG MX 2MIN
DY MAX MIN AVG DEP HDD CDD WTR SNW DPTH SPD SPD DIR MIN PSBL S-S WX SPD DR
================================================================================
1 66 57 62 4 3 0 0.00 0.0 0 3.7 8 270 M M 9 9 M
2 64 55 60 2 5 0 0.00 0.0 0 3.2 7 330 M M 8 2 9 M
3 64 55 60 2 5 0 0.00 0.0 0 3.6 10 10 M M 7 1 14 M
4 65 54 60 1 5 0 0.00 0.0 0 3.3 7 280 M M 6 1 7 M
5 68 55 62 3 3 0 0.00 0.0 0 5.3 12 260 M M 7 12 M
6 64 57 61 2 4 0 0.00 0.0 0 3.7 10 290 M M 10 10 M
7 65 57 61 2 4 0 0.01 0.0 0 3.5 9 280 M M 10 1 11 M
8 70 56 63 4 2 0 0.00 0.0 0 2.2 7 340 M M 5 10 M
9 68 55 62 3 3 0 0.00 0.0 0 2.1 6 350 M M 7 10 M
10 73 51 62 3 3 0 0.00 0.0 0 3.7 10 280 M M 2 12 M
11 68 56 62 3 3 0 0.00 0.0 0 3.3 8 20 M M 7 10 M
12 70 55 63 4 2 0 0.00 0.0 0 4.6 12 10 M M 4 2 12 M
13 69 52 61 2 4 0 0.00 0.0 0 4.8 12 320 M M 2 16 M
14 65 56 61 2 4 0 0.00 0.0 0 3.3 8 20 M M 9 12 M
15 66 56 61 2 4 0 0.00 0.0 0 3.7 9 300 M M 9 1 12 M
16 64 55 60 1 5 0 T 0.0 0 3.2 8 340 M M 7 1 9 M
17 64 55 60 1 5 0 0.00 0.0 0 5.3 12 260 M M 8 2 12 M
18 64 53 59 0 6 0 0.00 0.0 0 5.0 9 230 M M 9 1 12 M
19 68 56 62 4 3 0 0.00 0.0 0 5.5 12 310 M M 6 1 14 M
20 65 55 60 2 5 0 0.00 0.0 0 3.5 9 330 M M 5 1 12 M
21 64 54 59 1 6 0 0.00 0.0 0 3.0 9 290 M M 8 2 12 M
22 71 54 63 5 2 0 0.00 0.0 0 4.4 9 30 M M 8 28 9 M
23 63 57 60 2 5 0 0.02 0.0 0 3.8 7 360 M M 10 1 9 M
24 65 56 61 3 4 0 T 0.0 0 4.1 10 300 M M 10 1 13 M
25 66 57 62 4 3 0 0.02 0.0 0 4.3 9 290 M M 9 1 10 M
26 64 56 60 2 5 0 0.01 0.0 0 4.2 9 320 M M 10 1 14 M
27 66 54 60 2 5 0 0.03 0.0 0 4.5 10 310 M M 6 1 15 M
28 64 50 57 -1 8 0 0.00 0.0 0 4.8 10 250 M M 5 8 15 M
29 62 51 57 -1 8 0 0.00 0.0 0 3.5 9 300 M M 8 1 11 M
30 60 54 57 -1 8 0 0.00 0.0 0 2.7 7 270 M M 10 1 9 M
31 62 53 58 0 7 0 0.02 0.0 0 4.1 9 280 M M 10 1 11 M
================================================================================
SM 2037 1697 139 0 0.11 0.0 119.9 M 231
================================================================================
AV 65.7 54.7 3.9 FASTST M M 7 MAX(MPH)
MISC ----> # 12 260 16 9999
================================================================================
NOTES:
# LAST OF SEVERAL OCCURRENCES
COLUMN 17 PEAK WIND IN M.P.H.
PRELIMINARY LOCAL CLIMATOLOGICAL DATA (WS FORM: F-6) , PAGE 2
STATION: EUREKA CA
MONTH: AUGUST
YEAR: 2022
LATITUDE: 40 47 N
LONGITUDE: 124 10 W
[TEMPERATURE DATA] [PRECIPITATION DATA] SYMBOLS USED IN COLUMN 16
AVERAGE MONTHLY: 60.2 TOTAL FOR MONTH: 0.11 1 = FOG OR MIST
DPTR FM NORMAL: 1.7 DPTR FM NORMAL: -0.07 2 = FOG REDUCING VISIBILITY
HIGHEST: 73 ON 10 GRTST 24HR 0.03 ON 27-27 TO 1/4 MILE OR LESS
LOWEST: 50 ON 28 3 = THUNDER
SNOW, ICE PELLETS, HAIL 4 = ICE PELLETS
TOTAL MONTH: 0.0 INCH 5 = HAIL
GRTST 24HR 0.0 6 = FREEZING RAIN OR DRIZZLE
GRTST DEPTH: 0 7 = DUSTSTORM OR SANDSTORM:
VSBY 1/2 MILE OR LESS
8 = SMOKE OR HAZE
[NO. OF DAYS WITH] [WEATHER - DAYS WITH] 9 = BLOWING SNOW
X = TORNADO
MAX 32 OR BELOW: 0 0.01 INCH OR MORE: 6
MAX 90 OR ABOVE: 0 0.10 INCH OR MORE: 0
MIN 32 OR BELOW: 0 0.50 INCH OR MORE: 0
MIN 0 OR BELOW: 0 1.00 INCH OR MORE: 0
[HDD (BASE 65) ]
TOTAL THIS MO. 139 CLEAR (SCALE 0-3) 2
DPTR FM NORMAL -63 PTCLDY (SCALE 4-7) 14
TOTAL FM JUL 1 335 CLOUDY (SCALE 8-10) 15
DPTR FM NORMAL -85
[CDD (BASE 65) ]
TOTAL THIS MO. 0
DPTR FM NORMAL -1 [PRESSURE DATA]
TOTAL FM JAN 1 1 HIGHEST SLP 30.13 ON 13
DPTR FM NORMAL 0 LOWEST SLP 29.79 ON 28
[REMARKS]
#FINAL-08-22#