000
CXUS56 KLKN 052034
CF6EKO
PRELIMINARY LOCAL CLIMATOLOGICAL DATA (WS FORM: F-6)
STATION: ELKO AIRPORT NV
MONTH: DECEMBER
YEAR: 2020
LATITUDE: 40 49 N
LONGITUDE: 115 47 W
TEMPERATURE IN F: :PCPN: SNOW: WIND :SUNSHINE: SKY :PK WND
================================================================================
1 2 3 4 5 6A 6B 7 8 9 10 11 12 13 14 15 16 17 18
12Z AVG MX 2MIN
DY MAX MIN AVG DEP HDD CDD WTR SNW DPTH SPD SPD DIR MIN PSBL S-S WX SPD DR
================================================================================
1 44 13 29 0 36 0 0.00 0.0 0 1.7 9 90 M M 0 11 90
2 45 7 26 -2 39 0 0.00 0.0 0 5.8 22 50 M M 0 29 60
3 43 9 26 -2 39 0 0.00 0.0 0 3.0 10 60 M M 0 12 60
4 42 1 22 -6 43 0 0.00 0.0 0 2.9 8 90 M M 0 9 80
5 46 1 24 -4 41 0 0.00 0.0 0 4.7 9 100 M M 0 10 100
6 32 6 19 -8 46 0 0.00 0.0 0 3.0 9 80 M M 1 10 200
7 51 9 30 3 35 0 0.00 0.0 0 1.9 10 60 M M 0 11 60
8 47 4 26 -1 39 0 0.00 0.0 0 3.3 9 80 M M 0 11 80
9 38 9 24 -3 41 0 0.00 0.0 0 3.4 8 80 M M 0 9 80
10 44 10 27 1 38 0 0.00 0.0 0 2.5 15 250 M M 0 20 250
11 37 10 24 -2 41 0 T T 0 6.1 16 230 M M 4 20 260
12 35 4 20 -6 45 0 0.09 1.5 1 3.3 12 320 M M 5 1 14 320
13 27 3 15 -11 50 0 0.24 3.0 1 6.6 13 50 M M 7 1 15 40
14 35 18 27 1 38 0 0.01 0.1 4 3.5 14 310 M M 10 1 17 320
15 35 15 25 -1 40 0 T T 3 4.6 15 240 M M 8 20 250
16 43 29 36 10 29 0 T T 3 3.1 12 170 M M 7 15 180
17 40 26 33 8 32 0 0.14 T 2 5.7 17 330 M M 8 1 23 330
18 36 19 28 3 37 0 0.00 0.0 2 5.4 14 250 M M 4 16 260
19 42 12 27 2 38 0 0.00 0.0 1 3.2 12 220 M M 0 14 210
20 48 22 35 10 30 0 0.00 0.0 1 2.5 8 220 M M 6 9 210
21 50 20 35 10 30 0 0.00 0.0 1 1.8 8 60 M M 0 10 70
22 37 16 27 2 38 0 T T 1 9.6 23 280 M M 2 30 300
23 32 8 20 -5 45 0 0.00 0.0 T 1.9 8 250 M M 0 11 230
24 35 7 21 -4 44 0 0.00 0.0 T 5.3 12 80 M M 0 13 80
25 35 8 22 -3 43 0 0.00 0.0 T 4.9 10 90 M M 3 14 70
26 39 17 28 3 37 0 0.03 T T 4.9 18 200 M M 7 18 24 180
27 30 16 23 -2 42 0 0.00 0.0 T 5.0 20 30 M M 3 12 24 30
28 39 12 26 1 39 0 0.00 0.0 T 10.5 24 30 M M 4 30 40
29 37 6 22 -3 43 0 0.00 0.0 T 5.2 20 230 M M 0 23 220
30 37 8 23 -2 42 0 0.00 0.0 T 3.1 13 260 M M 5 14 270
31 43 23 33 8 32 0 T T T 3.1 15 290 M M 9 19 290
================================================================================
SM 1224 368 1212 0 0.51 4.6 131.5 M 93
================================================================================
AV 39.5 11.9 4.2 FASTST M M 3 MAX(MPH)
MISC ----> 24 30 # 30 300
================================================================================
NOTES:
# LAST OF SEVERAL OCCURRENCES
COLUMN 17 PEAK WIND IN M.P.H.
PRELIMINARY LOCAL CLIMATOLOGICAL DATA (WS FORM: F-6) , PAGE 2
STATION: ELKO AIRPORT NV
MONTH: DECEMBER
YEAR: 2020
LATITUDE: 40 49 N
LONGITUDE: 115 47 W
[TEMPERATURE DATA] [PRECIPITATION DATA] SYMBOLS USED IN COLUMN 16
AVERAGE MONTHLY: 25.7 TOTAL FOR MONTH: 0.51 1 = FOG OR MIST
DPTR FM NORMAL: -0.3 DPTR FM NORMAL: -0.69 2 = FOG REDUCING VISIBILITY
HIGHEST: 51 ON 7 GRTST 24HR 0.24 ON 13-13 TO 1/4 MILE OR LESS
LOWEST: 1 ON 5, 4 3 = THUNDER
SNOW, ICE PELLETS, HAIL 4 = ICE PELLETS
TOTAL MONTH: 4.6 INCHES 5 = HAIL
GRTST 24HR 3.0 ON 13-13 6 = FREEZING RAIN OR DRIZZLE
GRTST DEPTH: 4 ON 14 7 = DUSTSTORM OR SANDSTORM:
VSBY 1/2 MILE OR LESS
8 = SMOKE OR HAZE
[NO. OF DAYS WITH] [WEATHER - DAYS WITH] 9 = BLOWING SNOW
X = TORNADO
MAX 32 OR BELOW: 4 0.01 INCH OR MORE: 5
MAX 90 OR ABOVE: 0 0.10 INCH OR MORE: 2
MIN 32 OR BELOW: 31 0.50 INCH OR MORE: 0
MIN 0 OR BELOW: 0 1.00 INCH OR MORE: 0
[HDD (BASE 65) ]
TOTAL THIS MO. 1212 CLEAR (SCALE 0-3) 18
DPTR FM NORMAL 2 PTCLDY (SCALE 4-7) 11
TOTAL FM JUL 1 2688 CLOUDY (SCALE 8-10) 2
DPTR FM NORMAL -259
[CDD (BASE 65) ]
TOTAL THIS MO. 0
DPTR FM NORMAL 0 [PRESSURE DATA]
TOTAL FM JAN 1 698 HIGHEST SLP 30.74 ON 24
DPTR FM NORMAL 315 LOWEST SLP 29.80 ON 28
[REMARKS]
#FINAL-12-20#