912
CXUS55 KLKN 022002
CLSEKO
CLIMATE REPORT
NATIONAL WEATHER SERVICE ELKO NV
1134 AM PST MON MAR 2 2020
...................................
...THE ELKO AIRPORT NV CLIMATE SUMMARY FOR THE SEASON, FROM
12/1/2019 TO 2/29/2020...
CLIMATE NORMAL PERIOD 1981 TO 2010
CLIMATE RECORD PERIOD 1888 TO 2020
WEATHER OBSERVED NORMAL DEPART LAST YEAR`S
VALUE DATE(S) VALUE FROM VALUE
NORMAL
.............................................................
TEMPERATURE (F)
RECORD
HIGH 70 02/28/1986
02/28/1905
LOW -43 01/21/1937
HIGHEST 63 02/28 59 4 55
LOWEST 2 01/15 -12 14 -7
AVG. MAXIMUM 43.6 38.2 5.4 37.0
AVG. MINIMUM 22.0 15.6 6.4 17.8
MEAN 32.8 26.9 5.9 27.4
DAYS MAX >= 90 0 0.0 0.0 0
DAYS MAX <= 32 8 22.2 -14.2 34
DAYS MIN <= 32 83 84.8 -1.8 81
DAYS MIN <= 0 0 8.1 -8.1 3
PRECIPITATION (INCHES)
RECORD
MAXIMUM 11.55 1890
MINIMUM 0.25 1931
TOTALS 3.47 3.16 0.31 4.58
DAILY AVG. 0.04 0.04 0.00 0.05
DAYS >= .01 32 26.6 5.4 33
DAYS >= .10 13 10.3 2.7 13
DAYS >= .50 1 0.9 0.1 1
DAYS >= 1.00 0 0.0 0.0 0
SNOWFALL (INCHES)
RECORDS
TOTAL 68.8 1932
TOTALS 21.3 26.8 -5.5 40.3
DAYS >= 1.0 7 9.1 -2.1 16
DEGREE_DAYS
HEATING TOTAL 2912 3430 -518 3364
COOLING TOTAL 0 0 0 0
..............................................................
WIND (MPH)
AVERAGE WIND SPEED 5.5
HIGHEST WIND SPEED/DIRECTION 33/170 DATE 01/16
HIGHEST GUST SPEED/DIRECTION 43/260 DATE 02/29
AVERAGE RH (PERCENT) 64
WEATHER CONDITIONS. NUMBER OF DAYS WITH
THUNDERSTORM 1 MIXED PRECIP 0
HEAVY RAIN 1 RAIN 4
LIGHT RAIN 11 FREEZING RAIN 0
LT FREEZING RAIN 1 HAIL 0
HEAVY SNOW 3 SNOW 4
LIGHT SNOW 30 SLEET 0
FOG 35 FOG W/VIS <= 1/4 MILE 4
HAZE 9
- INDICATES NEGATIVE NUMBERS.
R INDICATES RECORD WAS SET OR TIED.
MM INDICATES DATA IS MISSING.
T INDICATES TRACE AMOUNT.
&&
=====================================================================
...TIED 6TH WARMEST METEOROLOGICAL WINTER IN ELKO...
...WETTER THAN NORMAL METEORLOGICAL WINTER IN ELKO...
...BELOW AVERAGE SNOW FOR METEORLOGICAL WINTER IN ELKO...
DECEMBER 2019 WAS THE 9TH WARMEST ON RECORD WITH AN AVERAGE
TEMPERATURE OF 32.6 DEGREES.
JANUARY 2020 WAS THE 7TH WARMEST ON RECORD WITH AN AVERAGE
TEMPERATURE OF 32.7 DEGREES.
$$
MG