000
CXUS54 KSHV 011300
CF6ELD
PRELIMINARY LOCAL CLIMATOLOGICAL DATA (WS FORM: F-6)
STATION: EL DORADO
MONTH: MAY
YEAR: 2023
LATITUDE: 33 13 N
LONGITUDE: 92 49 W
TEMPERATURE IN F: :PCPN: SNOW: WIND :SUNSHINE: SKY :PK WND
================================================================================
1 2 3 4 5 6A 6B 7 8 9 10 11 12 13 14 15 16 17 18
12Z AVG MX 2MIN
DY MAX MIN AVG DEP HDD CDD WTR SNW DPTH SPD SPD DIR MIN PSBL S-S WX SPD DR
================================================================================
1 75 50 63 -5 2 0 0.00 0.0 0 6.3 15 280 M M 2 24 280
2 81 44 63 -5 2 0 0.00 0.0 0 6.2 12 260 M M 0 20 260
3 79 46 63 -5 2 0 0.00 0.0 0 2.7 9 300 M M 1 16 60
4 82 55 69 1 0 4 T 0.0 0 5.8 13 130 M M 3 22 150
5 80 58 69 0 0 4 0.46 0.0 0 5.6 13 130 M M 7 13 18 90
6 91 70 81 12 0 16 0.00 0.0 0 8.8 17 170 M M 5 1 25 170
7 85 68 77 8 0 12 0.00 0.0 0 8.1 17 190 M M 5 1 26 190
8 86 64 75 5 0 10 1.24 0.0 0 9.2 26 350 M M 6 13 38 360
9 86 62 74 4 0 9 T 0.0 0 4.9 25 150 M M 3 1 36 160
10 80 66 73 3 0 8 0.52 0.0 0 5.3 15 120 M M 6 13 22 140
11 72 68 70 -1 0 5 2.66 0.0 0 7.1 25 190 M M 10 13 37 190
12 88 68 78 7 0 13 T 0.0 0 6.9 14 160 M M 6 13 20 160
13 89 70 80 9 0 15 0.01 0.0 0 5.8 16 180 M M 3 13 23 170
14 88 66 77 6 0 12 0.01 0.0 0 4.1 18 230 M M 1 13 28 230
15 89 64 77 5 0 12 0.00 0.0 0 3.1 13 190 M M 2 1 19 170
16 86 67 77 5 0 12 0.00 0.0 0 5.6 15 210 M M 1 22 280
17 80 61 71 -1 0 6 T 0.0 0 3.5 12 20 M M 5 19 40
18 85 63 74 1 0 9 0.00 0.0 0 2.6 12 340 M M 3 17 360
19 89 62 76 3 0 11 0.42 0.0 0 3.4 18 50 M M 1 13 26 320
20 75 62 69 -4 0 4 0.66 0.0 0 5.4 14 360 M M 8 13 20 10
21 74 58 66 -8 0 1 0.00 0.0 0 3.8 10 360 M M 0 1 16 10
22 81 60 71 -3 0 6 0.00 0.0 0 2.8 10 30 M M 1 15 130
23 86 57 72 -2 0 7 0.00 0.0 0 3.1 12 50 M M 1 1 16 50
24 78 62 70 -4 0 5 0.00 0.0 0 5.7 14 60 M M 3 22 50
25 86 59 73 -2 0 8 0.00 0.0 0 3.2 13 40 M M 1 1 22 60
26 86 59 73 -2 0 8 0.00 0.0 0 4.3 13 30 M M 1 1 18 50
27 86 57 72 -3 0 7 0.00 0.0 0 4.0 12 30 M M 1 20 40
28 85 57 71 -4 0 6 0.00 0.0 0 2.4 10 40 M M 0 1 15 50
29 87 59 73 -3 0 8 0.00 0.0 0 2.2 10 110 M M 1 15 50
30 89 60 75 -1 0 10 0.00 0.0 0 2.5 12 50 M M 1 16 70
31 88 60 74 -2 0 9 0.00 0.0 0 1.7 10 70 M M 2 13 70
================================================================================
SM 2592 1882 6 237 5.98 0.0 146.1 M 90
================================================================================
AV 83.6 60.7 4.7 FASTST M M 3 MAX(MPH)
MISC ----> 26 350 38 360
================================================================================
NOTES:
# LAST OF SEVERAL OCCURRENCES
COLUMN 17 PEAK WIND IN M.P.H.
PRELIMINARY LOCAL CLIMATOLOGICAL DATA (WS FORM: F-6) , PAGE 2
STATION: EL DORADO
MONTH: MAY
YEAR: 2023
LATITUDE: 33 13 N
LONGITUDE: 92 49 W
[TEMPERATURE DATA] [PRECIPITATION DATA] SYMBOLS USED IN COLUMN 16
AVERAGE MONTHLY: 72.2 TOTAL FOR MONTH: 5.98 1 = FOG OR MIST
DPTR FM NORMAL: 0.2 DPTR FM NORMAL: 1.17 2 = FOG REDUCING VISIBILITY
HIGHEST: 91 ON 6 GRTST 24HR 2.90 ON 10-11 TO 1/4 MILE OR LESS
LOWEST: 44 ON 2 3 = THUNDER
SNOW, ICE PELLETS, HAIL 4 = ICE PELLETS
TOTAL MONTH: 0.0 INCH 5 = HAIL
GRTST 24HR 0.0 6 = FREEZING RAIN OR DRIZZLE
GRTST DEPTH: 0 7 = DUSTSTORM OR SANDSTORM:
VSBY 1/2 MILE OR LESS
8 = SMOKE OR HAZE
[NO. OF DAYS WITH] [WEATHER - DAYS WITH] 9 = BLOWING SNOW
X = TORNADO
MAX 32 OR BELOW: 0 0.01 INCH OR MORE: 8
MAX 90 OR ABOVE: 1 0.10 INCH OR MORE: 6
MIN 32 OR BELOW: 0 0.50 INCH OR MORE: 4
MIN 0 OR BELOW: 0 1.00 INCH OR MORE: 2
[HDD (BASE 65) ]
TOTAL THIS MO. 6 CLEAR (SCALE 0-3) 21
DPTR FM NORMAL -11 PTCLDY (SCALE 4-7) 9
TOTAL FM JUL 1 2211 CLOUDY (SCALE 8-10) 1
DPTR FM NORMAL -343
[CDD (BASE 65) ]
TOTAL THIS MO. 237
DPTR FM NORMAL 3 [PRESSURE DATA]
TOTAL FM JAN 1 339 HIGHEST SLP 30.20 ON 15
DPTR FM NORMAL -5 LOWEST SLP 29.81 ON 17
[REMARKS]
#FINAL-05-23#