000
CXUS55 KLKN 020933
CLMELY
CLIMATE REPORT
NATIONAL WEATHER SERVICE ELKO, NV
233 AM PDT TUE APR 02 2024
...................................
...THE ELY AIRPORT NV CLIMATE SUMMARY FOR THE MONTH OF MARCH 2024...
CLIMATE NORMAL PERIOD 1991 TO 2020
CLIMATE RECORD PERIOD 1893 TO 2024
WEATHER OBSERVED NORMAL DEPART LAST YEAR`S
VALUE DATE(S) VALUE FROM VALUE DATE(S)
NORMAL
................................................................
TEMPERATURE (F)
RECORD
HIGH 76 03/21/2004
03/20/2004
LOW -13 03/03/1952
HIGHEST 66 03/20 65 1 47 03/12
LOWEST 10 03/04 3 7 -5 03/02
AVG. MAXIMUM 48.2 52.4 -4.2 37.1
AVG. MINIMUM 22.4 22.9 -0.5 14.7
MEAN 35.3 37.7 -2.4 25.9
DAYS MAX >= 90 0 0.0 0.0 0
DAYS MAX <= 32 1 0.9 0.1 7
DAYS MIN <= 32 30 28.3 1.7 31
DAYS MIN <= 0 0 0.3 -0.3 3
PRECIPITATION (INCHES)
RECORD
MAXIMUM 4.30 1894
MINIMUM 0.03 1997
TOTALS 1.90 0.98 0.92 2.42
DAILY AVG. 0.06 0.03 0.03 0.08
DAYS >= .01 14 6.5 7.5 16
DAYS >= .10 7 3.4 3.6 11
DAYS >= .50 1 0.3 0.7 1
DAYS >= 1.00 0 0.1 -0.1 0
GREATEST
24 HR. TOTAL 0.53 03/23 TO 03/23 0.57
SNOWFALL (INCHES)
RECORDS
TOTAL 42.0 1894
TOTALS 16.8 9.5 7.3 28.0
SINCE 7/1 47.0 46.8 0.2 MM
SNOWDEPTH AVG. 1 17
DAYS >= TRACE 18 5.2 12.8 22
DAYS >= 1.0 5 2.9 2.1 12
DAYS >= 1.0 5 12
GREATEST
SNOW DEPTH 6 03/03 23
03/04
24 HR TOTAL MM MM
DEGREE DAYS
HEATING TOTAL 915 848 67 1204
SINCE 7/1 5675 5943 -268 MM
COOLING TOTAL 0 0 0 0
SINCE 1/1 0 0 0 MM
................................................................
WIND (MPH)
AVERAGE WIND SPEED 10.4
HIGHEST WIND SPEED/DIRECTION 39/190 DATE 03/01
HIGHEST GUST SPEED/DIRECTION 60/210 DATE 03/01
AVERAGE RH (PERCENT) 62
WEATHER CONDITIONS. NUMBER OF DAYS WITH
THUNDERSTORM 1 MIXED PRECIP 0
HEAVY RAIN 1 RAIN 2
LIGHT RAIN 7 FREEZING RAIN 0
LT FREEZING RAIN 0 HAIL 0
HEAVY SNOW 4 SNOW 6
LIGHT SNOW 16 SLEET 0
FOG 16 FOG W/VIS <= 1/4 MILE 5
HAZE 5
- INDICATES NEGATIVE NUMBERS.
R INDICATES RECORD WAS SET OR TIED.
MM INDICATES DATA IS MISSING.
T INDICATES TRACE AMOUNT.
======================================================================
...MARCH 2024 IN ELY WAS COLDER, WETTER, AND SNOWIER THAN NORMAL...
...A RECORD DAILY RAINFALL OF 0.53 INCHES WAS SET ON MARCH 23RD...
$$