000
CXUS53 KMKX 010910
CF6ENW
PRELIMINARY LOCAL CLIMATOLOGICAL DATA (WS FORM: F-6)
STATION: KENOSHA WI
MONTH: JUNE
YEAR: 2020
LATITUDE: 42 35 N
LONGITUDE: 87 56 W
TEMPERATURE IN F: :PCPN: SNOW: WIND :SUNSHINE: SKY :PK WND
================================================================================
1 2 3 4 5 6A 6B 7 8 9 10 11 12 13 14 15 16 17 18
12Z AVG MX 2MIN
DY MAX MIN AVG DEP HDD CDD WTR SNW DPTH SPD SPD DIR MIN PSBL S-S WX SPD DR
================================================================================
1 76 45 61 0 4 0 0.00 0.0 0 10.9 25 200 M M 4 8 35 190
2 93 71 82 21 0 17 0.00 0.0 0 14.6 28 320 M M 0 3 44 320
3 87 63 75 13 0 10 0.18 0.0 0 8.2 22 260 M M 4 30 260
4 87 61 74 12 0 9 0.00 0.0 0 7.3 15 90 M M 0 20 280
5 89 61 75 13 0 10 0.00 0.0 0 5.1 15 300 M M 2 18 23 300
6 75 54 65 2 0 0 0.00 0.0 0 8.8 18 70 M M 0 1 23 70
7 73 52 63 0 2 0 0.00 0.0 0 7.6 13 110 M M 0 19 110
8 84 55 70 6 0 5 0.00 0.0 0 8.0 16 140 M M 0 23 150
9 84 63 74 10 0 9 0.23 0.0 0 14.6 32 210 M M 4 1 47 210
10 86 61 74 10 0 9 0.38 0.0 0 14.1 30 240 M M 6 13 42 220
11 81 54 68 3 0 3 0.00 0.0 0 10.4 25 270 M M 1 40 270
12 64 53 59 -6 6 0 T 0.0 0 8.3 17 60 M M 2 23 60
13 65 50 58 -7 7 0 0.00 0.0 0 12.0 18 50 M M 1 26 40
14 68 47 58 -8 7 0 0.00 0.0 0 9.3 15 100 M M 0 20 100
15 72 47 60 -6 5 0 0.00 0.0 0 6.6 14 110 M M 0 19 110
16 81 47 64 -2 1 0 0.00 0.0 0 5.9 15 110 M M 0 21 140
17 86 53 70 3 0 5 0.00 0.0 M 6.1 16 130 M M 0 23 110
18 88 56 72 5 0 7 0.00 0.0 0 5.7 16 110 M M 0 8 21 130
19 90 59 75 8 0 10 0.00 0.0 0 4.8 15 150 M M 1 20 150
20 88 65 77 9 0 12 0.07 0.0 0 6.7 22 250 M M 2 3 31 240
21 85 67 76 8 0 11 0.11 0.0 0 6.9 16 170 M M 0 1 20 140
22 80 66 73 5 0 8 0.78 0.0 0 5.9 12 200 M M 4 13 44 240
23 M M M M M M M M M M M M M M M M M
24 79 53 66 -3 0 1 0.00 M 0 7.4 15 260 M M 6 1 21 310
25 83 56 70 1 0 5 0.00 0.0 0 6.5 15 140 M M 1 19 240
26 77 60 69 0 0 4 1.61 0.0 0 7.7 23 310 M M 4 123 34 320
27 87 68 78 8 0 13 0.00 0.0 0 6.3 13 100 M M 2 1 16 100
28 84 65 75 5 0 10 0.00 0.0 0 6.6 16 90 M M 2 18 19 80
29 88 65 77 7 0 12 0.55 0.0 0 6.5 17 310 M M 1 138 25 260
30 84 67 76 6 0 11 0.00 0.0 0 5.9 13 120 M M 1 17 100
================================================================================
SM 2364 1684 32 181 3.91 0.0 234.7 M 48
================================================================================
AV 81.5 58.1 8.1 FASTST M M 2 MAX(MPH)
MISC ----> # 32 210 # 47 210
================================================================================
NOTES:
# LAST OF SEVERAL OCCURRENCES
COLUMN 17 PEAK WIND IN M.P.H.
PRELIMINARY LOCAL CLIMATOLOGICAL DATA (WS FORM: F-6) , PAGE 2
STATION: KENOSHA WI
MONTH: JUNE
YEAR: 2020
LATITUDE: 42 35 N
LONGITUDE: 87 56 W
[TEMPERATURE DATA] [PRECIPITATION DATA] SYMBOLS USED IN COLUMN 16
AVERAGE MONTHLY: 69.8 TOTAL FOR MONTH: 3.91 1 = FOG OR MIST
DPTR FM NORMAL: 3.8 DPTR FM NORMAL: 0.05 2 = FOG REDUCING VISIBILITY
HIGHEST: 93 ON 2 GRTST 24HR 1.61 ON 26-26 TO 1/4 MILE OR LESS
LOWEST: 45 ON 1 3 = THUNDER
SNOW, ICE PELLETS, HAIL 4 = ICE PELLETS
TOTAL MONTH: 0.0 INCH 5 = HAIL
GRTST 24HR 0.0 6 = FREEZING RAIN OR DRIZZLE
GRTST DEPTH: 0 7 = DUSTSTORM OR SANDSTORM:
VSBY 1/2 MILE OR LESS
8 = SMOKE OR HAZE
[NO. OF DAYS WITH] [WEATHER - DAYS WITH] 9 = BLOWING SNOW
X = TORNADO
MAX 32 OR BELOW: 0 0.01 INCH OR MORE: 8
MAX 90 OR ABOVE: 2 0.10 INCH OR MORE: 7
MIN 32 OR BELOW: 0 0.50 INCH OR MORE: 3
MIN 0 OR BELOW: 0 1.00 INCH OR MORE: 1
[HDD (BASE 65) ]
TOTAL THIS MO. 32 CLEAR (SCALE 0-3) 22
DPTR FM NORMAL -46 PTCLDY (SCALE 4-7) 7
TOTAL FM JUL 1 6144 CLOUDY (SCALE 8-10) 0
DPTR FM NORMAL -850
[CDD (BASE 65) ]
TOTAL THIS MO. 181
DPTR FM NORMAL 72 [PRESSURE DATA]
TOTAL FM JAN 1 227 HIGHEST SLP 30.43 ON 14
DPTR FM NORMAL 94 LOWEST SLP 29.35 ON 9
[REMARKS]
#FINAL-06-20#