000
CXUS56 KOTX 011253
CLMEPH
CLIMATE REPORT
NATIONAL WEATHER SERVICE SPOKANE WA
553 AM PDT TUE AUG 01 2023
...................................
...THE EPHRATA WA AIRPORT CLIMATE SUMMARY FOR THE MONTH OF JULY 2023...
CLIMATE NORMAL PERIOD 1991 TO 2020
CLIMATE RECORD PERIOD 9999 TO 9999
WEATHER OBSERVED NORMAL DEPART LAST YEAR`S
VALUE DATE(S) VALUE FROM VALUE DATE(S)
NORMAL
................................................................
TEMPERATURE (F)
RECORD
HIGH 109 07/18/1960
LOW 40 07/08/1981
HIGHEST 101 07/20 MM MM 108 07/28
07/29
LOWEST 53 07/31 MM MM 52 07/18
AVG. MAXIMUM 91.7 89.3 2.4 92.8
AVG. MINIMUM 62.5 61.3 1.2 64.9
MEAN 77.1 75.3 1.8 78.9
DAYS MAX >= 90 19 16.4 2.6 21
DAYS MAX <= 32 0 0.0 0.0 0
DAYS MIN <= 32 0 0.0 0.0 0
DAYS MIN <= 0 0 0.0 0.0 0
PRECIPITATION (INCHES)
RECORD
MAXIMUM 1.93 1998
MINIMUM 0.00 2017
TOTALS 0.09 0.30 -0.21 0.37
DAILY AVG. 0.00 0.01 -0.01 0.01
DAYS >= .01 1 2.2 -1.2 3
DAYS >= .10 0 0.7 -0.7 1
DAYS >= .50 0 0.1 -0.1 0
DAYS >= 1.00 0 0.1 -0.1 0
GREATEST
24 HR. TOTAL 0.09 07/10 TO 07/10 0.26
DEGREE DAYS
HEATING TOTAL 0 5 -5 0
SINCE 7/1 0 0 0 MM
COOLING TOTAL 384 324 60 436
SINCE 1/1 692 485 207 MM
................................................................
WIND (MPH)
AVERAGE WIND SPEED 8.6
HIGHEST WIND SPEED/DIRECTION 32/300 DATE 07/10
HIGHEST GUST SPEED/DIRECTION 40/290 DATE 07/10
SKY COVER
POSSIBLE SUNSHINE (PERCENT) MM
AVERAGE SKY COVER 0.02
NUMBER OF DAYS FAIR 31
NUMBER OF DAYS PC 0
NUMBER OF DAYS CLOUDY 0
AVERAGE RH (PERCENT) 33
WEATHER CONDITIONS. NUMBER OF DAYS WITH
THUNDERSTORM 2 MIXED PRECIP 0
HEAVY RAIN 0 RAIN 1
LIGHT RAIN 2 FREEZING RAIN 0
LT FREEZING RAIN 0 HAIL 0
HEAVY SNOW 0 SNOW 0
LIGHT SNOW 0 SLEET 0
FOG 1 FOG W/VIS <= 1/4 MILE 0
HAZE 2
- INDICATES NEGATIVE NUMBERS.
R INDICATES RECORD WAS SET OR TIED.
MM INDICATES DATA IS MISSING.
T INDICATES TRACE AMOUNT.
$$