000
CXUS53 KPAH 020001
CF6EVV
PRELIMINARY LOCAL CLIMATOLOGICAL DATA (WS FORM: F-6)
STATION: EVANSVILLE IN
MONTH: NOVEMBER
YEAR: 2021
LATITUDE: 38 2 N
LONGITUDE: 87 32 W
TEMPERATURE IN F: :PCPN: SNOW: WIND :SUNSHINE: SKY :PK WND
================================================================================
1 2 3 4 5 6A 6B 7 8 9 10 11 12 13 14 15 16 17 18
12Z AVG MX 2MIN
DY MAX MIN AVG DEP HDD CDD WTR SNW DPTH SPD SPD DIR MIN PSBL S-S WX SPD DR
================================================================================
1 56 39 48 -4 17 0 T 0.0 0 5.3 13 360 M M 4 19 360
2 50 34 42 -10 23 0 0.00 0.0 0 4.9 14 350 M M 5 22 350
3 51 30 41 -10 24 0 0.00 0.0 0 2.3 10 30 M M 0 16 40
4 53 28 41 -10 24 0 0.00 0.0 0 2.9 13 360 M M 0 18 40
5 56 28 42 -8 23 0 0.00 0.0 0 2.7 12 90 M M 0 17 110
6 60 29 45 -5 20 0 0.00 0.0 0 1.3 8 240 M M 0 1 12 210
7 64 32 48 -2 17 0 0.00 0.0 0 1.6 8 200 M M 0 1 13 170
8 71 34 53 4 12 0 0.00 0.0 0 4.7 16 210 M M 0 1 22 210
9 66 38 52 3 13 0 0.00 0.0 0 3.9 14 220 M M 2 1 17 220
10 70 45 58 10 7 0 0.00 0.0 0 3.1 14 130 M M 2 1 24 150
11 60 40 50 2 15 0 0.24 0.0 0 7.4 23 240 M M 4 1 31 240
12 51 36 44 -4 21 0 0.03 0.0 0 10.4 29 230 M M 5 39 230
13 40 30 35 -12 30 0 0.00 0.0 M 5.9 13 250 M M 8 19 280
14 52 28 40 -7 25 0 0.07 0.0 0 8.7 25 280 M M 6 1 35 290
15 49 25 37 -9 28 0 0.00 0.0 0 4.4 13 130 M M 3 22 160
16 68 34 51 5 14 0 0.00 0.0 0 5.2 15 180 M M 2 22 190
17 68 43 56 10 9 0 0.15 0.0 0 13.9 28 210 M M 7 1 38 230
18 49 33 41 -4 24 0 0.36 0.0 0 6.7 18 250 M M 3 1 30 260
19 44 23 34 -11 31 0 0.00 0.0 0 3.1 10 90 M M 0 14 90
20 57 31 44 0 21 0 0.00 0.0 0 5.7 21 210 M M 4 27 210
21 51 38 45 1 20 0 0.31 M 0 4.9 14 350 M M 7 12 23 330
22 42 23 33 -11 32 0 0.00 0.0 0 6.4 13 330 M M 0 21 340
23 45 20 33 -11 32 0 0.00 0.0 0 3.6 10 190 M M 0 15 210
24 60 34 47 4 18 0 0.00 0.0 0 10.1 22 190 M M 2 32 180
25 55 29 42 -1 23 0 0.45 0.0 0 11.1 20 330 M M 10 1 28 190
26 38 23 31 -11 34 0 0.00 0.0 0 4.1 13 310 M M 2 20 320
27 57 28 43 1 22 0 0.00 0.0 0 7.0 18 230 M M 0 23 230
28 49 25 37 -5 28 0 0.00 0.0 0 7.0 16 310 M M 0 24 330
29 49 21 35 -7 30 0 0.00 0.0 0 6.3 14 170 M M 3 20 170
30 55 33 44 3 21 0 0.00 0.0 0 4.8 14 220 M M 0 18 230
================================================================================
SM 1636 934 658 0 1.61 0.0 169.4 M 79
================================================================================
AV 54.5 31.1 5.6 FASTST M M 3 MAX(MPH)
MISC ----> 29 230 39 230
================================================================================
NOTES:
# LAST OF SEVERAL OCCURRENCES
COLUMN 17 PEAK WIND IN M.P.H.
PRELIMINARY LOCAL CLIMATOLOGICAL DATA (WS FORM: F-6) , PAGE 2
STATION: EVANSVILLE IN
MONTH: NOVEMBER
YEAR: 2021
LATITUDE: 38 2 N
LONGITUDE: 87 32 W
[TEMPERATURE DATA] [PRECIPITATION DATA] SYMBOLS USED IN COLUMN 16
AVERAGE MONTHLY: 42.8 TOTAL FOR MONTH: 1.61 1 = FOG OR MIST
DPTR FM NORMAL: -3.5 DPTR FM NORMAL: -2.50 2 = FOG REDUCING VISIBILITY
HIGHEST: 71 ON 8 GRTST 24HR 0.51 ON 17-18 TO 1/4 MILE OR LESS
LOWEST: 20 ON 23 3 = THUNDER
SNOW, ICE PELLETS, HAIL 4 = ICE PELLETS
TOTAL MONTH: 0.0 INCH 5 = HAIL
GRTST 24HR 0.0 6 = FREEZING RAIN OR DRIZZLE
GRTST DEPTH: 0 7 = DUSTSTORM OR SANDSTORM:
VSBY 1/2 MILE OR LESS
8 = SMOKE OR HAZE
[NO. OF DAYS WITH] [WEATHER - DAYS WITH] 9 = BLOWING SNOW
X = TORNADO
MAX 32 OR BELOW: 0 0.01 INCH OR MORE: 7
MAX 90 OR ABOVE: 0 0.10 INCH OR MORE: 5
MIN 32 OR BELOW: 17 0.50 INCH OR MORE: 0
MIN 0 OR BELOW: 0 1.00 INCH OR MORE: 0
[HDD (BASE 65) ]
TOTAL THIS MO. 658 CLEAR (SCALE 0-3) 19
DPTR FM NORMAL 96 PTCLDY (SCALE 4-7) 10
TOTAL FM JUL 1 819 CLOUDY (SCALE 8-10) 1
DPTR FM NORMAL -13
[CDD (BASE 65) ]
TOTAL THIS MO. 0
DPTR FM NORMAL -2 [PRESSURE DATA]
TOTAL FM JAN 1 1614 HIGHEST SLP 30.60 ON 19
DPTR FM NORMAL 89 LOWEST SLP 29.75 ON 11
[REMARKS]
#FINAL-11-21#