000
CXUS53 KPAH 230730
CF6EVV
PRELIMINARY LOCAL CLIMATOLOGICAL DATA (WS FORM: F-6)
STATION: EVANSVILLE IN
MONTH: APRIL
YEAR: 2024
LATITUDE: 38 2 N
LONGITUDE: 87 32 W
TEMPERATURE IN F: :PCPN: SNOW: WIND :SUNSHINE: SKY :PK WND
================================================================================
1 2 3 4 5 6A 6B 7 8 9 10 11 12 13 14 15 16 17 18
12Z AVG MX 2MIN
DY MAX MIN AVG DEP HDD CDD WTR SNW DPTH SPD SPD DIR MIN PSBL S-S WX SPD DR
================================================================================
1 81 67 74 22 0 9 T 0.0 0 10.9 18 220 M M 6 24 170
2 78 45 62 10 3 0 1.55 0.0 0 12.0 32 320 M M 8 13 53 320
3 51 41 46 -7 19 0 0.01 0.0 0 15.1 28 260 M M 9 42 290
4 45 39 42 -11 23 0 0.05 0.0 0 8.9 17 280 M M 10 1 28 330
5 49 36 43 -11 22 0 0.00 0.0 0 6.7 14 330 M M 6 19 320
6 61 32 47 -7 18 0 0.00 0.0 0 4.4 10 90 M M 0 14 100
7 74 43 59 5 6 0 0.09 0.0 0 8.4 20 130 M M 5 3 32 160
8 77 46 62 7 3 0 0.00 0.0 0 3.8 17 220 M M 2 12 24 240
9 71 59 65 10 0 0 0.18 0.0 0 8.0 18 210 M M 9 1 25 210
10 65 58 62 7 3 0 0.72 0.0 0 4.6 10 140 M M 10 1 16 170
11 62 51 57 1 8 0 0.16 0.0 0 9.1 22 320 M M 8 13 36 320
12 66 48 57 1 8 0 0.10 0.0 0 11.3 23 290 M M 3 1 37 270
13 75 40 58 2 7 0 0.00 0.0 0 6.4 14 230 M M 0 19 230
14 83 58 71 14 0 6 0.00 0.0 0 12.2 22 210 M M 0 8 31 240
15 86 62 74 17 0 9 0.00 0.0 0 5.7 12 240 M M 1 18 19 220
16 86 65 76 18 0 11 0.40 0.0 0 9.9 24 170 M M 2 13 36 170
17 86 59 73 15 0 8 T 0.0 0 13.6 31 220 M M 3 49 240
18 84 52 68 10 0 3 2.27 0.0 0 6.7 30 280 M M 3 138 49 270
19 63 51 57 -2 8 0 0.14 0.0 0 9.4 20 350 M M 6 13 29 350
20 60 42 51 -8 14 0 0.00 0.0 0 8.2 18 340 M M 1 27 330
21 58 38 48 -11 17 0 0.00 0.0 0 7.1 18 290 M M 2 30 300
22 66 36 51 -9 14 0 0.00 0.0 0 5.3 14 210 M M 0 20 180
================================================================================
SM 1527 1068 173 46 5.67 0.0 187.7 M 94
================================================================================
AV 69.4 48.5 8.5 FASTST M M 4 MAX(MPH)
MISC ----> 32 320 53 320
================================================================================
NOTES:
# LAST OF SEVERAL OCCURRENCES
COLUMN 17 PEAK WIND IN M.P.H.
PRELIMINARY LOCAL CLIMATOLOGICAL DATA (WS FORM: F-6) , PAGE 2
STATION: EVANSVILLE IN
MONTH: APRIL
YEAR: 2024
LATITUDE: 38 2 N
LONGITUDE: 87 32 W
[TEMPERATURE DATA] [PRECIPITATION DATA] SYMBOLS USED IN COLUMN 16
AVERAGE MONTHLY: 59.0 TOTAL FOR MONTH: 5.67 1 = FOG OR MIST
DPTR FM NORMAL: 3.1 DPTR FM NORMAL: 2.11 2 = FOG REDUCING VISIBILITY
HIGHEST: 86 ON 17,16 GRTST 24HR 2.41 ON 18-19 TO 1/4 MILE OR LESS
LOWEST: 32 ON 6 3 = THUNDER
SNOW, ICE PELLETS, HAIL 4 = ICE PELLETS
TOTAL MONTH: 0.0 INCH 5 = HAIL
GRTST 24HR 0.0 6 = FREEZING RAIN OR DRIZZLE
GRTST DEPTH: 0 7 = DUSTSTORM OR SANDSTORM:
VSBY 1/2 MILE OR LESS
8 = SMOKE OR HAZE
[NO. OF DAYS WITH] [WEATHER - DAYS WITH] 9 = BLOWING SNOW
X = TORNADO
MAX 32 OR BELOW: 0 0.01 INCH OR MORE: 11
MAX 90 OR ABOVE: 0 0.10 INCH OR MORE: 8
MIN 32 OR BELOW: 1 0.50 INCH OR MORE: 3
MIN 0 OR BELOW: 0 1.00 INCH OR MORE: 2
[HDD (BASE 65) ]
TOTAL THIS MO. 173 CLEAR (SCALE 0-3) 12
DPTR FM NORMAL -46 PTCLDY (SCALE 4-7) 4
TOTAL FM JUL 1 3445 CLOUDY (SCALE 8-10) 6
DPTR FM NORMAL -774
[CDD (BASE 65) ]
TOTAL THIS MO. 46
DPTR FM NORMAL 30 [PRESSURE DATA]
TOTAL FM JAN 1 63 HIGHEST SLP M ON M
DPTR FM NORMAL 43 LOWEST SLP 29.35 ON 2
[REMARKS]