000
CDUS43 KPAH 070637
CLIEVV


CLIMATE REPORT
NATIONAL WEATHER SERVICE PADUCAH KY
136 AM CDT SAT APR 7 2018


...................................

...THE EVANSVILLE IN CLIMATE SUMMARY FOR APRIL 6 2018...

CLIMATE NORMAL PERIOD 1981 TO 2010
CLIMATE RECORD PERIOD 1896 TO 2018


WEATHER ITEM   OBSERVED TIME   RECORD YEAR NORMAL DEPARTURE LAST
                VALUE   (LST)  VALUE       VALUE  FROM      YEAR
                                                  NORMAL
..................................................................
TEMPERATURE (F)
 YESTERDAY
  MAXIMUM         58    225 PM  83    2010  65     -7       56
                                      1967
  MINIMUM         32   1159 PM  27    1982  42    -10       42
  AVERAGE         45                        53     -8       49

PRECIPITATION (IN)
  YESTERDAY        0.00          0.97 1971   0.13  -0.13     0.03
  MONTH TO DATE    1.69                      0.79   0.90     0.27
  SINCE MAR 1      6.91                      5.03   1.88     4.12
  SINCE JAN 1     19.12                     11.30   7.82     7.39

SNOWFALL (IN)
  YESTERDAY        0.0           8.6  1971   0.0    0.0      0.0
  MONTH TO DATE    0.0                       0.0    0.0      0.0
  SINCE MAR 1      3.8                       1.0    2.8      1.0
  SINCE JUL 1     11.8                      11.7    0.1      1.4
  SNOW DEPTH       0

DEGREE DAYS
 HEATING
  YESTERDAY       20                        12      8       16
  MONTH TO DATE  123                        79     44       48
  SINCE MAR 1    770                       671     99      546
  SINCE JUL 1   4156                      4245    -89     3245

 COOLING
  YESTERDAY        0                         0      0        0
  MONTH TO DATE    0                         0      0        0
  SINCE MAR 1      0                         3     -3        5
  SINCE JAN 1      7                         3      4        5
..................................................................


WIND (MPH)
  HIGHEST WIND SPEED    22   HIGHEST WIND DIRECTION     N (360)
  HIGHEST GUST SPEED    33   HIGHEST GUST DIRECTION     N (340)
  AVERAGE WIND SPEED     9.0


SKY COVER
  AVERAGE SKY COVER 0.5


WEATHER CONDITIONS
 THE FOLLOWING WEATHER WAS RECORDED YESTERDAY.
  NO SIGNIFICANT WEATHER WAS OBSERVED.


RELATIVE HUMIDITY (PERCENT)
 HIGHEST    76
 LOWEST     51
 AVERAGE    64

..........................................................


THE EVANSVILLE IN CLIMATE NORMALS FOR TODAY
                         NORMAL    RECORD    YEAR
 MAXIMUM TEMPERATURE (F)   65        84      2001
                                             1959
 MINIMUM TEMPERATURE (F)   42        23      1990


SUNRISE AND SUNSET
APRIL  7 2018.........SUNRISE   626 AM CDT   SUNSET   719 PM CDT
APRIL  8 2018.........SUNRISE   625 AM CDT   SUNSET   720 PM CDT


-  INDICATES NEGATIVE NUMBERS.
R  INDICATES RECORD WAS SET OR TIED.
MM INDICATES DATA IS MISSING.
T  INDICATES TRACE AMOUNT.




$$
