000
CXUS52 KMHX 191219
CF6EWN
PRELIMINARY LOCAL CLIMATOLOGICAL DATA (WS FORM: F-6)
STATION: NEW BERN NC
MONTH: SEPTEMBER
YEAR: 2022
LATITUDE: 35 4 N
LONGITUDE: 77 3 W
TEMPERATURE IN F: :PCPN: SNOW: WIND :SUNSHINE: SKY :PK WND
================================================================================
1 2 3 4 5 6A 6B 7 8 9 10 11 12 13 14 15 16 17 18
12Z AVG MX 2MIN
DY MAX MIN AVG DEP HDD CDD WTR SNW DPTH SPD SPD DIR MIN PSBL S-S WX SPD DR
================================================================================
1 89 67 78 1 0 13 0.00 0.0 0 1.4 8 180 M M 0 1 12 50
2 89 66 78 1 0 13 0.00 0.0 0 3.8 13 70 M M 1 1 17 70
3 88 72 80 3 0 15 0.00 0.0 0 4.5 12 70 M M 5 16 90
4 87 69 78 1 0 13 0.00 0.0 0 3.0 12 130 M M 4 1 15 80
5 87 68 78 1 0 13 0.01 0.0 0 2.3 12 310 M M 3 12 16 310
6 89 73 81 5 0 16 0.29 0.0 0 4.9 17 280 M M 4 138 24 290
7 89 71 80 4 0 15 0.27 0.0 0 3.7 10 150 M M 5 13 13 220
8 82 68 75 -1 0 10 0.02 0.0 0 9.4 16 30 M M 6 20 50
9 84 66 75 -1 0 10 0.00 0.0 0 9.5 17 50 M M 3 23 50
10 83 72 78 2 0 13 0.38 0.0 0 7.2 15 110 M M 7 1 21 110
11 87 74 81 6 0 16 0.24 0.0 0 4.2 21 310 M M 3 123 27 310
12 89 74 82 7 0 17 T 0.0 0 4.9 12 180 M M 2 1 16 210
13 89 72 81 6 0 16 0.00 0.0 0 4.9 10 270 M M 3 14 270
14 83 65 74 -1 0 9 0.00 0.0 0 4.7 9 300 M M 1 13 320
15 82 65 74 0 0 9 0.00 0.0 0 7.9 16 60 M M 1 22 50
16 82 60 71 -3 0 6 0.00 0.0 0 6.6 17 40 M M 0 1 21 30
17 82 57 70 -4 0 5 0.00 0.0 0 4.6 12 50 M M 1 14 40
18 85 66 76 2 0 11 0.00 0.0 0 4.7 10 140 M M 1 1 13 140
19 87 64 76 2 0 11 0.00 0.0 0 2.3 10 130 M M 1 12 13 130
20 90 65 78 5 0 13 0.00 0.0 0 2.2 9 90 M M 1 12 12 40
21 87 67 77 4 0 12 0.00 0.0 0 2.9 9 100 M M 1 12 12 120
22 91 65 78 5 0 13 0.29 0.0 0 7.1 21 360 M M 2 13 26 360
23 72 50 61 -11 4 0 0.00 0.0 0 10.2 24 10 M M 0 34 20
24 76 47 62 -10 3 0 T 0.0 0 2.7 9 210 M M 1 1 13 310
25 84 59 72 0 0 7 T 0.0 0 8.4 18 210 M M 2 25 230
26 85 66 76 5 0 11 0.00 0.0 0 4.7 12 170 M M 3 14 210
27 78 59 69 -2 0 4 0.00 0.0 0 4.4 12 10 M M 1 16 10
28 74 56 65 -6 0 0 0.00 0.0 0 9.7 17 40 M M 1 23 20
29 69 61 65 -5 0 0 0.18 0.0 0 17.2 25 40 M M 10 1 33 30
30 77 63 70 0 0 5 2.82 0.0 0 M M M M M 10 1 M M
================================================================================
SM 2516 1947 7 296 4.50 0.0 164.0 M 83
================================================================================
AV 83.9 64.9 5.7 FASTST M M 3 MAX(MPH)
MISC ----> 25 40 34 20
================================================================================
NOTES:
# LAST OF SEVERAL OCCURRENCES
COLUMN 17 PEAK WIND IN M.P.H.
PRELIMINARY LOCAL CLIMATOLOGICAL DATA (WS FORM: F-6) , PAGE 2
STATION: NEW BERN NC
MONTH: SEPTEMBER
YEAR: 2022
LATITUDE: 35 4 N
LONGITUDE: 77 3 W
[TEMPERATURE DATA] [PRECIPITATION DATA] SYMBOLS USED IN COLUMN 16
AVERAGE MONTHLY: 74.4 TOTAL FOR MONTH: 4.50 1 = FOG OR MIST
DPTR FM NORMAL: 0.2 DPTR FM NORMAL: -1.83 2 = FOG REDUCING VISIBILITY
HIGHEST: 91 ON 22 GRTST 24HR 2.82 ON 30-30 TO 1/4 MILE OR LESS
LOWEST: 47 ON 24 3 = THUNDER
SNOW, ICE PELLETS, HAIL 4 = ICE PELLETS
TOTAL MONTH: 0.0 INCH 5 = HAIL
GRTST 24HR 0.0 6 = FREEZING RAIN OR DRIZZLE
GRTST DEPTH: 0 7 = DUSTSTORM OR SANDSTORM:
VSBY 1/2 MILE OR LESS
8 = SMOKE OR HAZE
[NO. OF DAYS WITH] [WEATHER - DAYS WITH] 9 = BLOWING SNOW
X = TORNADO
MAX 32 OR BELOW: 0 0.01 INCH OR MORE: 9
MAX 90 OR ABOVE: 2 0.10 INCH OR MORE: 7
MIN 32 OR BELOW: 0 0.50 INCH OR MORE: 1
MIN 0 OR BELOW: 0 1.00 INCH OR MORE: 1
[HDD (BASE 65) ]
TOTAL THIS MO. 7 CLEAR (SCALE 0-3) 20
DPTR FM NORMAL 2 PTCLDY (SCALE 4-7) 8
TOTAL FM JUL 1 7 CLOUDY (SCALE 8-10) 2
DPTR FM NORMAL 4
[CDD (BASE 65) ]
TOTAL THIS MO. 296
DPTR FM NORMAL 16 [PRESSURE DATA]
TOTAL FM JAN 1 2037 HIGHEST SLP M ON M
DPTR FM NORMAL 240 LOWEST SLP 29.63 ON 22
[REMARKS]
#FINAL-09-22#
9/30 DATA IS FROM COOP SITE IN PERRYTOWN NC DUE TO EWN OUTAGE.