000
CXUS53 KIND 010700
CF6EYE
PRELIMINARY LOCAL CLIMATOLOGICAL DATA (WS FORM: F-6)
STATION: INDIANAPOLIS EAGLE CREEK IN
MONTH: FEBRUARY
YEAR: 2024
LATITUDE: 39 49 N
LONGITUDE: 86 18 W
TEMPERATURE IN F: :PCPN: SNOW: WIND :SUNSHINE: SKY :PK WND
================================================================================
1 2 3 4 5 6A 6B 7 8 9 10 11 12 13 14 15 16 17 18
12Z AVG MX 2MIN
DY MAX MIN AVG DEP HDD CDD WTR SNW DPTH SPD SPD DIR MIN PSBL S-S WX SPD DR
================================================================================
1 54 34 44 15 21 0 0.00 M M 5.5 14 200 M M 0 20 220
2 45 33 39 10 26 0 0.00 M M 7.7 15 70 M M 7 18 21 70
3 48 28 38 8 27 0 0.00 M M 7.7 14 90 M M 0 1 20 90
4 52 30 41 11 24 0 0.00 M M 7.7 14 50 M M 0 20 60
5 53 28 41 11 24 0 0.00 M M 7.7 15 10 M M 0 18 20 30
6 45 30 38 8 27 0 0.00 M M 5.7 13 110 M M 5 18 17 70
7 54 28 41 11 24 0 0.00 M M 3.0 12 330 M M 0 18 14 330
8 64 37 51 20 14 0 T M M 9.0 20 200 M M 3 34 190
9 66 53 60 29 5 0 0.00 M M 9.8 20 200 M M 5 34 200
10 57 37 47 16 18 0 T M M 8.6 20 330 M M 2 1 34 210
11 47 28 38 7 27 0 0.00 M M 5.6 14 50 M M 0 18 60
12 47 31 39 7 26 0 0.00 M M 7.1 16 360 M M 2 20 10
13 49 31 40 8 25 0 0.00 M M 8.4 18 280 M M 4 28 280
14 50 31 41 9 24 0 T M M 5.8 12 100 M M 3 17 100
15 50 35 43 11 22 0 T M M 10.4 26 290 M M 3 37 290
16 36 23 30 -3 35 0 0.26 M M 8.3 17 340 M M 8 12 22 310
17 25 14 20 -13 45 0 T M M 10.6 20 300 M M 3 1 26 300
18 36 15 26 -7 39 0 0.00 M M 7.0 15 210 M M 0 27 220
19 49 19 34 0 31 0 0.00 M M 2.4 8 140 M M 0 18 13 170
20 58 25 42 8 23 0 0.00 M M 2.6 13 180 M M 0 18 18 160
21 67 32 50 16 15 0 0.00 M M 5.4 18 200 M M 1 33 200
22 58 43 51 16 14 0 0.30 M M 5.1 16 10 M M 5 13 22 10
23 52 34 43 8 22 0 T M M 7.2 20 310 M M 3 12 29 300
24 46 28 37 2 28 0 T M M 9.1 23 330 M M 6 1 30 340
25 62 28 45 9 20 0 0.00 M M 6.3 17 210 M M 1 27 170
26 74 33 54 18 11 0 0.00 M M 4.1 10 210 M M 0 21 230
27 70 61 66 30 0 1 0.00 M M 9.5 16 210 M M 7 37 210
28 71 27 49 12 16 0 0.61 M M 16.5 30 300 M M 6 13 41 310
29 45 24 35 -2 30 0 0.00 M M 5.0 12 150 M M 0 19 150
================================================================================
SM 1530 900 663 1 1.17 M 208.8 M 74
================================================================================
AV 52.8 31.0 7.2 FASTST M M 3 MAX(MPH)
MISC ----> 30 300 41 310
================================================================================
NOTES:
# LAST OF SEVERAL OCCURRENCES
COLUMN 17 PEAK WIND IN M.P.H.
PRELIMINARY LOCAL CLIMATOLOGICAL DATA (WS FORM: F-6) , PAGE 2
STATION: INDIANAPOLIS EAGLE CREEK IN
MONTH: FEBRUARY
YEAR: 2024
LATITUDE: 39 49 N
LONGITUDE: 86 18 W
[TEMPERATURE DATA] [PRECIPITATION DATA] SYMBOLS USED IN COLUMN 16
AVERAGE MONTHLY: 41.9 TOTAL FOR MONTH: 1.17 1 = FOG OR MIST
DPTR FM NORMAL: 9.4 DPTR FM NORMAL: -0.90 2 = FOG REDUCING VISIBILITY
HIGHEST: 74 ON 26 GRTST 24HR 0.61 ON 28-28 TO 1/4 MILE OR LESS
LOWEST: 14 ON 17 3 = THUNDER
SNOW, ICE PELLETS, HAIL 4 = ICE PELLETS
TOTAL MONTH: M 5 = HAIL
GRTST 24HR M ON M 6 = FREEZING RAIN OR DRIZZLE
GRTST DEPTH: M ON M 7 = DUSTSTORM OR SANDSTORM:
VSBY 1/2 MILE OR LESS
8 = SMOKE OR HAZE
[NO. OF DAYS WITH] [WEATHER - DAYS WITH] 9 = BLOWING SNOW
X = TORNADO
MAX 32 OR BELOW: 1 0.01 INCH OR MORE: 3
MAX 90 OR ABOVE: 0 0.10 INCH OR MORE: 3
MIN 32 OR BELOW: 19 0.50 INCH OR MORE: 1
MIN 0 OR BELOW: 0 1.00 INCH OR MORE: 0
[HDD (BASE 65) ]
TOTAL THIS MO. 663 CLEAR (SCALE 0-3) 19
DPTR FM NORMAL -247 PTCLDY (SCALE 4-7) 9
TOTAL FM JUL 1 3352 CLOUDY (SCALE 8-10) 1
DPTR FM NORMAL -732
[CDD (BASE 65) ]
TOTAL THIS MO. 1
DPTR FM NORMAL 1 [PRESSURE DATA]
TOTAL FM JAN 1 1 HIGHEST SLP M ON M
DPTR FM NORMAL 1 LOWEST SLP 29.31 ON 28
[REMARKS]
#FINAL-02-24#