000
CXUS52 KKEY 011546 CCA
CF6EYW
PRELIMINARY LOCAL CLIMATOLOGICAL DATA (WS FORM: F-6)...CORRECTED
STATION: KEY WEST
MONTH: AUGUST
YEAR: 2020
LATITUDE: 24 32 N
LONGITUDE: 81 45 W
TEMPERATURE IN F: :PCPN: SNOW: WIND :SUNSHINE: SKY :PK WND
================================================================================
1 2 3 4 5 6A 6B 7 8 9 10 11 12 13 14 15 16 17 18
12Z AVG MX 2MIN
DY MAX MIN AVG DEP HDD CDD WTR SNW DPTH SPD SPD DIR MIN PSBL S-S WX SPD DR
================================================================================
1 92 80 86 1 0 21 0.06 0.0 0 10.3 18 60 M M 4 24 60
2 91 84 88 3 0 23 0.00 0.0 0 8.9 16 310 M M 3 20 300
3 90 84 87 2 0 22 0.00 0.0 0 5.8 10 230 M M 2 18 210
4 91 85 88 3 0 23 0.00 0.0 0 6.3 13 130 M M 1 38 16 120
5 90 85 88 3 0 23 0.00 0.0 0 8.3 17 160 M M 1 22 160
6 91 85 88 3 0 23 0.00 0.0 0 7.9 14 160 M M 1 20 150
7 93 84 89 4 0 24 0.00 0.0 0 7.9 15 20 M M 2 3 20 20
8 92 84 88 3 0 23 0.07 0.0 0 8.8 15 110 M M 2 8 18 100
9 92 83 88 3 0 23 0.19 0.0 0 9.2 16 120 M M 3 18X 20 110
10 93 86 90 5 0 25 0.00 0.0 0 9.3 14 110 M M 1 17 110
11 93 84 89 4 0 24 0.01 0.0 0 7.2 14 100 M M 2 3 17 110
12 93 85 89 4 0 24 0.00 0.0 0 10.1 16 110 M M 1 3 20 100
13 92 84 88 3 0 23 0.00 0.0 0 11.6 22 140 M M 2 28 140
14 92 86 89 4 0 24 0.00 0.0 0 10.0 16 120 M M 2 20 120
15 92 85 89 4 0 24 0.01 0.0 0 7.7 15 130 M M 2 20 170
16 92 86 89 4 0 24 0.00 0.0 0 5.8 12 120 M M 3 3 16 140
17 92 80 86 1 0 21 0.34 0.0 0 5.1 15 30 M M 2 13 20 40
18 92 82 87 2 0 22 0.00 0.0 0 5.6 13 150 M M 2 3 16 150
19 91 84 88 4 0 23 0.00 0.0 0 6.6 14 180 M M 2 3 18 190
20 91 79 85 1 0 20 0.27 0.0 0 7.4 21 130 M M 3 13 27 120
21 90 75 83 -1 0 18 0.66 0.0 0 11.3 39 200 M M 3 13 54 190
22 91 80 86 2 0 21 0.15 0.0 0 15.7 29 130 M M 2 36 130
23 92 84 88 4 0 23 T 0.0 0 16.4 28 130 M M 2 38 35 130
24 89 80 85 1 0 20 0.08 0.0 0 24.5 39 130 M M 6 38 47 140
25 91 85 88 4 0 23 T 0.0 0 19.3 32 120 M M 4 41 130
26 89 82 86 2 0 21 0.10 0.0 0 11.6 21 120 M M 2 8 27 130
27 89 82 86 2 0 21 T 0.0 0 9.3 18 120 M M 2 23 130
28 91 85 88 4 0 23 0.00 0.0 0 9.4 16 160 M M 1 22 170
29 90 84 87 3 0 22 0.00 0.0 0 7.4 12 160 M M 2 20 140
30 90 84 87 3 0 22 0.00 0.0 0 3.6 9 160 M M 1 16 180
31 91 81 86 2 0 21 0.67 0.0 0 5.3 17 60 M M 2 13 20 70
================================================================================
SM 2828 2577 0 694 2.61 0.0 293.6 M 68
================================================================================
AV 91.2 83.1 9.5 FASTST M M 2 MAX(MPH)
MISC ----> # 39 200 # 54 190
================================================================================
NOTES:
# LAST OF SEVERAL OCCURRENCES
COLUMN 17 PEAK WIND IN M.P.H.
PRELIMINARY LOCAL CLIMATOLOGICAL DATA (WS FORM: F-6) , PAGE 2
STATION: KEY WEST
MONTH: AUGUST
YEAR: 2020
LATITUDE: 24 32 N
LONGITUDE: 81 45 W
[TEMPERATURE DATA] [PRECIPITATION DATA] SYMBOLS USED IN COLUMN 16
AVERAGE MONTHLY: 87.2 TOTAL FOR MONTH: 2.61 1 = FOG OR MIST
DPTR FM NORMAL: 2.7 DPTR FM NORMAL: -2.77 2 = FOG REDUCING VISIBILITY
HIGHEST: 93 ON 12,11 GRTST 24HR 0.67 ON 31-31 TO 1/4 MILE OR LESS
LOWEST: 75 ON 21 3 = THUNDER
SNOW, ICE PELLETS, HAIL 4 = ICE PELLETS
TOTAL MONTH: 0.0 INCH 5 = HAIL
GRTST 24HR 0.0 6 = FREEZING RAIN OR DRIZZLE
GRTST DEPTH: 0 7 = DUSTSTORM OR SANDSTORM:
VSBY 1/2 MILE OR LESS
8 = SMOKE OR HAZE
[NO. OF DAYS WITH] [WEATHER - DAYS WITH] 9 = BLOWING SNOW
X = TORNADO
MAX 32 OR BELOW: 0 0.01 INCH OR MORE: 12
MAX 90 OR ABOVE: 28 0.10 INCH OR MORE: 7
MIN 32 OR BELOW: 0 0.50 INCH OR MORE: 2
MIN 0 OR BELOW: 0 1.00 INCH OR MORE: 0
[HDD (BASE 65) ]
TOTAL THIS MO. 0 CLEAR (SCALE 0-3) 28
DPTR FM NORMAL 0 PTCLDY (SCALE 4-7) 3
TOTAL FM JUL 1 0 CLOUDY (SCALE 8-10) 0
DPTR FM NORMAL 0
[CDD (BASE 65) ]
TOTAL THIS MO. 694
DPTR FM NORMAL 90 [PRESSURE DATA]
TOTAL FM JAN 1 3878 HIGHEST SLP M ON M
DPTR FM NORMAL 689 LOWEST SLP 29.82 ON M
[REMARKS]
#FINAL-08-20#
CORRECTED DEPARTURE FROM NORMAL IN COLUMN 5 ON AUGUST 17TH AND 18TH.
CORRECTED NUMBER OF DAYS WITH CLEAR AND PARTLY CLOUDY SKIES.
ROSS