000
CXAK56 PAFG 010954
CF6FAI
PRELIMINARY LOCAL CLIMATOLOGICAL DATA (WS FORM: F-6)
STATION: FAIRBANKS AK
MONTH: OCTOBER
YEAR: 2021
LATITUDE: 64 49 N
LONGITUDE: 147 52 W
TEMPERATURE IN F: :PCPN: SNOW: WIND :SUNSHINE: SKY :PK WND
================================================================================
1 2 3 4 5 6A 6B 7 8 9 10 11 12 13 14 15 16 17 18
12Z AVG MX 2MIN
DY MAX MIN AVG DEP HDD CDD WTR SNW DPTH SPD SPD DIR MIN PSBL S-S WX SPD DR
================================================================================
1 32 26 29 -9 36 0 0.21 3.0 3 3.8 8 200 M M 9 1 12 210
2 35 29 32 -5 33 0 0.49 2.8 5 2.7 7 260 M M 10 1 9 270
3 35 32 34 -3 31 0 0.10 0.9 4 3.7 8 210 M M 9 1 10 210
4 35 21 28 -8 37 0 0.01 T 4 2.1 6 40 M M 9 1 8 100
5 41 18 30 -5 35 0 0.00 0.0 4 1.6 7 30 M M 6 7 50
6 43 25 34 -1 31 0 0.13 0.0 3 2.7 8 50 M M 8 1 11 80
7 40 35 38 4 27 0 0.31 T 1 3.5 8 60 M M 10 12 12 210
8 44 31 38 5 27 0 T T 1 5.3 13 50 M M 8 1 16 50
9 40 33 37 5 28 0 T 0.0 1 3.0 7 210 M M 8 11 200
10 38 34 36 4 29 0 0.03 0.2 T 4.6 9 20 M M 9 12 12 20
11 46 29 38 7 27 0 0.00 0.0 T 5.9 14 70 M M 6 18 70
12 35 27 31 1 34 0 T T T 4.3 12 360 M M 7 14 360
13 35 28 32 3 33 0 T T T 3.8 8 350 M M 9 10 360
14 35 27 31 3 34 0 T 0.1 T 3.2 8 360 M M 9 1 10 10
15 32 24 28 0 37 0 T T T 2.9 7 30 M M 8 1 8 360
16 31 25 28 1 37 0 0.01 0.6 T 2.8 10 140 M M 9 1 14 140
17 34 17 26 0 39 0 0.00 0.0 1 3.2 7 40 M M 6 9 40
18 38 18 28 3 37 0 0.00 0.0 1 1.2 8 70 M M 5 9 80
19 39 15 27 3 38 0 0.00 0.0 T 3.7 9 70 M M 6 11 70
20 43 21 32 9 33 0 0.00 0.0 T 2.1 12 40 M M 7 12 40
21 34 20 27 5 38 0 0.00 0.0 T 1.6 9 20 M M 6 10 20
22 48 18 33 12 32 0 0.00 0.0 T 1.0 6 40 M M 6 7 140
23 42 20 31 11 34 0 0.00 0.0 T 0.9 5 180 M M 6 5 90
24 26 20 23 3 42 0 0.02 0.3 T 0.5 6 160 M M 9 126 7 160
25 32 24 28 9 37 0 T T T 0.4 5 210 M M 10 6 220
26 34 29 32 14 33 0 T T T 0.6 5 200 M M 10 126 7 200
27 30 25 28 11 37 0 T 0.1 T 2.1 6 190 M M 9 1 7 190
28 27 19 23 7 42 0 T T T 1.6 7 200 M M 9 1 9 190
29 23 19 21 6 44 0 T T T 3.7 9 30 M M 9 1 12 30
30 48 21 35 21 30 0 0.00 0.0 T 5.3 16 120 M M 9 23 120
31 48 36 42 29 23 0 0.00 0.0 T 9.7 21 130 M M 8 29 140
================================================================================
SM 1143 766 1055 0 1.31 8.0 93.5 M 249
================================================================================
AV 36.9 24.7 3.0 FASTST M M 8 MAX(MPH)
MISC ----> 21 130 29 140
================================================================================
NOTES:
# LAST OF SEVERAL OCCURRENCES
COLUMN 17 PEAK WIND IN M.P.H.
PRELIMINARY LOCAL CLIMATOLOGICAL DATA (WS FORM: F-6) , PAGE 2
STATION: FAIRBANKS AK
MONTH: OCTOBER
YEAR: 2021
LATITUDE: 64 49 N
LONGITUDE: 147 52 W
[TEMPERATURE DATA] [PRECIPITATION DATA] SYMBOLS USED IN COLUMN 16
AVERAGE MONTHLY: 30.8 TOTAL FOR MONTH: 1.31 1 = FOG OR MIST
DPTR FM NORMAL: 4.6 DPTR FM NORMAL: 0.55 2 = FOG REDUCING VISIBILITY
HIGHEST: 48 ON 31,30 GRTST 24HR 0.53 ON 2- 3 TO 1/4 MILE OR LESS
LOWEST: 15 ON 19 3 = THUNDER
SNOW, ICE PELLETS, HAIL 4 = ICE PELLETS
TOTAL MONTH: 8.0 INCHES 5 = HAIL
GRTST 24HR 3.0 ON 1- 1 6 = FREEZING RAIN OR DRIZZLE
GRTST DEPTH: 5 ON 2 7 = DUSTSTORM OR SANDSTORM:
VSBY 1/2 MILE OR LESS
8 = SMOKE OR HAZE
[NO. OF DAYS WITH] [WEATHER - DAYS WITH] 9 = BLOWING SNOW
X = TORNADO
MAX 32 OR BELOW: 8 0.01 INCH OR MORE: 9
MAX 90 OR ABOVE: 0 0.10 INCH OR MORE: 5
MIN 32 OR BELOW: 27 0.50 INCH OR MORE: 0
MIN 0 OR BELOW: 0 1.00 INCH OR MORE: 0
[HDD (BASE 65) ]
TOTAL THIS MO. 1055 CLEAR (SCALE 0-3) 0
DPTR FM NORMAL -146 PTCLDY (SCALE 4-7) 13
TOTAL FM JUL 1 2014 CLOUDY (SCALE 8-10) 18
DPTR FM NORMAL -119
[CDD (BASE 65) ]
TOTAL THIS MO. 0
DPTR FM NORMAL 0 [PRESSURE DATA]
TOTAL FM JAN 1 125 HIGHEST SLP M ON M
DPTR FM NORMAL 57 LOWEST SLP 28.92 ON 22
[REMARKS]
#FINAL-10-21#