000
CXUS54 KOUN 010700
CF6FDR
PRELIMINARY LOCAL CLIMATOLOGICAL DATA (WS FORM: F-6)
STATION: FREDERICK MUNICIPAL
MONTH: MAY
YEAR: 2020
LATITUDE: 34 21 N
LONGITUDE: 98 59 W
TEMPERATURE IN F: :PCPN: SNOW: WIND :SUNSHINE: SKY :PK WND
================================================================================
1 2 3 4 5 6A 6B 7 8 9 10 11 12 13 14 15 16 17 18
12Z AVG MX 2MIN
DY MAX MIN AVG DEP HDD CDD WTR SNW DPTH SPD SPD DIR MIN PSBL S-S WX SPD DR
================================================================================
1 96 59 78 11 0 13 0.00 0.0 0 17.0 30 200 M M 0 34 200
2 101 60 81 13 0 16 0.00 0.0 0 15.1 26 150 M M 0 33 170
3 92 66 79 11 0 14 0.00 0.0 0 10.6 16 20 M M 0 26 350
4 108 66 87 19 0 22 0.00 0.0 0 16.7 31 20 M M 0 8 40 30
5 81 58 70 2 0 5 0.00 0.0 0 14.1 33 10 M M 3 41 20
6 85 52 69 0 0 4 0.00 0.0 0 6.5 20 80 M M 0 8 23 80
7 89 53 71 2 0 6 T 0.0 0 22.8 37 180 M M 2 3 45 170
8 74 50 62 -8 3 0 0.00 0.0 0 22.4 35 10 M M 3 45 10
9 75 42 59 -11 6 0 0.00 0.0 0 9.5 37 350 M M 0 45 10
10 80 52 66 -4 0 1 0.00 0.0 0 9.9 21 70 M M 3 25 60
11 80 49 65 -5 0 0 0.18 0.0 0 15.1 24 20 M M 6 13 31 20
12 64 54 59 -12 6 0 0.12 0.0 0 11.8 18 50 M M 8 13 22 50
13 90 57 74 3 0 9 0.53 0.0 0 15.7 32 270 M M 7 123 40 170
14 92 62 77 6 0 12 0.18 0.0 0 16.8 29 100 M M 1 13 34 100
15 94 60 77 5 0 12 3.32 0.0 0 17.4 47 90 M M 3 13 58 80
16 72 62 67 -5 0 2 0.02 0.0 0 8.6 28 120 M M 4 32 120
17 85 62 74 2 0 9 0.00 0.0 0 7.3 14 360 M M 0 19 20
18 90 61 76 3 0 11 0.00 0.0 0 11.5 18 70 M M 0 8 26 120
19 86 65 76 3 0 11 0.00 0.0 0 15.4 25 80 M M 0 28 80
20 81 62 72 -1 0 7 T 0.0 0 13.9 23 90 M M 7 3 27 100
21 89 66 78 4 0 13 T 0.0 0 12.7 23 130 M M 2 13 29 130
22 94 63 79 5 0 14 0.18 0.0 0 14.0 37 180 M M 4 138 46 180
23 90 65 78 4 0 13 1.12 0.0 0 16.7 41 250 M M 5 13 49 250
24 88 61 75 0 0 10 0.28 0.0 0 16.6 40 130 M M 2 13 47 130
25 72 61 67 -8 0 2 T 0.0 0 11.2 22 330 M M 5 25 330
26 80 59 70 -5 0 5 0.00 0.0 0 11.9 24 340 M M 3 28 360
27 86 59 73 -3 0 8 0.00 0.0 0 5.1 13 50 M M 1 16 30
28 86 64 75 -1 0 10 0.00 0.0 0 10.0 23 360 M M 2 29 10
29 90 64 77 1 0 12 0.00 0.0 0 6.8 15 160 M M 0 17 150
30 88 64 76 0 0 11 0.00 0.0 0 9.8 22 140 M M 0 26 140
31 87 62 75 -2 0 10 0.00 0.0 0 9.8 20 140 M M 0 23 150
================================================================================
SM 2665 1840 15 262 5.93 0.0 402.7 M 71
================================================================================
AV 86.0 59.4 13.0 FASTST M M 2 MAX(MPH)
MISC ----> # 47 90 # 58 80
================================================================================
NOTES:
# LAST OF SEVERAL OCCURRENCES
COLUMN 17 PEAK WIND IN M.P.H.
PRELIMINARY LOCAL CLIMATOLOGICAL DATA (WS FORM: F-6) , PAGE 2
STATION: FREDERICK MUNICIPAL
MONTH: MAY
YEAR: 2020
LATITUDE: 34 21 N
LONGITUDE: 98 59 W
[TEMPERATURE DATA] [PRECIPITATION DATA] SYMBOLS USED IN COLUMN 16
AVERAGE MONTHLY: 72.7 TOTAL FOR MONTH: 5.93 1 = FOG OR MIST
DPTR FM NORMAL: 0.7 DPTR FM NORMAL: 2.20 2 = FOG REDUCING VISIBILITY
HIGHEST: 108 ON 4 GRTST 24HR 3.32 ON 15-15 TO 1/4 MILE OR LESS
LOWEST: 42 ON 9 3 = THUNDER
SNOW, ICE PELLETS, HAIL 4 = ICE PELLETS
TOTAL MONTH: 0.0 INCH 5 = HAIL
GRTST 24HR 0.0 6 = FREEZING RAIN OR DRIZZLE
GRTST DEPTH: 0 7 = DUSTSTORM OR SANDSTORM:
VSBY 1/2 MILE OR LESS
8 = SMOKE OR HAZE
[NO. OF DAYS WITH] [WEATHER - DAYS WITH] 9 = BLOWING SNOW
X = TORNADO
MAX 32 OR BELOW: 0 0.01 INCH OR MORE: 9
MAX 90 OR ABOVE: 11 0.10 INCH OR MORE: 8
MIN 32 OR BELOW: 0 0.50 INCH OR MORE: 3
MIN 0 OR BELOW: 0 1.00 INCH OR MORE: 2
[HDD (BASE 65) ]
TOTAL THIS MO. 15 CLEAR (SCALE 0-3) 22
DPTR FM NORMAL -7 PTCLDY (SCALE 4-7) 8
TOTAL FM JUL 1 2884 CLOUDY (SCALE 8-10) 1
DPTR FM NORMAL -168
[CDD (BASE 65) ]
TOTAL THIS MO. 262
DPTR FM NORMAL 22 [PRESSURE DATA]
TOTAL FM JAN 1 358 HIGHEST SLP M ON M
DPTR FM NORMAL 35 LOWEST SLP 28.77 ON 31
[REMARKS]
#FINAL-05-20#