000
CXUS52 KFFC 221010
CF6FFC
PRELIMINARY LOCAL CLIMATOLOGICAL DATA (WS FORM: F-6)
STATION: PEACHTREE CITY
MONTH: APRIL
YEAR: 2024
LATITUDE: 33 20 N
LONGITUDE: 84 34 W
TEMPERATURE IN F: :PCPN: SNOW: WIND :SUNSHINE: SKY :PK WND
================================================================================
1 2 3 4 5 6A 6B 7 8 9 10 11 12 13 14 15 16 17 18
12Z AVG MX 2MIN
DY MAX MIN AVG DEP HDD CDD WTR SNW DPTH SPD SPD DIR MIN PSBL S-S WX SPD DR
================================================================================
1 80 62 71 12 0 6 0.00 M M 3.7 10 230 M M 7 34 280
2 82 68 75 16 0 10 0.42 M M 5.5 13 150 M M 6 138 27 150
3 72 51 62 3 3 0 1.62 M M 10.2 22 310 M M 5 13 32 300
4 67 45 56 -4 9 0 0.00 M M 8.2 22 300 M M 1 36 300
5 66 39 53 -7 12 0 0.00 M M 7.3 22 320 M M 0 27 300
6 68 40 54 -6 11 0 0.00 M M 4.3 10 330 M M 0 16 10
7 77 37 57 -3 8 0 0.00 M M 2.4 12 120 M M 0 18 17 210
8 78 50 64 3 1 0 T M M 2.7 13 130 M M 3 20 140
9 65 60 63 2 2 0 0.36 M M 3.2 14 130 M M 9 1 18 130
10 74 60 67 6 0 2 0.57 M M 7.6 29 130 M M 8 1 43 110
11 76 56 66 5 0 1 0.04 M M 10.8 24 140 M M 9 18 37 130
12 71 47 59 -3 6 0 0.00 M M 9.3 28 290 M M 1 44 290
13 80 42 61 -1 4 0 0.00 M M 5.1 21 310 M M 0 27 320
14 86 47 67 5 0 2 0.00 M M 2.0 12 260 M M 0 18 210
15 85 52 69 7 0 4 0.00 M M 2.5 13 290 M M 0 20 260
16 86 53 70 8 0 5 0.00 M M 1.7 12 130 M M 0 17 200
17 82 62 72 9 0 7 0.02 M M 2.7 12 270 M M 2 13 19 260
18 87 59 73 10 0 8 0.06 M M 2.0 13 300 M M 2 13 16 270
19 86 67 77 14 0 12 T M M 3.5 10 270 M M 3 1 16 300
20 83 58 71 8 0 6 0.22 M M 6.9 20 310 M M 3 13 28 320
21 63 47 55 -9 10 0 1.01 M M 8.9 17 310 M M 6 13 26 300
================================================================================
SM 1614 1102 66 63 4.32 M 110.5 M 65
================================================================================
AV 76.9 52.5 5.3 FASTST M M 3 MAX(MPH)
MISC ----> 29 130 44 290
================================================================================
NOTES:
# LAST OF SEVERAL OCCURRENCES
COLUMN 17 PEAK WIND IN M.P.H.
PRELIMINARY LOCAL CLIMATOLOGICAL DATA (WS FORM: F-6) , PAGE 2
STATION: PEACHTREE CITY
MONTH: APRIL
YEAR: 2024
LATITUDE: 33 20 N
LONGITUDE: 84 34 W
[TEMPERATURE DATA] [PRECIPITATION DATA] SYMBOLS USED IN COLUMN 16
AVERAGE MONTHLY: 64.7 TOTAL FOR MONTH: 4.32 1 = FOG OR MIST
DPTR FM NORMAL: 3.4 DPTR FM NORMAL: 1.61 2 = FOG REDUCING VISIBILITY
HIGHEST: 87 ON 18 GRTST 24HR 2.04 ON 2- 3 TO 1/4 MILE OR LESS
LOWEST: 37 ON 7 3 = THUNDER
SNOW, ICE PELLETS, HAIL 4 = ICE PELLETS
TOTAL MONTH: M 5 = HAIL
GRTST 24HR M ON M 6 = FREEZING RAIN OR DRIZZLE
GRTST DEPTH: M ON M 7 = DUSTSTORM OR SANDSTORM:
VSBY 1/2 MILE OR LESS
8 = SMOKE OR HAZE
[NO. OF DAYS WITH] [WEATHER - DAYS WITH] 9 = BLOWING SNOW
X = TORNADO
MAX 32 OR BELOW: 0 0.01 INCH OR MORE: 9
MAX 90 OR ABOVE: 0 0.10 INCH OR MORE: 6
MIN 32 OR BELOW: 0 0.50 INCH OR MORE: 3
MIN 0 OR BELOW: 0 1.00 INCH OR MORE: 2
[HDD (BASE 65) ]
TOTAL THIS MO. 66 CLEAR (SCALE 0-3) 13
DPTR FM NORMAL -40 PTCLDY (SCALE 4-7) 6
TOTAL FM JUL 1 2400 CLOUDY (SCALE 8-10) 2
DPTR FM NORMAL -138
[CDD (BASE 65) ]
TOTAL THIS MO. 63
DPTR FM NORMAL 32 [PRESSURE DATA]
TOTAL FM JAN 1 65 HIGHEST SLP M ON M
DPTR FM NORMAL 18 LOWEST SLP 29.44 ON 3
[REMARKS]