000
CXUS53 KLMK 010710
CF6FFT
PRELIMINARY LOCAL CLIMATOLOGICAL DATA (WS FORM: F-6)
STATION: FRANKFORT KY
MONTH: SEPTEMBER
YEAR: 2022
LATITUDE: 38 10 N
LONGITUDE: 84 54 W
TEMPERATURE IN F: :PCPN: SNOW: WIND :SUNSHINE: SKY :PK WND
================================================================================
1 2 3 4 5 6A 6B 7 8 9 10 11 12 13 14 15 16 17 18
12Z AVG MX 2MIN
DY MAX MIN AVG DEP HDD CDD WTR SNW DPTH SPD SPD DIR MIN PSBL S-S WX SPD DR
================================================================================
1 86 56 71 -3 0 6 0.00 M M 1.8 9 110 M M 1 1 14 150
2 87 60 74 0 0 9 0.00 M M 2.8 10 160 M M 0 15 240
3 86 69 78 5 0 13 1.18 M M 6.1 16 120 M M 6 13 22 120
4 84 68 76 3 0 11 0.00 M M 4.2 10 160 M M 5 12 15 150
5 84 69 77 4 0 12 0.43 M M 4.0 15 120 M M 6 13 20 100
6 83 67 75 3 0 10 T M M 2.4 12 330 M M 6 12 18 340
7 82 61 72 0 0 7 0.00 M M 5.1 13 340 M M 1 1 19 300
8 82 55 69 -3 0 4 0.00 M M 2.8 9 30 M M 1 1 16 50
9 87 57 72 0 0 7 0.00 M M 2.4 9 20 M M 2 1 18 280
10 82 63 73 2 0 8 0.00 M M 3.6 10 120 M M 2 14 130
11 81 68 75 4 0 10 1.40 M M 5.3 14 190 M M 9 13 20 190
12 74 58 66 -5 0 1 0.00 M M 7.3 15 220 M M 5 21 220
13 74 53 64 -6 1 0 0.00 M M 4.4 10 310 M M 5 14 330
14 81 54 68 -2 0 3 0.00 M M 1.6 9 60 M M 3 12 12 70
15 84 55 70 0 0 5 0.00 M M 1.7 9 80 M M 1 12 13 130
16 85 53 69 0 0 4 0.00 M M 1.5 10 160 M M 1 12 13 200
17 85 58 72 3 0 7 0.00 M M 3.5 13 210 M M 1 1 18 230
18 85 57 71 3 0 6 0.00 M M 4.0 14 200 M M 2 19 240
19 86 65 76 8 0 11 0.00 M M 4.9 13 240 M M 3 1 21 240
20 89 62 76 8 0 11 0.00 M M 1.1 7 340 M M 2 12 11 320
21 94 64 79 12 0 14 0.00 M M 4.1 13 240 M M 1 22 230
22 76 54 65 -2 0 0 0.00 M M 8.0 18 320 M M 3 28 330
23 71 45 58 -9 7 0 T M M 3.4 10 60 M M 1 14 60
24 75 55 65 -1 0 0 0.01 M M 8.0 18 220 M M 6 25 220
25 77 55 66 0 0 1 0.07 M M 7.3 17 240 M M 2 26 250
26 72 49 61 -5 4 0 0.00 M M 7.5 17 320 M M 2 27 300
27 69 43 56 -9 9 0 0.00 M M 5.6 18 310 M M 0 28 310
28 64 38 51 -14 14 0 0.00 M M 4.4 14 360 M M 4 20 360
29 70 45 58 -6 7 0 0.00 M M 7.4 18 60 M M 1 25 60
30 73 46 60 -4 5 0 0.00 M M 5.9 14 60 M M 0 22 50
================================================================================
SM 2408 1702 47 160 3.09 M 132.1 M 82
================================================================================
AV 80.3 56.7 4.4 FASTST M M 3 MAX(MPH)
MISC ----> # 18 320 # 28 330
================================================================================
NOTES:
# LAST OF SEVERAL OCCURRENCES
COLUMN 17 PEAK WIND IN M.P.H.
PRELIMINARY LOCAL CLIMATOLOGICAL DATA (WS FORM: F-6) , PAGE 2
STATION: FRANKFORT KY
MONTH: SEPTEMBER
YEAR: 2022
LATITUDE: 38 10 N
LONGITUDE: 84 54 W
[TEMPERATURE DATA] [PRECIPITATION DATA] SYMBOLS USED IN COLUMN 16
AVERAGE MONTHLY: 68.5 TOTAL FOR MONTH: 3.09 1 = FOG OR MIST
DPTR FM NORMAL: -0.7 DPTR FM NORMAL: -0.26 2 = FOG REDUCING VISIBILITY
HIGHEST: 94 ON 21 GRTST 24HR 1.40 ON 11-11 TO 1/4 MILE OR LESS
LOWEST: 38 ON 28 3 = THUNDER
SNOW, ICE PELLETS, HAIL 4 = ICE PELLETS
TOTAL MONTH: M 5 = HAIL
GRTST 24HR M ON M 6 = FREEZING RAIN OR DRIZZLE
GRTST DEPTH: M ON M 7 = DUSTSTORM OR SANDSTORM:
VSBY 1/2 MILE OR LESS
8 = SMOKE OR HAZE
[NO. OF DAYS WITH] [WEATHER - DAYS WITH] 9 = BLOWING SNOW
X = TORNADO
MAX 32 OR BELOW: 0 0.01 INCH OR MORE: 5
MAX 90 OR ABOVE: 1 0.10 INCH OR MORE: 3
MIN 32 OR BELOW: 0 0.50 INCH OR MORE: 2
MIN 0 OR BELOW: 0 1.00 INCH OR MORE: 2
[HDD (BASE 65) ]
TOTAL THIS MO. 47 CLEAR (SCALE 0-3) 19
DPTR FM NORMAL 7 PTCLDY (SCALE 4-7) 10
TOTAL FM JUL 1 47 CLOUDY (SCALE 8-10) 1
DPTR FM NORMAL 7
[CDD (BASE 65) ]
TOTAL THIS MO. 160
DPTR FM NORMAL -6 [PRESSURE DATA]
TOTAL FM JAN 1 1383 HIGHEST SLP M ON M
DPTR FM NORMAL 86 LOWEST SLP 29.77 ON 25
[REMARKS]
#FINAL-09-22#