000
CXUS53 KFGF 010815
CF6FGF
PRELIMINARY LOCAL CLIMATOLOGICAL DATA (WS FORM: F-6)
STATION: GRAND FORKS UNIV. (NWS) ND
MONTH: APRIL
YEAR: 2023
LATITUDE: 47 55 N
LONGITUDE: 97 6 W
TEMPERATURE IN F: :PCPN: SNOW: WIND :SUNSHINE: SKY :PK WND
================================================================================
1 2 3 4 5 6A 6B 7 8 9 10 11 12 13 14 15 16 17 18
12Z AVG MX 2MIN
DY MAX MIN AVG DEP HDD CDD WTR SNW DPTH SPD SPD DIR MIN PSBL S-S WX SPD DR
================================================================================
1 30 10 20 -14 45 0 0.00 0.0 20 M M M M M M M M
2 40 19 30 -5 35 0 0.01 T 20 M M M M M M M M
3 32 18 25 -10 40 0 0.01 0.1 19 M M M M M M M M
4 28 20 24 -12 41 0 0.53 7.0 19 M M M M M M M M
5 24 18 21 -15 44 0 0.19 4.2 26 M M M M M M M M
6 28 13 21 -16 44 0 T T 25 M M M M M M M M
7 35 8 22 -15 43 0 T T 23 M M M M M M M M
8 44 12 28 -10 37 0 0.00 0.0 22 M M M M M M M M
9 46 25 36 -2 29 0 0.00 0.0 20 M M M M M M M M
10 43 30 37 -2 28 0 0.00 0.0 19 M M M M M M M M
11 46 32 39 0 26 0 0.00 0.0 16 M M M M M M M M
12 54 33 44 4 21 0 0.00 0.0 12 M M M M M M M M
13 50 34 42 2 23 0 0.01 0.0 8 M M M M M M M M
14 42 35 39 -2 26 0 0.17 0.0 4 M M M M M M M M
15 36 31 34 -7 31 0 0.00 0.0 T M M M M M M M M
16 45 30 38 -4 27 0 0.00 0.0 T M M M M M M M M
17 47 27 37 -5 28 0 0.00 0.0 T M M M M M M M M
18 53 27 40 -3 25 0 0.00 0.0 0 M M M M M M M M
19 43 31 37 -6 28 0 0.16 0.6 0 M M M M M M M M
20 39 29 34 -10 31 0 0.71 5.0 0 M M M M M M M M
21 34 28 31 -13 34 0 0.09 1.3 5 M M M M M M M M
22 38 26 32 -13 33 0 0.00 0.0 3 M M M M M M M M
23 43 23 33 -12 32 0 0.00 0.0 2 M M M M M M M M
24 43 24 34 -12 31 0 0.00 0.0 T M M M M M M M M
25 50 23 37 -9 28 0 0.00 0.0 0 M M M M M M M M
26 47 32 40 -7 25 0 0.05 0.0 0 M M M M M M M M
27 53 33 43 -4 22 0 0.07 0.0 0 M M M M M M M M
28 56 33 45 -2 20 0 0.02 0.0 0 M M M M M M M M
29 53 33 43 -5 22 0 0.04 0.0 0 M M M M M M M M
30 56 33 45 -3 20 0 0.00 0.0 0 M M M M M M M M
================================================================================
SM 1278 770 919 0 2.06 18.2 M M M
================================================================================
AV 42.6 25.7 M FASTST M M M MAX(MPH)
MISC ----> M M M M
================================================================================
NOTES:
# LAST OF SEVERAL OCCURRENCES
COLUMN 17 PEAK WIND IN M.P.H.
PRELIMINARY LOCAL CLIMATOLOGICAL DATA (WS FORM: F-6) , PAGE 2
STATION: GRAND FORKS UNIV. (NWS) ND
MONTH: APRIL
YEAR: 2023
LATITUDE: 47 55 N
LONGITUDE: 97 6 W
[TEMPERATURE DATA] [PRECIPITATION DATA] SYMBOLS USED IN COLUMN 16
AVERAGE MONTHLY: 34.1 TOTAL FOR MONTH: 2.06 1 = FOG OR MIST
DPTR FM NORMAL: -7.3 DPTR FM NORMAL: 0.87 2 = FOG REDUCING VISIBILITY
HIGHEST: 56 ON 30,28 GRTST 24HR 0.71 ON 20-20 TO 1/4 MILE OR LESS
LOWEST: 8 ON 7 3 = THUNDER
SNOW, ICE PELLETS, HAIL 4 = ICE PELLETS
TOTAL MONTH: 18.2 INCHES 5 = HAIL
GRTST 24HR 7.0 ON 4- 4 6 = FREEZING RAIN OR DRIZZLE
GRTST DEPTH: 26 ON 5 7 = DUSTSTORM OR SANDSTORM:
VSBY 1/2 MILE OR LESS
8 = SMOKE OR HAZE
[NO. OF DAYS WITH] [WEATHER - DAYS WITH] 9 = BLOWING SNOW
X = TORNADO
MAX 32 OR BELOW: 5 0.01 INCH OR MORE: 13
MAX 90 OR ABOVE: 0 0.10 INCH OR MORE: 5
MIN 32 OR BELOW: 23 0.50 INCH OR MORE: 2
MIN 0 OR BELOW: 0 1.00 INCH OR MORE: 0
[HDD (BASE 65) ]
TOTAL THIS MO. 919 CLEAR (SCALE 0-3) 0
DPTR FM NORMAL 212 PTCLDY (SCALE 4-7) 0
TOTAL FM JUL 1 9309 CLOUDY (SCALE 8-10) 30
DPTR FM NORMAL 429
[CDD (BASE 65) ]
TOTAL THIS MO. 0
DPTR FM NORMAL -1 [PRESSURE DATA]
TOTAL FM JAN 1 0 HIGHEST SLP M ON M
DPTR FM NORMAL -1 LOWEST SLP M ON M
[REMARKS]
#FINAL-04-23#