000
CXUS54 KLZK 011230
CF6FLP
PRELIMINARY LOCAL CLIMATOLOGICAL DATA (WS FORM: F-6)
STATION: FLIPPIN
MONTH: AUGUST
YEAR: 2023
LATITUDE: 36 17 N
LONGITUDE: 92 28 W
TEMPERATURE IN F: :PCPN: SNOW: WIND :SUNSHINE: SKY :PK WND
================================================================================
1 2 3 4 5 6A 6B 7 8 9 10 11 12 13 14 15 16 17 18
12Z AVG MX 2MIN
DY MAX MIN AVG DEP HDD CDD WTR SNW DPTH SPD SPD DIR MIN PSBL S-S WX SPD DR
================================================================================
1 90 74 82 M 0 17 T M M 2.5 8 60 M M 1 M M
2 95 72 84 M 0 19 0.00 M M 3.8 8 80 M M 1 M M
3 101 77 89 M 0 24 0.00 M M 2.7 10 290 M M 0 M M
4 94 75 85 M 0 20 0.00 M M 5.2 13 20 M M 1 M M
5 86 71 79 M 0 14 T M M 3.1 17 280 M M 0 18 39 260
6 93 68 81 M 0 16 T M M 5.8 14 280 M M 1 18 350
7 88 67 78 M 0 13 0.00 M M 6.5 9 350 M M 0 18 290
8 89 65 77 M 0 12 0.02 M M 2.7 8 200 M M 2 M M
9 80 67 74 M 0 9 3.03 M M 4.9 18 250 M M 6 13 35 10
10 86 66 76 M 0 11 0.00 M M 1.9 6 60 M M 5 1 M M
11 95 70 83 M 0 18 0.00 M M 2.9 6 210 M M 3 12 M M
12 84 71 78 M 0 13 0.39 M M 2.9 8 50 M M 3 13 16 350
13 86 71 79 M 0 14 0.58 M M 1.5 18 320 M M 3 123 30 320
14 83 66 75 M 0 10 0.61 M M 6.8 18 310 M M 4 3 31 320
15 78 61 70 M 0 5 0.00 M M 4.6 12 350 M M 3 16 350
16 82 57 70 M 0 5 0.00 M M 1.1 6 99 M M 2 M M
17 90 59 75 M 0 10 0.00 M M 2.5 8 200 M M 0 8 M M
18 87 64 76 M 0 11 0.00 M M 2.2 6 120 M M 0 M M
19 95 66 81 M 0 16 0.00 M M 2.0 7 170 M M 0 M M
20 100 71 86 M 0 21 0.00 M M 1.3 7 330 M M 0 1 M M
21 99 74 87 M 0 22 0.00 M M 1.1 5 40 M M 1 12 M M
22 96 76 86 M 0 21 0.00 M M 1.7 6 90 M M 0 M M
23 95 74 85 M 0 20 0.00 M M 1.2 5 70 M M 2 1 M M
24 99 74 87 M 0 22 0.00 M M 1.8 7 280 M M 2 12 M M
25 M M M M M M 0.00 M M M M M M M 0 M M
26 M M M M M M 0.00 M M M M M M M 0 3 M M
27 M M M M M M 0.00 M M M M M M M 0 M M
28 M M M M M M 0.00 M M M M M M M 0 M M
29 89 69 79 M 0 14 0.03 M M 2.9 9 360 M M 0 8 M M
30 89 63 76 M 0 11 0.00 M M 3.6 10 20 M M 1 8 M M
31 84 59 72 M 0 7 0.00 M M 2.0 7 10 M M 0 M M
================================================================================
SM 2433 1847 0 395 4.66 M 81.2 M 41
================================================================================
AV 90.1 68.4 3.0 FASTST M M 1 MAX(MPH)
MISC ----> 18 250 39 260
================================================================================
NOTES:
# LAST OF SEVERAL OCCURRENCES
COLUMN 17 PEAK WIND IN M.P.H.
PRELIMINARY LOCAL CLIMATOLOGICAL DATA (WS FORM: F-6) , PAGE 2
STATION: FLIPPIN
MONTH: AUGUST
YEAR: 2023
LATITUDE: 36 17 N
LONGITUDE: 92 28 W
[TEMPERATURE DATA] [PRECIPITATION DATA] SYMBOLS USED IN COLUMN 16
AVERAGE MONTHLY: 79.3 TOTAL FOR MONTH: 4.66 1 = FOG OR MIST
DPTR FM NORMAL: 0.0 DPTR FM NORMAL: M 2 = FOG REDUCING VISIBILITY
HIGHEST: 101 ON 3 GRTST 24HR 3.04 ON 9- 9 TO 1/4 MILE OR LESS
LOWEST: 57 ON 16 3 = THUNDER
SNOW, ICE PELLETS, HAIL 4 = ICE PELLETS
TOTAL MONTH: M 5 = HAIL
GRTST 24HR M ON M 6 = FREEZING RAIN OR DRIZZLE
GRTST DEPTH: M ON M 7 = DUSTSTORM OR SANDSTORM:
VSBY 1/2 MILE OR LESS
8 = SMOKE OR HAZE
[NO. OF DAYS WITH] [WEATHER - DAYS WITH] 9 = BLOWING SNOW
X = TORNADO
MAX 32 OR BELOW: 0 0.01 INCH OR MORE: 6
MAX 90 OR ABOVE: 13 0.10 INCH OR MORE: 4
MIN 32 OR BELOW: 0 0.50 INCH OR MORE: 3
MIN 0 OR BELOW: 0 1.00 INCH OR MORE: 1
[HDD (BASE 65) ]
TOTAL THIS MO. 0 CLEAR (SCALE 0-3) 27
DPTR FM NORMAL M PTCLDY (SCALE 4-7) 4
TOTAL FM JUL 1 0 CLOUDY (SCALE 8-10) 0
DPTR FM NORMAL M
[CDD (BASE 65) ]
TOTAL THIS MO. 395
DPTR FM NORMAL M [PRESSURE DATA]
TOTAL FM JAN 1 1341 HIGHEST SLP 30.17 ON 1
DPTR FM NORMAL M LOWEST SLP 29.74 ON 9
[REMARKS]
#FINAL-08-23#