000
CXUS52 KTBW 071301
CF6FMY
PRELIMINARY LOCAL CLIMATOLOGICAL DATA (WS FORM: F-6)
STATION: FORT MYERS
MONTH: DECEMBER
YEAR: 2021
LATITUDE: 26 34 N
LONGITUDE: 81 52 W
TEMPERATURE IN F: :PCPN: SNOW: WIND :SUNSHINE: SKY :PK WND
================================================================================
1 2 3 4 5 6A 6B 7 8 9 10 11 12 13 14 15 16 17 18
12Z AVG MX 2MIN
DY MAX MIN AVG DEP HDD CDD WTR SNW DPTH SPD SPD DIR MIN PSBL S-S WX SPD DR
================================================================================
1 82 58 70 1 0 5 0.00 0.0 0 5.1 14 120 M M 3 19 130
2 80 59 70 1 0 5 0.00 0.0 0 2.9 12 10 M M 2 16 30
3 79 54 67 -2 0 2 0.00 0.0 0 2.6 9 40 M M 0 17 240
4 80 55 68 -1 0 3 0.00 0.0 0 3.2 9 210 M M 2 1 18 210
5 84 61 73 4 0 8 0.00 0.0 0 5.5 12 100 M M 3 M M
6 82 61 72 3 0 7 0.00 0.0 0 3.6 12 270 M M 4 12 22 320
7 84 62 73 4 0 8 0.00 0.0 0 3.6 9 300 M M 2 12 17 320
8 83 62 73 5 0 8 0.00 0.0 0 4.4 15 240 M M 1 12 26 210
9 83 71 77 9 0 12 0.00 0.0 0 3.8 10 260 M M 6 12 17 260
10 87 67 77 9 0 12 T 0.0 0 4.6 10 280 M M 6 12 17 110
11 87 68 78 10 0 13 0.00 0.0 0 4.4 13 160 M M 1 1 17 150
12 88 68 78 10 0 13 0.00 0.0 0 2.4 9 320 M M 1 1 12 50
13 86 69 78 10 0 13 T 0.0 0 7.2 14 40 M M 5 1 17 40
14 83 68 76 8 0 11 0.04 0.0 0 8.2 22 50 M M 6 128 27 50
15 84 65 75 7 0 10 T 0.0 0 8.3 17 80 M M 2 22 90
16 86 68 77 10 0 12 0.00 0.0 0 8.6 17 130 M M 1 25 100
17 85 67 76 9 0 11 0.00 0.0 0 7.3 14 120 M M 0 22 190
18 86 69 78 11 0 13 0.02 0.0 0 5.4 15 150 M M 2 23 140
19 84 69 77 10 0 12 T 0.0 0 6.0 15 250 M M 3 1 25 230
20 84 70 77 10 0 12 0.00 0.0 0 6.2 14 60 M M 4 1 16 60
21 78 65 72 5 0 7 0.48 0.0 0 13.2 32 200 M M 8 13 44 210
22 72 57 65 -1 0 0 T 0.0 0 8.8 20 340 M M 4 29 330
23 73 51 62 -4 3 0 0.00 0.0 0 6.3 13 50 M M 0 19 30
24 80 53 67 1 0 2 0.00 0.0 0 4.5 12 150 M M 1 17 90
25 82 57 70 4 0 5 0.00 0.0 0 3.9 12 320 M M 0 27 320
26 82 59 71 5 0 6 0.00 0.0 0 3.3 9 310 M M 0 13 330
27 81 60 71 5 0 6 0.00 0.0 0 2.7 10 260 M M 1 25 330
28 82 61 72 6 0 7 0.00 0.0 0 3.1 12 220 M M 3 23 210
29 83 62 73 8 0 8 0.00 0.0 0 4.9 15 190 M M 0 20 180
30 84 62 73 8 0 8 0.00 0.0 0 2.8 12 240 M M 3 1 15 220
31 84 67 76 11 0 11 0.00 0.0 0 3.7 10 240 M M 5 128 14 210
================================================================================
SM 2558 1945 3 250 0.54 0.0 160.5 M 79
================================================================================
AV 82.5 62.7 5.2 FASTST M M 3 MAX(MPH)
MISC ----> 32 200 44 210
================================================================================
NOTES:
# LAST OF SEVERAL OCCURRENCES
COLUMN 17 PEAK WIND IN M.P.H.
PRELIMINARY LOCAL CLIMATOLOGICAL DATA (WS FORM: F-6) , PAGE 2
STATION: FORT MYERS
MONTH: DECEMBER
YEAR: 2021
LATITUDE: 26 34 N
LONGITUDE: 81 52 W
[TEMPERATURE DATA] [PRECIPITATION DATA] SYMBOLS USED IN COLUMN 16
AVERAGE MONTHLY: 72.6 TOTAL FOR MONTH: 0.54 1 = FOG OR MIST
DPTR FM NORMAL: 5.3 DPTR FM NORMAL: -1.36 2 = FOG REDUCING VISIBILITY
HIGHEST: 88 ON 12 GRTST 24HR 0.48 ON 21-21 TO 1/4 MILE OR LESS
LOWEST: 51 ON 23 3 = THUNDER
SNOW, ICE PELLETS, HAIL 4 = ICE PELLETS
TOTAL MONTH: 0.0 INCH 5 = HAIL
GRTST 24HR 0.0 6 = FREEZING RAIN OR DRIZZLE
GRTST DEPTH: 0 7 = DUSTSTORM OR SANDSTORM:
VSBY 1/2 MILE OR LESS
8 = SMOKE OR HAZE
[NO. OF DAYS WITH] [WEATHER - DAYS WITH] 9 = BLOWING SNOW
X = TORNADO
MAX 32 OR BELOW: 0 0.01 INCH OR MORE: 3
MAX 90 OR ABOVE: 0 0.10 INCH OR MORE: 1
MIN 32 OR BELOW: 0 0.50 INCH OR MORE: 0
MIN 0 OR BELOW: 0 1.00 INCH OR MORE: 0
[HDD (BASE 65) ]
TOTAL THIS MO. 3 CLEAR (SCALE 0-3) 21
DPTR FM NORMAL -59 PTCLDY (SCALE 4-7) 9
TOTAL FM JUL 1 5 CLOUDY (SCALE 8-10) 1
DPTR FM NORMAL -74
[CDD (BASE 65) ]
TOTAL THIS MO. 250
DPTR FM NORMAL 117 [PRESSURE DATA]
TOTAL FM JAN 1 4538 HIGHEST SLP 30.31 ON 14
DPTR FM NORMAL 494 LOWEST SLP 29.68 ON 21
[REMARKS]
#FINAL-12-21#