000
CXUS55 KBOU 010900
CF6FNL
PRELIMINARY LOCAL CLIMATOLOGICAL DATA (WS FORM: F-6)
STATION: FT COLLINS/LOVELAND CO
MONTH: MAY
YEAR: 2023
LATITUDE: 40 27 N
LONGITUDE: 105 1 W
TEMPERATURE IN F: :PCPN: SNOW: WIND :SUNSHINE: SKY :PK WND
================================================================================
1 2 3 4 5 6A 6B 7 8 9 10 11 12 13 14 15 16 17 18
12Z AVG MX 2MIN
DY MAX MIN AVG DEP HDD CDD WTR SNW DPTH SPD SPD DIR MIN PSBL S-S WX SPD DR
================================================================================
1 74 35 55 M 10 0 M M M 7.3 14 110 M M 0 M M
2 70 42 56 M 9 0 M M M 7.4 14 20 M M 1 M M
3 82 40 61 M 4 0 M M M 5.7 13 130 M M 0 M M
4 75 47 61 M 4 0 M M M 9.4 27 140 M M 2 39 150
5 74 43 59 M 6 0 M M M 7.4 23 320 M M 3 47 220
6 72 37 55 M 10 0 M M M 7.8 21 260 M M 1 38 260
7 68 45 57 M 8 0 M M M 6.1 12 40 M M 4 M M
8 77 46 62 M 3 0 M M M 7.7 18 220 M M 3 41 190
9 81 44 63 M 2 0 M M M 8.3 21 310 M M 2 38 38 120
10 63 50 57 M 8 0 M M M 5.3 14 350 M M 9 21 320
11 54 47 51 M 14 0 M M M 9.5 21 340 M M 9 1 24 350
12 63 48 56 M 9 0 M M M 17.7 28 350 M M 9 39 340
13 63 48 56 M 9 0 M M M 10.3 17 30 M M 8 1 23 30
14 59 49 54 M 11 0 M M M 7.9 17 60 M M 10 1 25 70
15 60 48 54 M 11 0 M M M 3.9 10 180 M M 8 1 M M
16 80 42 61 M 4 0 M M M 4.7 14 70 M M 3 123 M M
17 81 48 65 M 0 0 M M M 4.6 14 30 M M 3 8 37 10
18 67 48 58 M 7 0 M M M 5.2 18 20 M M 8 12 30 10
19 60 49 55 M 10 0 M M M 4.6 14 100 M M 8 18 M M
20 71 48 60 M 5 0 M M M 3.4 7 90 M M 2 18 M M
21 80 44 62 M 3 0 M M M 6.4 14 60 M M 0 18 21 30
22 78 49 64 M 1 0 M M M 5.0 9 170 M M 0 8 M M
23 81 47 64 M 1 0 M M M 6.3 10 120 M M 0 1 M M
24 76 54 65 M 0 0 M M M 6.3 10 100 M M 4 1 M M
25 80 48 64 M 1 0 M M M 6.9 21 130 M M 2 13 30 180
26 73 51 62 M 3 0 M M M 8.3 28 190 M M 3 13 37 170
27 79 47 63 M 2 0 M M M 6.6 25 130 M M 3 3 31 120
28 79 48 64 M 1 0 M M M 6.7 20 80 M M 1 3 27 80
29 84 50 67 M 0 2 M M M 4.4 13 40 M M 0 M M
30 82 51 67 M 0 2 M M M 8.5 22 190 M M 0 32 190
31 79 46 63 M 2 0 M M M 6.7 22 180 M M 2 3 51 190
================================================================================
SM 2265 1439 158 4 M M 216.2 M 108
================================================================================
AV 73.1 46.4 7.0 FASTST M M 3 MAX(MPH)
MISC ----> 28 350 51 190
================================================================================
NOTES:
# LAST OF SEVERAL OCCURRENCES
COLUMN 17 PEAK WIND IN M.P.H.
PRELIMINARY LOCAL CLIMATOLOGICAL DATA (WS FORM: F-6) , PAGE 2
STATION: FT COLLINS/LOVELAND CO
MONTH: MAY
YEAR: 2023
LATITUDE: 40 27 N
LONGITUDE: 105 1 W
[TEMPERATURE DATA] [PRECIPITATION DATA] SYMBOLS USED IN COLUMN 16
AVERAGE MONTHLY: 59.7 TOTAL FOR MONTH: M 1 = FOG OR MIST
DPTR FM NORMAL: 0.0 DPTR FM NORMAL: M 2 = FOG REDUCING VISIBILITY
HIGHEST: 84 ON 29 GRTST 24HR 1.51 ON 11-12 TO 1/4 MILE OR LESS
LOWEST: 35 ON 1 3 = THUNDER
SNOW, ICE PELLETS, HAIL 4 = ICE PELLETS
TOTAL MONTH: M 5 = HAIL
GRTST 24HR M ON M 6 = FREEZING RAIN OR DRIZZLE
GRTST DEPTH: M ON M 7 = DUSTSTORM OR SANDSTORM:
VSBY 1/2 MILE OR LESS
8 = SMOKE OR HAZE
[NO. OF DAYS WITH] [WEATHER - DAYS WITH] 9 = BLOWING SNOW
X = TORNADO
MAX 32 OR BELOW: 0 0.01 INCH OR MORE: 0
MAX 90 OR ABOVE: 0 0.10 INCH OR MORE: 0
MIN 32 OR BELOW: 0 0.50 INCH OR MORE: 0
MIN 0 OR BELOW: 0 1.00 INCH OR MORE: 0
[HDD (BASE 65) ]
TOTAL THIS MO. 158 CLEAR (SCALE 0-3) 20
DPTR FM NORMAL M PTCLDY (SCALE 4-7) 6
TOTAL FM JUL 1 6265 CLOUDY (SCALE 8-10) 5
DPTR FM NORMAL M
[CDD (BASE 65) ]
TOTAL THIS MO. 4
DPTR FM NORMAL M [PRESSURE DATA]
TOTAL FM JAN 1 4 HIGHEST SLP 30.49 ON 15
DPTR FM NORMAL M LOWEST SLP 29.61 ON 5
[REMARKS]
#FINAL-05-23#