000
CXUS54 KFWD 010830
CF6FTW
PRELIMINARY LOCAL CLIMATOLOGICAL DATA (WS FORM: F-6)
STATION: FORT WORTH MEACHAM
MONTH: DECEMBER
YEAR: 2021
LATITUDE: 32 49 N
LONGITUDE: 97 21 W
TEMPERATURE IN F: :PCPN: SNOW: WIND :SUNSHINE: SKY :PK WND
================================================================================
1 2 3 4 5 6A 6B 7 8 9 10 11 12 13 14 15 16 17 18
12Z AVG MX 2MIN
DY MAX MIN AVG DEP HDD CDD WTR SNW DPTH SPD SPD DIR MIN PSBL S-S WX SPD DR
================================================================================
1 74 49 62 11 3 0 0.00 M M 5.3 14 190 M M 0 20 200
2 80 44 62 12 3 0 0.00 M M 4.6 14 170 M M 0 20 160
3 72 55 64 14 1 0 0.00 M M 7.8 16 150 M M 2 1 22 150
4 74 57 66 16 0 1 T M M 6.3 26 200 M M 4 3 34 190
5 76 58 67 17 0 2 0.00 M M 10.4 25 190 M M 4 34 170
6 68 37 53 3 12 0 0.00 M M 15.5 31 360 M M 2 41 360
7 58 32 45 -4 20 0 0.00 M M 5.5 15 140 M M 0 19 140
8 60 41 51 2 14 0 0.00 M M 6.7 17 180 M M 3 12 24 180
9 80 59 70 21 0 5 0.00 M M 10.9 21 180 M M 0 28 170
10 83 63 73 25 0 8 0.00 M M 11.2 21 180 M M 4 1 28 180
11 70 36 53 5 12 0 T M M 11.0 30 320 M M 1 8 44 330
12 59 30 45 -3 20 0 0.00 M M 8.3 17 140 M M 0 22 170
13 71 41 56 8 9 0 0.00 M M 10.2 18 140 M M 2 23 140
14 77 58 68 20 0 3 M M M 11.5 17 180 M M 6 1 30 180
15 79 66 73 26 0 8 T M M 20.7 37 170 M M 6 49 180
16 75 59 67 20 0 2 T M M 8.6 21 190 M M 5 8 28 180
17 76 60 68 21 0 3 T M M 11.3 25 170 M M 7 36 160
18 70 38 54 7 11 0 0.21 M M 15.5 25 350 M M 3 13 37 350
19 47 31 39 -8 26 0 0.00 M M 7.7 16 350 M M 2 22 360
20 52 39 46 0 19 0 0.07 M M 5.5 10 100 M M 7 1 13 100
21 63 36 50 4 15 0 0.00 M M 6.2 15 160 M M 0 1 21 170
22 62 41 52 6 13 0 0.00 M M 5.1 13 150 M M 1 18 17 160
23 76 49 63 17 2 0 0.00 M M 13.7 23 180 M M 1 1 32 170
24 82 58 70 24 0 5 0.00 M M 16.2 28 170 M M 1 39 180
25 81 58 70 24 0 5 0.00 M M 5.4 20 190 M M 0 8 25 210
26 77 57 67 21 0 2 0.00 M M 12.8 24 180 M M 3 12 30 180
27 78 60 69 23 0 4 0.00 M M 8.1 17 190 M M 1 1 24 190
28 78 53 66 20 0 1 T M M 10.9 20 240 M M 3 37 170
29 74 51 63 17 2 0 0.20 M M 3.6 24 120 M M 2 13 28 120
30 72 46 59 14 6 0 0.00 M M 2.9 7 250 M M 2 M M
31 70 54 62 17 3 0 0.23 M M 7.4 15 290 M M 3 1 20 300
================================================================================
SM 2214 1516 191 49 0.71 M 286.9 M 75
================================================================================
AV 71.4 48.9 9.3 FASTST M M 2 MAX(MPH)
MISC ----> 37 170 49 180
================================================================================
NOTES:
# LAST OF SEVERAL OCCURRENCES
COLUMN 17 PEAK WIND IN M.P.H.
PRELIMINARY LOCAL CLIMATOLOGICAL DATA (WS FORM: F-6) , PAGE 2
STATION: FORT WORTH MEACHAM
MONTH: DECEMBER
YEAR: 2021
LATITUDE: 32 49 N
LONGITUDE: 97 21 W
[TEMPERATURE DATA] [PRECIPITATION DATA] SYMBOLS USED IN COLUMN 16
AVERAGE MONTHLY: 60.2 TOTAL FOR MONTH: 0.71 1 = FOG OR MIST
DPTR FM NORMAL: 12.7 DPTR FM NORMAL: -1.93 2 = FOG REDUCING VISIBILITY
HIGHEST: 83 ON 10 GRTST 24HR 0.23 ON 31-31 TO 1/4 MILE OR LESS
LOWEST: 30 ON 12 3 = THUNDER
SNOW, ICE PELLETS, HAIL 4 = ICE PELLETS
TOTAL MONTH: M 5 = HAIL
GRTST 24HR M ON M 6 = FREEZING RAIN OR DRIZZLE
GRTST DEPTH: M ON M 7 = DUSTSTORM OR SANDSTORM:
VSBY 1/2 MILE OR LESS
8 = SMOKE OR HAZE
[NO. OF DAYS WITH] [WEATHER - DAYS WITH] 9 = BLOWING SNOW
X = TORNADO
MAX 32 OR BELOW: 0 0.01 INCH OR MORE: 4
MAX 90 OR ABOVE: 0 0.10 INCH OR MORE: 3
MIN 32 OR BELOW: 3 0.50 INCH OR MORE: 0
MIN 0 OR BELOW: 0 1.00 INCH OR MORE: 0
[HDD (BASE 65) ]
TOTAL THIS MO. 191 CLEAR (SCALE 0-3) 21
DPTR FM NORMAL -354 PTCLDY (SCALE 4-7) 10
TOTAL FM JUL 1 479 CLOUDY (SCALE 8-10) 0
DPTR FM NORMAL -452
[CDD (BASE 65) ]
TOTAL THIS MO. 49
DPTR FM NORMAL 45 [PRESSURE DATA]
TOTAL FM JAN 1 2578 HIGHEST SLP 30.42 ON 19
DPTR FM NORMAL -117 LOWEST SLP 29.54 ON 28
[REMARKS]
#FINAL-12-21#