000
CXUS54 KFWD 010730
CF6FTW
PRELIMINARY LOCAL CLIMATOLOGICAL DATA (WS FORM: F-6)
STATION: FORT WORTH MEACHAM
MONTH: JUNE
YEAR: 2021
LATITUDE: 32 49 N
LONGITUDE: 97 21 W
TEMPERATURE IN F: :PCPN: SNOW: WIND :SUNSHINE: SKY :PK WND
================================================================================
1 2 3 4 5 6A 6B 7 8 9 10 11 12 13 14 15 16 17 18
12Z AVG MX 2MIN
DY MAX MIN AVG DEP HDD CDD WTR SNW DPTH SPD SPD DIR MIN PSBL S-S WX SPD DR
================================================================================
1 73 62 68 -10 0 3 T M M 6.1 16 320 M M 8 12 22 310
2 80 58 69 -10 0 4 T M M 4.4 13 250 M M 2 1 M M
3 80 62 71 -8 0 6 0.00 M M 5.7 12 120 M M 1 M M
4 80 64 72 -7 0 7 T M M 6.9 15 100 M M 4 18 120
5 85 67 76 -4 0 11 0.10 M M 6.0 14 180 M M 5 13 20 180
6 86 68 77 -3 0 12 0.00 M M 10.0 17 140 M M 4 23 150
7 82 66 74 -6 0 9 1.16 M M 7.6 17 140 M M 5 13 24 320
8 87 69 78 -2 0 13 0.24 M M 9.7 26 310 M M 4 138 41 310
9 89 75 82 2 0 17 0.00 M M 10.6 17 180 M M 5 24 180
10 90 76 83 2 0 18 0.00 M M 10.2 16 160 M M 4 23 130
11 91 75 83 2 0 18 0.00 M M 12.2 22 150 M M 1 29 170
12 93 73 83 2 0 18 0.00 M M 7.0 18 60 M M 1 25 50
13 96 72 84 3 0 19 0.00 M M 2.3 10 150 M M 2 3 14 140
14 96 74 85 4 0 20 0.08 M M 4.8 30 110 M M 2 3 41 120
15 95 75 85 3 0 20 0.00 M M 4.6 13 70 M M 1 17 70
16 95 70 83 1 0 18 0.00 M M 3.5 9 160 M M 0 14 80
17 95 74 85 3 0 20 0.00 M M 4.6 13 150 M M 0 20 100
18 92 75 84 2 0 19 0.00 M M 8.1 16 130 M M 1 24 130
19 92 70 81 -1 0 16 0.00 M M 6.3 15 150 M M 0 22 160
20 93 73 83 1 0 18 0.00 M M 12.1 21 160 M M 0 29 120
21 90 69 80 -2 0 15 T M M 13.3 31 360 M M 6 3 40 360
22 85 65 75 -7 0 10 0.00 M M 8.7 15 140 M M 4 20 110
23 95 73 84 1 0 19 0.00 M M 11.6 18 150 M M 5 25 140
24 94 77 86 3 0 21 0.00 M M 13.6 21 150 M M 1 28 160
25 94 76 85 2 0 20 0.00 M M 14.6 24 150 M M 1 32 150
26 94 76 85 2 0 20 0.00 M M 14.5 23 160 M M 3 33 150
27 94 75 85 2 0 20 0.00 M M 10.5 24 140 M M 2 3 31 140
28 89 72 81 -2 0 16 0.37 M M 7.8 26 100 M M 5 13 35 90
29 90 72 81 -2 0 16 0.10 M M 10.4 20 130 M M 5 1 25 130
30 91 72 82 -1 0 17 T M M 5.8 10 110 M M 4 15 140
================================================================================
SM 2686 2125 0 460 2.05 M 253.5 M 86
================================================================================
AV 89.5 70.8 8.4 FASTST M M 3 MAX(MPH)
MISC ----> 31 360 # 41 310
================================================================================
NOTES:
# LAST OF SEVERAL OCCURRENCES
COLUMN 17 PEAK WIND IN M.P.H.
PRELIMINARY LOCAL CLIMATOLOGICAL DATA (WS FORM: F-6) , PAGE 2
STATION: FORT WORTH MEACHAM
MONTH: JUNE
YEAR: 2021
LATITUDE: 32 49 N
LONGITUDE: 97 21 W
[TEMPERATURE DATA] [PRECIPITATION DATA] SYMBOLS USED IN COLUMN 16
AVERAGE MONTHLY: 80.2 TOTAL FOR MONTH: 2.05 1 = FOG OR MIST
DPTR FM NORMAL: -1.2 DPTR FM NORMAL: -1.97 2 = FOG REDUCING VISIBILITY
HIGHEST: 96 ON 14,13 GRTST 24HR 1.60 ON 31- 1 TO 1/4 MILE OR LESS
LOWEST: 58 ON 2 3 = THUNDER
SNOW, ICE PELLETS, HAIL 4 = ICE PELLETS
TOTAL MONTH: M 5 = HAIL
GRTST 24HR M ON M 6 = FREEZING RAIN OR DRIZZLE
GRTST DEPTH: M ON M 7 = DUSTSTORM OR SANDSTORM:
VSBY 1/2 MILE OR LESS
8 = SMOKE OR HAZE
[NO. OF DAYS WITH] [WEATHER - DAYS WITH] 9 = BLOWING SNOW
X = TORNADO
MAX 32 OR BELOW: 0 0.01 INCH OR MORE: 6
MAX 90 OR ABOVE: 19 0.10 INCH OR MORE: 5
MIN 32 OR BELOW: 0 0.50 INCH OR MORE: 1
MIN 0 OR BELOW: 0 1.00 INCH OR MORE: 1
[HDD (BASE 65) ]
TOTAL THIS MO. 0 CLEAR (SCALE 0-3) 15
DPTR FM NORMAL 0 PTCLDY (SCALE 4-7) 15
TOTAL FM JUL 1 2409 CLOUDY (SCALE 8-10) 0
DPTR FM NORMAL 68
[CDD (BASE 65) ]
TOTAL THIS MO. 460
DPTR FM NORMAL -31 [PRESSURE DATA]
TOTAL FM JAN 1 709 HIGHEST SLP M ON M
DPTR FM NORMAL -182 LOWEST SLP 29.67 ON 20
[REMARKS]
#FINAL-06-21#