000
CXUS56 KSGX 011045
CF6FUL
PRELIMINARY LOCAL CLIMATOLOGICAL DATA (WS FORM: F-6)
STATION: FULLERTON AIRPORT CA
MONTH: AUGUST
YEAR: 2022
LATITUDE: 33 52 N
LONGITUDE: 117 58 W
TEMPERATURE IN F: :PCPN: SNOW: WIND :SUNSHINE: SKY :PK WND
================================================================================
1 2 3 4 5 6A 6B 7 8 9 10 11 12 13 14 15 16 17 18
12Z AVG MX 2MIN
DY MAX MIN AVG DEP HDD CDD WTR SNW DPTH SPD SPD DIR MIN PSBL S-S WX SPD DR
================================================================================
1 93 70 82 6 0 17 0.00 M M 3.5 14 190 M M 1 20 180
2 90 69 80 4 0 15 0.00 M M 3.6 12 190 M M 0 8 16 200
3 85 69 77 1 0 12 0.00 M M 3.9 13 210 M M 0 16 210
4 86 68 77 1 0 12 0.00 M M 3.1 10 200 M M 0 14 210
5 92 70 81 5 0 16 0.00 M M 3.6 12 200 M M 0 17 190
6 93 67 80 4 0 15 0.00 M M 3.3 12 290 M M 0 17 190
7 92 66 79 3 0 14 0.00 M M 3.3 12 190 M M 1 15 170
8 89 69 79 3 0 14 0.00 M M 3.4 12 210 M M 1 16 200
9 95 72 84 8 0 19 0.00 M M 4.2 13 210 M M 1 15 210
10 95 72 84 8 0 19 0.00 M M 3.4 13 190 M M 0 16 200
11 98 71 85 9 0 20 0.00 M M 3.5 10 290 M M 0 17 220
12 94 69 82 6 0 17 0.00 M M 3.3 10 200 M M 0 17 170
13 93 70 82 6 0 17 0.00 M M 3.8 10 190 M M 1 15 180
14 91 71 81 5 0 16 0.00 M M 3.7 12 190 M M 1 15 190
15 89 68 79 2 0 14 0.00 M M 3.7 10 190 M M 1 14 210
16 93 67 80 3 0 15 0.00 M M 3.6 12 190 M M 0 15 180
17 93 67 80 3 0 15 0.00 M M 3.9 12 190 M M 0 16 190
18 89 68 79 2 0 14 0.00 M M 3.2 13 200 M M 0 16 200
19 87 67 77 0 0 12 0.00 M M 4.4 13 190 M M 0 16 180
20 83 70 77 0 0 12 0.00 M M 5.4 12 220 M M 4 20 240
21 81 70 76 -1 0 11 0.00 M M 3.1 10 180 M M 6 14 200
22 86 68 77 0 0 12 0.00 M M 3.4 10 210 M M 5 8 15 210
23 85 66 76 -1 0 11 0.00 M M 4.0 12 190 M M 3 16 190
24 86 67 77 0 0 12 0.00 M M 3.7 12 180 M M 2 17 180
25 88 68 78 1 0 13 0.00 M M 3.3 10 200 M M 0 16 200
26 87 67 77 0 0 12 0.00 M M 3.5 13 210 M M 2 18 18 200
27 83 67 75 -2 0 10 0.00 M M 5.4 13 210 M M 3 17 190
28 85 69 77 0 0 12 0.00 M M 4.3 12 200 M M 5 16 210
29 86 67 77 0 0 12 0.00 M M 3.2 10 190 M M 2 15 210
30 94 66 80 3 0 15 0.00 M M 3.1 13 230 M M 0 15 230
31 103 68 86 9 0 21 0.00 M M 3.3 13 300 M M 0 19 280
================================================================================
SM 2784 2123 0 446 0.00 M 114.1 M 39
================================================================================
AV 89.8 68.5 3.7 FASTST M M 1 MAX(MPH)
MISC ----> 14 190 # 20 180
================================================================================
NOTES:
# LAST OF SEVERAL OCCURRENCES
COLUMN 17 PEAK WIND IN M.P.H.
PRELIMINARY LOCAL CLIMATOLOGICAL DATA (WS FORM: F-6) , PAGE 2
STATION: FULLERTON AIRPORT CA
MONTH: AUGUST
YEAR: 2022
LATITUDE: 33 52 N
LONGITUDE: 117 58 W
[TEMPERATURE DATA] [PRECIPITATION DATA] SYMBOLS USED IN COLUMN 16
AVERAGE MONTHLY: 79.1 TOTAL FOR MONTH: 0.00 1 = FOG OR MIST
DPTR FM NORMAL: 2.6 DPTR FM NORMAL: -0.02 2 = FOG REDUCING VISIBILITY
HIGHEST: 103 ON 31 GRTST 24HR 0.00 ON 2- 2 TO 1/4 MILE OR LESS
LOWEST: 66 ON 30,23 3 = THUNDER
SNOW, ICE PELLETS, HAIL 4 = ICE PELLETS
TOTAL MONTH: M 5 = HAIL
GRTST 24HR M ON M 6 = FREEZING RAIN OR DRIZZLE
GRTST DEPTH: M ON M 7 = DUSTSTORM OR SANDSTORM:
VSBY 1/2 MILE OR LESS
8 = SMOKE OR HAZE
[NO. OF DAYS WITH] [WEATHER - DAYS WITH] 9 = BLOWING SNOW
X = TORNADO
MAX 32 OR BELOW: 0 0.01 INCH OR MORE: 0
MAX 90 OR ABOVE: 15 0.10 INCH OR MORE: 0
MIN 32 OR BELOW: 0 0.50 INCH OR MORE: 0
MIN 0 OR BELOW: 0 1.00 INCH OR MORE: 0
[HDD (BASE 65) ]
TOTAL THIS MO. 0 CLEAR (SCALE 0-3) 26
DPTR FM NORMAL 0 PTCLDY (SCALE 4-7) 5
TOTAL FM JUL 1 0 CLOUDY (SCALE 8-10) 0
DPTR FM NORMAL 0
[CDD (BASE 65) ]
TOTAL THIS MO. 446
DPTR FM NORMAL 88 [PRESSURE DATA]
TOTAL FM JAN 1 1192 HIGHEST SLP 30.05 ON 21
DPTR FM NORMAL 169 LOWEST SLP 29.71 ON 31
[REMARKS]
#FINAL-08-22#