000
CXUS51 KCAR 032247
CLMFVE
CLIMATE REPORT
NATIONAL WEATHER SERVICE CARIBOU ME
647 PM EDT THU AUG 03 2023
...................................
...THE FRENCHVILLE ME CLIMATE SUMMARY FOR THE MONTH OF JULY 2023...
CLIMATE NORMAL PERIOD: 1991 TO 2020
CLIMATE RECORD PERIOD: 9999 TO 9999
WEATHER OBSERVED NORMAL DEPART LAST YEAR`S
VALUE DATE(S) VALUE FROM VALUE DATE(S)
NORMAL
................................................................
TEMPERATURE (F)
RECORD
HIGH MM MM
LOW 43 07/03/2021
HIGHEST 89 07/06 MM MM 87 07/18
07/21
LOWEST 52 07/30 MM MM 46 07/09
07/31
AVG. MAXIMUM 79.1 75.5 3.6 77.6
AVG. MINIMUM 62.2 56.8 5.4 56.4
MEAN 70.6 66.1 4.5 67.0
DAYS MAX >= 90 0 0.3 -0.3 0
DAYS MAX <= 32 0 0.0 0.0 0
DAYS MIN <= 32 0 0.0 0.0 0
DAYS MIN <= 0 0 0.0 0.0 0
PRECIPITATION (INCHES)
RECORD
MAXIMUM 5.33 2022
MINIMUM 1.73 2021
TOTALS 3.60 3.88 -0.28 5.33
DAILY AVG. 0.12 0.13 -0.01 0.17
DAYS >= .01 17 15.5 1.5 16
DAYS >= .10 11 8.9 2.1 9
DAYS >= .50 2 2.7 -0.7 5
DAYS >= 1.00 0 0.6 -0.6 2
GREATEST
24 HR. TOTAL 0.76 07/10 TO 07/11 1.21 07/05 TO 07/06
STORM TOTAL 0.68 1.10
(MM/DD(HH)) MM
SNOWFALL (INCHES)
RECORDS
TOTAL MM MM
TOTALS MM MM MM MM
SINCE 7/1 MM MM MM MM
SNOWDEPTH AVG. MM MM
DAYS >= 1.0 MM MM MM MM
GREATEST
SNOW DEPTH MM MM MM
24 HR TOTAL MM MM
DEGREE DAYS
HEATING TOTAL 12 49 -37 35
SINCE 7/1 12 45 -33 MM
COOLING TOTAL 196 85 111 106
SINCE 1/1 265 126 139 MM
................................................................
WIND (MPH)
AVERAGE WIND SPEED 6.9
HIGHEST WIND SPEED/DIRECTION 29/270 DATE 07/19
29/340 07/28
HIGHEST GUST SPEED/DIRECTION 43/330 DATE 07/28
SKY COVER
POSSIBLE SUNSHINE (PERCENT) MM
AVERAGE SKY COVER 0.45
NUMBER OF DAYS FAIR 13
NUMBER OF DAYS PC 14
NUMBER OF DAYS CLOUDY 4
AVERAGE RH (PERCENT) 76
WEATHER CONDITIONS. NUMBER OF DAYS WITH
THUNDERSTORM 14 MIXED PRECIP 0
HEAVY RAIN 8 RAIN 9
LIGHT RAIN 21 FREEZING RAIN 0
LT FREEZING RAIN 0 HAIL 0
HEAVY SNOW 0 SNOW 0
LIGHT SNOW 0 SLEET 0
FOG 25 FOG W/VIS <= 1/4 MILE 9
HAZE 2
- INDICATES NEGATIVE NUMBERS.
* INDICATES RECORD WAS SET OR TIED.
MM INDICATES DATA IS MISSING.
T INDICATES TRACE AMOUNT.
$$