000
CDUS43 KIWX 180553
CLIFWA


CLIMATE REPORT
NATIONAL WEATHER SERVICE NORTHERN INDIANA
152 AM EDT WED APR 18 2018


...................................

...THE FORT WAYNE CLIMATE SUMMARY FOR APRIL 17 2018...

CLIMATE NORMAL PERIOD 1981 TO 2010
CLIMATE RECORD PERIOD 1897 TO 2018


WEATHER ITEM   OBSERVED TIME   RECORD YEAR NORMAL DEPARTURE LAST
                VALUE   (LST)  VALUE       VALUE  FROM      YEAR
                                                  NORMAL
..................................................................
TEMPERATURE (F)
 YESTERDAY
  MAXIMUM         41    404 PM  85    2002  62    -21       72
  MINIMUM         28   1127 PM  20    1904  39    -11       50
  AVERAGE         35                        51    -16       61

PRECIPITATION (IN)
  YESTERDAY        T             2.56 1963   0.12  -0.12     0.00
  MONTH TO DATE    1.98                      2.04  -0.06     2.13
  SINCE MAR 1      4.82                      4.75   0.07     5.94
  SINCE JAN 1     10.44                      9.05   1.39    12.41

SNOWFALL (IN)
  YESTERDAY        T             1.8  1949   0.0    0.0      0.0
  MONTH TO DATE    1.6                       0.8    0.8      0.4
  SINCE MAR 1      3.7                       4.9   -1.2      3.4
  SINCE JUL 1     31.9                      33.3   -1.4     18.5
  SNOW DEPTH       0

DEGREE DAYS
 HEATING
  YESTERDAY       30                        15     15        4
  MONTH TO DATE  412                       299    113      206
  SINCE MAR 1   1294                      1125    169      990
  SINCE JUL 1   5622                      5723   -101     4684

 COOLING
  YESTERDAY        0                         0      0        0
  MONTH TO DATE    1                         0      1        6
  SINCE MAR 1      1                         0      1        6
  SINCE JAN 1      1                         0      1        6
..................................................................


WIND (MPH)
  HIGHEST WIND SPEED    24   HIGHEST WIND DIRECTION     W (280)
  HIGHEST GUST SPEED    32   HIGHEST GUST DIRECTION     W (280)
  AVERAGE WIND SPEED    14.1


SKY COVER
  AVERAGE SKY COVER 0.8


WEATHER CONDITIONS
 THE FOLLOWING WEATHER WAS RECORDED YESTERDAY.
  LIGHT SNOW
  FOG


RELATIVE HUMIDITY (PERCENT)
 HIGHEST    85          1200 AM
 LOWEST     59           300 PM
 AVERAGE    72

..........................................................


THE FORT WAYNE CLIMATE NORMALS FOR TODAY
                         NORMAL    RECORD    YEAR
 MAXIMUM TEMPERATURE (F)   62        87      2002
 MINIMUM TEMPERATURE (F)   40        23      1990


SUNRISE AND SUNSET
APRIL 18 2018.........SUNRISE   657 AM EDT   SUNSET   824 PM EDT
APRIL 19 2018.........SUNRISE   656 AM EDT   SUNSET   825 PM EDT


-  INDICATES NEGATIVE NUMBERS.
R  INDICATES RECORD WAS SET OR TIED.
MM INDICATES DATA IS MISSING.
T  INDICATES TRACE AMOUNT.




$$
