000
CXUS52 KMFL 011030
CF6FXE
PRELIMINARY LOCAL CLIMATOLOGICAL DATA (WS FORM: F-6)
STATION: FORT LAUDERDALE EXEC ARPT
MONTH: JUNE
YEAR: 2021
LATITUDE: 26 12 N
LONGITUDE: 80 11 W
TEMPERATURE IN F: :PCPN: SNOW: WIND :SUNSHINE: SKY :PK WND
================================================================================
1 2 3 4 5 6A 6B 7 8 9 10 11 12 13 14 15 16 17 18
12Z AVG MX 2MIN
DY MAX MIN AVG DEP HDD CDD WTR SNW DPTH SPD SPD DIR MIN PSBL S-S WX SPD DR
================================================================================
1 84 73 79 -2 0 14 0.46 M M 8.8 31 90 M M 4 18 37 90
2 87 74 81 0 0 16 0.01 M M 11.2 20 110 M M 4 23 90
3 86 74 80 -1 0 15 0.27 M M 11.8 22 140 M M 5 1 28 120
4 87 75 81 -1 0 16 0.41 M M 9.2 20 190 M M 4 1 23 140
5 87 74 81 -1 0 16 0.01 M M 11.6 20 110 M M 4 24 120
6 89 80 85 3 0 20 T M M 15.3 22 110 M M 5 27 120
7 88 79 84 2 0 19 T M M 14.5 21 100 M M 4 26 120
8 87 76 82 0 0 17 0.05 M M 12.8 20 110 M M 4 1 25 100
9 88 77 83 1 0 18 0.00 0.0 0 11.3 17 100 M M 2 21 90
10 90 77 84 2 0 19 0.00 0.0 0 10.7 17 100 M M 2 24 130
11 M M M M M M 0.19 0.0 0 8.2 16 140 M M 3 13 23 130
12 89 M M M M M 0.21 0.0 0 5.6 21 240 M M 3 3 24 240
13 94 77 86 4 0 21 T 0.0 0 6.4 18 80 M M 2 23 80
14 84 71 78 -4 0 13 1.06 M M 5.7 25 210 M M 4 138 42 210
15 91 71 81 -1 0 16 3.53 M M 4.3 25 160 M M 4 138 35 150
16 86 73 80 -2 0 15 0.85 M M 3.9 29 160 M M 4 18 46 150
17 87 73 80 -2 0 15 0.01 M M 4.8 10 90 M M 3 13 70
18 89 80 85 2 0 20 0.00 M M 9.7 16 80 M M 3 20 90
19 91 81 86 3 0 21 0.00 M M 9.0 16 110 M M 3 20 140
20 93 74 84 1 0 19 0.35 M M 5.2 30 270 M M 4 138 42 270
21 90 79 85 2 0 20 0.31 0.0 0 6.6 16 170 M M 2 18 21 180
22 93 74 84 1 0 19 0.14 0.0 0 9.8 21 130 M M 4 3 31 120
23 91 73 82 -1 0 17 T 0.0 0 6.1 15 310 M M 2 3 21 340
24 85 74 80 -3 0 15 0.54 M M 4.6 16 210 M M 4 13 21 120
25 85 75 80 -3 0 15 0.10 0.0 0 9.2 18 90 M M 3 3 24 100
26 88 79 84 1 0 19 T 0.0 0 11.2 17 80 M M 3 21 130
27 89 79 84 1 0 19 0.04 M M 12.7 23 100 M M 3 25 80
28 88 77 83 0 0 18 0.06 M M 8.3 18 100 M M 3 1 23 100
29 88 73 81 -2 0 16 0.48 0.0 0 8.9 24 140 M M 4 13 30 150
30 84 73 79 -4 0 14 T 0.0 0 3.7 29 110 M M 6 13 34 100
================================================================================
SM 2558 2115 0 482 9.08 0.0 261.1 M 105
================================================================================
AV 88.2 75.5 8.7 FASTST M M 4 MAX(MPH)
MISC ----> 31 90 46 150
================================================================================
NOTES:
# LAST OF SEVERAL OCCURRENCES
COLUMN 17 PEAK WIND IN M.P.H.
PRELIMINARY LOCAL CLIMATOLOGICAL DATA (WS FORM: F-6) , PAGE 2
STATION: FORT LAUDERDALE EXEC ARPT
MONTH: JUNE
YEAR: 2021
LATITUDE: 26 12 N
LONGITUDE: 80 11 W
[TEMPERATURE DATA] [PRECIPITATION DATA] SYMBOLS USED IN COLUMN 16
AVERAGE MONTHLY: 81.9 TOTAL FOR MONTH: 9.08 1 = FOG OR MIST
DPTR FM NORMAL: -0.5 DPTR FM NORMAL: 2.51 2 = FOG REDUCING VISIBILITY
HIGHEST: 94 ON 13 GRTST 24HR 3.81 ON 14-15 TO 1/4 MILE OR LESS
LOWEST: 71 ON 15,14 3 = THUNDER
SNOW, ICE PELLETS, HAIL 4 = ICE PELLETS
TOTAL MONTH: 0.0 INCH 5 = HAIL
GRTST 24HR 0.0 6 = FREEZING RAIN OR DRIZZLE
GRTST DEPTH: 0 7 = DUSTSTORM OR SANDSTORM:
VSBY 1/2 MILE OR LESS
8 = SMOKE OR HAZE
[NO. OF DAYS WITH] [WEATHER - DAYS WITH] 9 = BLOWING SNOW
X = TORNADO
MAX 32 OR BELOW: 0 0.01 INCH OR MORE: 20
MAX 90 OR ABOVE: 8 0.10 INCH OR MORE: 14
MIN 32 OR BELOW: 0 0.50 INCH OR MORE: 4
MIN 0 OR BELOW: 0 1.00 INCH OR MORE: 2
[HDD (BASE 65) ]
TOTAL THIS MO. 0 CLEAR (SCALE 0-3) 14
DPTR FM NORMAL 0 PTCLDY (SCALE 4-7) 16
TOTAL FM JUL 1 103 CLOUDY (SCALE 8-10) 0
DPTR FM NORMAL -43
[CDD (BASE 65) ]
TOTAL THIS MO. 482
DPTR FM NORMAL -38 [PRESSURE DATA]
TOTAL FM JAN 1 2000 HIGHEST SLP 30.18 ON 8
DPTR FM NORMAL 154 LOWEST SLP 29.84 ON 13
[REMARKS]
#FINAL-06-21#