000
CXUS54 KTSA 230850
CF6FYV
PRELIMINARY LOCAL CLIMATOLOGICAL DATA (WS FORM: F-6)
STATION: FAYETTEVILLE ARKANSAS
MONTH: APRIL
YEAR: 2024
LATITUDE: 36 0 N
LONGITUDE: 94 10 W
TEMPERATURE IN F: :PCPN: SNOW: WIND :SUNSHINE: SKY :PK WND
================================================================================
1 2 3 4 5 6A 6B 7 8 9 10 11 12 13 14 15 16 17 18
12Z AVG MX 2MIN
DY MAX MIN AVG DEP HDD CDD WTR SNW DPTH SPD SPD DIR MIN PSBL S-S WX SPD DR
================================================================================
1 77 68 73 20 0 8 0.06 0.0 0 12.1 23 180 M M 7 38 32 170
2 69 38 54 0 11 0 0.18 0.0 0 8.9 21 320 M M 8 138 26 330
3 57 37 47 -7 18 0 0.00 0.0 0 12.7 26 320 M M 2 39 330
4 64 32 48 -6 17 0 0.00 0.0 0 8.0 20 300 M M 0 29 310
5 77 30 54 0 11 0 0.00 0.0 0 2.2 12 190 M M 0 14 190
6 75 50 63 8 2 0 0.00 0.0 0 13.2 28 170 M M 1 40 170
7 74 44 59 4 6 0 T 0.0 0 10.2 26 250 M M 2 39 260
8 81 37 59 4 6 0 0.00 0.0 0 5.8 23 190 M M 0 31 200
9 74 57 66 11 0 1 0.07 0.0 0 6.9 25 170 M M 8 3 33 190
10 64 51 58 2 7 0 1.04 0.0 0 6.8 17 340 M M 10 13 25 350
11 64 50 57 1 8 0 0.00 0.0 0 12.5 26 290 M M 1 40 300
12 73 35 54 -2 11 0 0.00 0.0 0 4.6 15 320 M M 0 19 320
13 83 43 63 7 2 0 0.00 0.0 0 10.5 28 190 M M 0 37 180
14 83 59 71 14 0 6 0.00 0.0 0 11.2 21 190 M M 0 1 33 210
15 81 56 69 12 0 4 T 0.0 0 9.6 30 170 M M 2 18 47 160
16 80 67 74 17 0 9 T 0.0 0 16.1 33 180 M M 5 138 45 180
17 86 54 70 12 0 5 0.00 0.0 0 4.6 14 180 M M 0 1 18 180
18 80 54 67 9 0 2 T 0.0 0 9.7 24 180 M M 6 138 33 190
19 67 51 59 1 6 0 0.00 0.0 0 6.8 15 60 M M 7 25 60
20 64 50 57 -1 8 0 0.00 0.0 0 6.2 15 70 M M 5 25 20
21 62 38 50 -9 15 0 0.00 0.0 0 6.3 20 340 M M 1 29 330
22 69 31 50 -9 15 0 0.00 0.0 M 6.9 21 180 M M 0 28 200
================================================================================
SM 1604 1032 143 35 1.35 0.0 191.8 M 65
================================================================================
AV 72.9 46.9 8.7 FASTST M M 3 MAX(MPH)
MISC ----> 33 180 47 160
================================================================================
NOTES:
# LAST OF SEVERAL OCCURRENCES
COLUMN 17 PEAK WIND IN M.P.H.
PRELIMINARY LOCAL CLIMATOLOGICAL DATA (WS FORM: F-6) , PAGE 2
STATION: FAYETTEVILLE ARKANSAS
MONTH: APRIL
YEAR: 2024
LATITUDE: 36 0 N
LONGITUDE: 94 10 W
[TEMPERATURE DATA] [PRECIPITATION DATA] SYMBOLS USED IN COLUMN 16
AVERAGE MONTHLY: 59.9 TOTAL FOR MONTH: 1.35 1 = FOG OR MIST
DPTR FM NORMAL: 3.8 DPTR FM NORMAL: -2.07 2 = FOG REDUCING VISIBILITY
HIGHEST: 86 ON 17 GRTST 24HR 1.04 ON 10-10 TO 1/4 MILE OR LESS
LOWEST: 30 ON 5 3 = THUNDER
SNOW, ICE PELLETS, HAIL 4 = ICE PELLETS
TOTAL MONTH: 0.0 INCH 5 = HAIL
GRTST 24HR 0.0 6 = FREEZING RAIN OR DRIZZLE
GRTST DEPTH: 0 7 = DUSTSTORM OR SANDSTORM:
VSBY 1/2 MILE OR LESS
8 = SMOKE OR HAZE
[NO. OF DAYS WITH] [WEATHER - DAYS WITH] 9 = BLOWING SNOW
X = TORNADO
MAX 32 OR BELOW: 0 0.01 INCH OR MORE: 4
MAX 90 OR ABOVE: 0 0.10 INCH OR MORE: 2
MIN 32 OR BELOW: 3 0.50 INCH OR MORE: 1
MIN 0 OR BELOW: 0 1.00 INCH OR MORE: 1
[HDD (BASE 65) ]
TOTAL THIS MO. 143 CLEAR (SCALE 0-3) 14
DPTR FM NORMAL -69 PTCLDY (SCALE 4-7) 7
TOTAL FM JUL 1 3178 CLOUDY (SCALE 8-10) 1
DPTR FM NORMAL -762
[CDD (BASE 65) ]
TOTAL THIS MO. 35
DPTR FM NORMAL 18 [PRESSURE DATA]
TOTAL FM JAN 1 56 HIGHEST SLP M ON M
DPTR FM NORMAL 33 LOWEST SLP 29.48 ON 1
[REMARKS]