000
CXUS53 KDDC 011621
CLSGCK
CLIMATE REPORT
NATIONAL WEATHER SERVICE DODGE CITY, KANSAS
1021 AM CST WED MAR 01 2023
...................................
...THE GARDEN CITY REGIONAL ARPT KS CLIMATE SUMMARY FOR THE SEASON, FROM
12/1/2022 TO 2/28/2023...
CLIMATE NORMAL PERIOD 1991 TO 2020
CLIMATE RECORD PERIOD 1948 TO 2023
WEATHER OBSERVED NORMAL DEPART LAST YEAR`S
VALUE DATE(S) VALUE FROM VALUE DATE(S)
NORMAL
................................................................
TEMPERATURE (F)
RECORD
HIGH 94 12/07/2022
LOW -20 02/15/2021
HIGHEST 75 02/26 MM MM 78 12/02
LOWEST -9 12/22 MM MM -7 01/02
AVG. MAXIMUM 46.6 46.5 0.1 50.2
AVG. MINIMUM 16.9 19.0 -2.1 16.3
MEAN 31.7 32.7 -1.0 33.2
DAYS MAX >= 90 0 0.0 0.0 0
DAYS MAX <= 32 11 16.4 -5.4 10
DAYS MIN <= 32 87 85.1 1.9 88
DAYS MIN <= 0 7 2.9 4.1 4
PRECIPITATION (INCHES)
RECORD
MAXIMUM 4.83 2007
MINIMUM T 2018
TOTALS 0.57 1.26 -0.69 0.04
DAYS >= .01 5 9.1 -4.1 2
DAYS >= .10 2 3.3 -1.3 0
DAYS >= .50 0 0.6 -0.6 0
DAYS >= 1.00 0 0.1 -0.1 0
GREATEST
24 HR. TOTAL 0.35 01/21 TO 01/21 0.03 01/25 TO 01/25
DEGREE DAYS
HEATING TOTAL 2978 2909 69 2830
SINCE 7/1 4057 3994 63 3628
COOLING TOTAL 0 0 0 0
SINCE 1/1 0 0 0 0
................................................................
WIND (MPH)
AVERAGE WIND SPEED 12.1
RESULTANT WIND SPEED/DIRECTION 3/320
HIGHEST WIND SPEED/DIRECTION 49/250 DATE 02/26
HIGHEST GUST SPEED/DIRECTION 66/250 DATE 02/26
SKY COVER
POSSIBLE SUNSHINE (PERCENT) MM
AVERAGE SKY COVER 0.20
NUMBER OF DAYS FAIR 71
NUMBER OF DAYS PC 13
NUMBER OF DAYS CLOUDY 6
AVERAGE RH (PERCENT) 66
WEATHER CONDITIONS. NUMBER OF DAYS WITH
THUNDERSTORM 3 MIXED PRECIP 0
HEAVY RAIN 0 RAIN 1
LIGHT RAIN 5 FREEZING RAIN 0
LT FREEZING RAIN 1 HAIL 0
HEAVY SNOW 1 SNOW 3
LIGHT SNOW 13 SLEET 0
FOG 28 FOG W/VIS <= 1/4 MILE 12
HAZE 10
- INDICATES NEGATIVE NUMBERS.
R INDICATES RECORD WAS SET OR TIED.
MM INDICATES DATA IS MISSING.
T INDICATES TRACE AMOUNT.
$$