000
CXUS54 KMAF 011210
CF6GDP
PRELIMINARY LOCAL CLIMATOLOGICAL DATA (WS FORM: F-6)
STATION: GUADALUPE PASS
MONTH: DECEMBER
YEAR: 2021
LATITUDE: 31 49 N
LONGITUDE: 104 48 W
TEMPERATURE IN F: :PCPN: SNOW: WIND :SUNSHINE: SKY :PK WND
================================================================================
1 2 3 4 5 6A 6B 7 8 9 10 11 12 13 14 15 16 17 18
12Z AVG MX 2MIN
DY MAX MIN AVG DEP HDD CDD WTR SNW DPTH SPD SPD DIR MIN PSBL S-S WX SPD DR
================================================================================
1 66 46 56 11 9 0 0.00 0.0 0 11.6 21 250 M M M 24 230
2 M M M M M M M M M M M M M M M M M
3 68 53 61 16 4 0 M M M 16.6 31 250 M M 0 39 250
4 67 48 58 13 7 0 0.00 M M 8.0 17 230 M M 0 21 240
5 69 49 59 15 6 0 0.00 M M 20.2 38 250 M M 2 45 260
6 52 29 41 -3 24 0 0.00 M M 22.9 46 50 M M 1 8 51 50
7 64 32 48 4 17 0 0.00 M M 20.0 33 250 M M 0 8 41 250
8 64 43 54 10 11 0 0.00 M M 24.3 45 260 M M 0 53 250
9 64 46 55 11 10 0 T M M 36.1 53 250 M M 2 67 240
10 57 41 49 6 16 0 T M M 42.6 68 240 M M 7 8 79 250
11 51 27 39 -4 26 0 0.00 M M 19.3 28 230 M M 0 32 230
12 60 33 47 4 18 0 0.00 M M 16.9 28 250 M M 0 32 240
13 63 37 50 7 15 0 M M M 25.3 41 240 M M 0 50 260
14 69 45 57 14 8 0 0.00 M M 15.1 26 240 M M 0 31 240
15 64 52 58 15 7 0 0.00 M M 31.9 52 250 M M 0 63 250
16 63 42 53 11 12 0 0.00 M M 14.1 44 250 M M 0 49 260
17 59 46 53 11 12 0 0.00 M M 19.6 36 250 M M 0 40 240
18 51 31 41 -1 24 0 0.00 M M 28.1 46 50 M M 3 8 53 40
19 49 29 39 -3 26 0 T M M 16.1 28 230 M M 6 8 35 230
20 57 29 43 1 22 0 0.00 M M 20.0 35 230 M M 0 45 240
21 61 36 49 7 16 0 0.00 M M 18.2 36 240 M M 0 41 230
22 65 45 55 13 10 0 0.00 M M 14.8 31 240 M M 0 36 250
23 68 47 58 16 7 0 0.00 M M 24.9 41 250 M M 0 50 250
24 M M M M M M M M M 39.5 46 250 M M 0 54 250
25 M M M M M M M M M M M M M M M M M
26 M M M M M M M M M M M M M M M M M
27 M M M M M M M M M M M M M M M M M
28 M M M M M M M M M M M M M M M M M
29 M M M M M M M M M M M M M M M M M
30 M M M M M M M M M M M M M M M M M
31 M M M M M M M M M M M M M M M M M
================================================================================
SM 1351 886 307 0 T 0.0 506.1 M 21
================================================================================
AV 61.4 40.3 22.0 FASTST M M 1 MAX(MPH)
MISC ----> 68 240 79 250
================================================================================
NOTES:
# LAST OF SEVERAL OCCURRENCES
COLUMN 17 PEAK WIND IN M.P.H.
PRELIMINARY LOCAL CLIMATOLOGICAL DATA (WS FORM: F-6) , PAGE 2
STATION: GUADALUPE PASS
MONTH: DECEMBER
YEAR: 2021
LATITUDE: 31 49 N
LONGITUDE: 104 48 W
[TEMPERATURE DATA] [PRECIPITATION DATA] SYMBOLS USED IN COLUMN 16
AVERAGE MONTHLY: 50.8 TOTAL FOR MONTH: T 1 = FOG OR MIST
DPTR FM NORMAL: 8.0 DPTR FM NORMAL: -0.45 2 = FOG REDUCING VISIBILITY
HIGHEST: 69 ON 14, 5 GRTST 24HR T ON 9- 9 TO 1/4 MILE OR LESS
LOWEST: 27 ON 11 3 = THUNDER
SNOW, ICE PELLETS, HAIL 4 = ICE PELLETS
TOTAL MONTH: 0.0 INCH 5 = HAIL
GRTST 24HR 0.0 6 = FREEZING RAIN OR DRIZZLE
GRTST DEPTH: 0 7 = DUSTSTORM OR SANDSTORM:
VSBY 1/2 MILE OR LESS
8 = SMOKE OR HAZE
[NO. OF DAYS WITH] [WEATHER - DAYS WITH] 9 = BLOWING SNOW
X = TORNADO
MAX 32 OR BELOW: 0 0.01 INCH OR MORE: 0
MAX 90 OR ABOVE: 0 0.10 INCH OR MORE: 0
MIN 32 OR BELOW: 6 0.50 INCH OR MORE: 0
MIN 0 OR BELOW: 0 1.00 INCH OR MORE: 0
[HDD (BASE 65) ]
TOTAL THIS MO. 307 CLEAR (SCALE 0-3) 20
DPTR FM NORMAL -379 PTCLDY (SCALE 4-7) 2
TOTAL FM JUL 1 623 CLOUDY (SCALE 8-10) 9
DPTR FM NORMAL -665
[CDD (BASE 65) ]
TOTAL THIS MO. 0
DPTR FM NORMAL 0 [PRESSURE DATA]
TOTAL FM JAN 1 1448 HIGHEST SLP M ON M
DPTR FM NORMAL -218 LOWEST SLP 29.59 ON 10
[REMARKS]
#FINAL-12-21#