000
CXUS56 KOTX 011010
CF6GEG
PRELIMINARY LOCAL CLIMATOLOGICAL DATA (WS FORM: F-6)
STATION: SPOKANE WA AIRPORT
MONTH: FEBRUARY
YEAR: 2023
LATITUDE: 47 37 N
LONGITUDE: 117 32 W
TEMPERATURE IN F: :PCPN: SNOW: WIND :SUNSHINE: SKY :PK WND
================================================================================
1 2 3 4 5 6A 6B 7 8 9 10 11 12 13 14 15 16 17 18
12Z AVG MX 2MIN
DY MAX MIN AVG DEP HDD CDD WTR SNW DPTH SPD SPD DIR MIN PSBL S-S WX SPD DR
================================================================================
1 34 22 28 -3 37 0 T T 2 3.2 9 70 M M 8 1 11 70
2 37 20 29 -2 36 0 0.00 0.0 2 4.0 7 60 M M 8 8 70
3 45 23 34 3 31 0 T 0.0 2 8.5 20 230 M M 8 23 220
4 47 35 41 10 24 0 T 0.0 1 7.8 16 200 M M 8 23 190
5 39 34 37 6 28 0 0.09 0.0 0 6.8 18 240 M M 10 12 21 230
6 42 32 37 5 28 0 0.00 0.0 0 12.2 20 220 M M 10 12 26 200
7 41 34 38 6 27 0 0.07 0.1 0 14.0 25 230 M M 9 15 35 210
8 40 29 35 3 30 0 0.00 0.0 T 10.8 23 230 M M 5 5 29 230
9 43 27 35 3 30 0 0.00 0.0 0 6.1 12 110 M M 6 14 120
10 44 28 36 4 29 0 0.00 0.0 0 3.4 12 150 M M 6 16 150
11 44 24 34 2 31 0 0.00 0.0 0 3.2 10 260 M M 3 12 220
12 46 28 37 5 28 0 0.00 0.0 0 5.7 13 220 M M 6 16 150
13 42 30 36 4 29 0 0.00 0.0 0 15.2 28 250 M M 6 6 32 260
14 39 27 33 1 32 0 0.00 0.0 0 4.0 14 210 M M 6 16 200
15 38 23 31 -2 34 0 0.00 0.0 0 5.8 14 220 M M 3 18 210
16 44 24 34 1 31 0 T T T 5.7 13 210 M M 5 17 210
17 43 33 38 5 27 0 0.00 0.0 0 9.3 18 210 M M 9 8 23 220
18 45 30 38 5 27 0 0.00 0.0 0 8.2 16 210 M M 7 22 220
19 47 29 38 4 27 0 T 0.0 0 15.9 28 230 M M 9 1 33 230
20 48 35 42 8 23 0 0.00 0.0 0 19.6 36 210 M M 9 45 210
21 41 20 31 -3 34 0 0.10 0.8 0 16.8 31 210 M M 8 18 40 210
22 20 10 15 -19 50 0 0.02 0.4 1 19.6 30 60 M M 9 18 39 40
23 16 5 11 -23 54 0 0.00 0.0 1 17.1 26 70 M M 6 33 50
24 24 3 14 -21 51 0 T T 1 5.1 13 40 M M 5 15 40
25 37 11 24 -11 41 0 0.00 0.0 1 2.6 9 190 M M 6 13 170
26 36 24 30 -5 35 0 0.11 1.5 1 14.2 26 230 M M 7 19 32 230
27 39 19 29 -6 36 0 0.08 1.4 1 7.2 24 230 M M 9 1 28 230
28 35 22 29 -7 36 0 0.23 4.4 4 6.9 20 200 M M 9 16 25 210
================================================================================
SM 1096 681 926 0 0.70 8.6 258.9 M 200
================================================================================
AV 39.1 24.3 9.2 FASTST M M 7 MAX(MPH)
MISC ----> 36 210 45 210
================================================================================
NOTES:
# LAST OF SEVERAL OCCURRENCES
COLUMN 17 PEAK WIND IN M.P.H.
PRELIMINARY LOCAL CLIMATOLOGICAL DATA (WS FORM: F-6) , PAGE 2
STATION: SPOKANE WA AIRPORT
MONTH: FEBRUARY
YEAR: 2023
LATITUDE: 47 37 N
LONGITUDE: 117 32 W
[TEMPERATURE DATA] [PRECIPITATION DATA] SYMBOLS USED IN COLUMN 16
AVERAGE MONTHLY: 31.7 TOTAL FOR MONTH: 0.70 1 = FOG OR MIST
DPTR FM NORMAL: -1.2 DPTR FM NORMAL: -0.74 2 = FOG REDUCING VISIBILITY
HIGHEST: 48 ON 20 GRTST 24HR 0.31 ON 27-28 TO 1/4 MILE OR LESS
LOWEST: 3 ON 24 3 = THUNDER
SNOW, ICE PELLETS, HAIL 4 = ICE PELLETS
TOTAL MONTH: 9.4 INCHES 5 = HAIL
GRTST 24HR 4.4 ON 28-28 6 = FREEZING RAIN OR DRIZZLE
GRTST DEPTH: 4 ON 28 7 = DUSTSTORM OR SANDSTORM:
VSBY 1/2 MILE OR LESS
8 = SMOKE OR HAZE
[NO. OF DAYS WITH] [WEATHER - DAYS WITH] 9 = BLOWING SNOW
X = TORNADO
MAX 32 OR BELOW: 3 0.01 INCH OR MORE: 7
MAX 90 OR ABOVE: 0 0.10 INCH OR MORE: 3
MIN 32 OR BELOW: 23 0.50 INCH OR MORE: 0
MIN 0 OR BELOW: 0 1.00 INCH OR MORE: 0
[HDD (BASE 65) ]
TOTAL THIS MO. 926 CLEAR (SCALE 0-3) 0
DPTR FM NORMAL 27 PTCLDY (SCALE 4-7) 16
TOTAL FM JUL 1 4707 CLOUDY (SCALE 8-10) 12
DPTR FM NORMAL -13
[CDD (BASE 65) ]
TOTAL THIS MO. 0
DPTR FM NORMAL 0 [PRESSURE DATA]
TOTAL FM JAN 1 0 HIGHEST SLP M ON M
DPTR FM NORMAL 0 LOWEST SLP 29.39 ON 21
[REMARKS]
#FINAL-02-23#