000
CXUS56 KOTX 020528
CF6GEG
PRELIMINARY LOCAL CLIMATOLOGICAL DATA (WS FORM: F-6)
STATION: SPOKANE WA AIRPORT
MONTH: JUNE
YEAR: 2021
LATITUDE: 47 37 N
LONGITUDE: 117 32 W
TEMPERATURE IN F: :PCPN: SNOW: WIND :SUNSHINE: SKY :PK WND
================================================================================
1 2 3 4 5 6A 6B 7 8 9 10 11 12 13 14 15 16 17 18
12Z AVG MX 2MIN
DY MAX MIN AVG DEP HDD CDD WTR SNW DPTH SPD SPD DIR MIN PSBL S-S WX SPD DR
================================================================================
1 90 60 75 15 0 10 0.00 0.0 0 5.8 12 290 M M 4 14 240
2 94 64 79 19 0 14 0.00 0.0 0 5.3 15 260 M M 1 20 260
3 92 65 79 19 0 14 0.00 0.0 0 10.4 18 210 M M 3 24 200
4 84 61 73 13 0 8 0.00 0.0 0 16.8 29 230 M M 4 8 38 260
5 71 49 60 0 5 0 0.00 0.0 0 21.9 37 250 M M 5 46 240
6 56 41 49 -11 16 0 T 0.0 0 11.4 22 240 M M 6 26 250
7 63 42 53 -7 12 0 T 0.0 0 9.5 21 220 M M 7 28 220
8 72 48 60 -1 5 0 T 0.0 0 6.0 16 250 M M 7 19 230
9 63 51 57 -4 8 0 T 0.0 0 5.6 14 290 M M 9 17 160
10 69 48 59 -2 6 0 T 0.0 0 12.1 31 250 M M 7 36 260
11 69 47 58 -3 7 0 T 0.0 0 6.8 24 220 M M 9 32 270
12 73 51 62 1 3 0 0.07 0.0 0 6.2 15 60 M M 8 1 20 80
13 89 61 75 14 0 10 0.00 0.0 0 7.6 16 70 M M 6 22 80
14 85 58 72 10 0 7 T 0.0 0 9.2 26 260 M M 3 3 32 260
15 68 51 60 -2 5 0 0.36 0.0 0 13.2 31 210 M M 7 3 39 210
16 73 46 60 -2 5 0 0.00 0.0 0 5.3 12 210 M M 3 16 180
17 81 50 66 4 0 1 0.00 0.0 0 6.5 18 260 M M 2 22 230
18 85 56 71 9 0 6 0.00 0.0 0 4.5 14 260 M M 3 20 260
19 87 56 72 9 0 7 0.00 0.0 0 11.1 24 270 M M 5 28 230
20 82 63 73 10 0 8 0.00 0.0 0 10.6 20 80 M M 4 24 60
21 88 59 74 11 0 9 0.00 0.0 0 4.5 12 300 M M 2 15 300
22 92 63 78 14 0 13 0.00 0.0 0 13.5 24 260 M M 4 32 250
23 89 69 79 15 0 14 0.00 0.0 0 11.3 22 220 M M 6 28 240
24 90 61 76 12 0 11 0.00 0.0 0 7.2 16 360 M M 3 19 350
25 92 62 77 13 0 12 0.00 0.0 0 5.7 14 90 M M 4 18 20
26 98 68 83 18 0 18 0.00 0.0 0 7.0 15 70 M M 1 20 50
27 102 71 87 22 0 22 0.00 0.0 0 8.0 17 60 M M 1 21 70
28 105 76 91 26 0 26 0.00 0.0 0 8.8 16 80 M M 1 24 50
29 109 77 93 27 0 28 0.00 0.0 0 10.0 18 60 M M 1 23 60
30 104 78 91 25 0 26 0.00 0.0 0 7.3 22 210 M M 1 8 29 210
================================================================================
SM 2515 1752 72 264 0.43 0.0 269.1 M 127
================================================================================
AV 83.8 58.4 9.0 FASTST M M 4 MAX(MPH)
MISC ----> 37 250 46 240
================================================================================
NOTES:
# LAST OF SEVERAL OCCURRENCES
COLUMN 17 PEAK WIND IN M.P.H.
PRELIMINARY LOCAL CLIMATOLOGICAL DATA (WS FORM: F-6) , PAGE 2
STATION: SPOKANE WA AIRPORT
MONTH: JUNE
YEAR: 2021
LATITUDE: 47 37 N
LONGITUDE: 117 32 W
[TEMPERATURE DATA] [PRECIPITATION DATA] SYMBOLS USED IN COLUMN 16
AVERAGE MONTHLY: 71.1 TOTAL FOR MONTH: 0.43 1 = FOG OR MIST
DPTR FM NORMAL: 8.8 DPTR FM NORMAL: -0.74 2 = FOG REDUCING VISIBILITY
HIGHEST: 109 ON 29 GRTST 24HR 0.36 ON 14-15 TO 1/4 MILE OR LESS
LOWEST: 41 ON 6 3 = THUNDER
SNOW, ICE PELLETS, HAIL 4 = ICE PELLETS
TOTAL MONTH: 0.0 INCH 5 = HAIL
GRTST 24HR 0.0 6 = FREEZING RAIN OR DRIZZLE
GRTST DEPTH: 0 7 = DUSTSTORM OR SANDSTORM:
VSBY 1/2 MILE OR LESS
8 = SMOKE OR HAZE
[NO. OF DAYS WITH] [WEATHER - DAYS WITH] 9 = BLOWING SNOW
X = TORNADO
MAX 32 OR BELOW: 0 0.01 INCH OR MORE: 2
MAX 90 OR ABOVE: 11 0.10 INCH OR MORE: 1
MIN 32 OR BELOW: 0 0.50 INCH OR MORE: 0
MIN 0 OR BELOW: 0 1.00 INCH OR MORE: 0
[HDD (BASE 65) ]
TOTAL THIS MO. 72 CLEAR (SCALE 0-3) 11
DPTR FM NORMAL -62 PTCLDY (SCALE 4-7) 17
TOTAL FM JUL 1 5985 CLOUDY (SCALE 8-10) 2
DPTR FM NORMAL -478
[CDD (BASE 65) ]
TOTAL THIS MO. 264
DPTR FM NORMAL 212 [PRESSURE DATA]
TOTAL FM JAN 1 274 HIGHEST SLP 30.34 ON 16
DPTR FM NORMAL 207 LOWEST SLP 29.64 ON 30
[REMARKS]
#FINAL-06-21#