000
CXUS53 KIND 010600
CF6GEZ
PRELIMINARY LOCAL CLIMATOLOGICAL DATA (WS FORM: F-6)
STATION: SHELBYVILLE IN
MONTH: MAY
YEAR: 2022
LATITUDE: 39 35 N
LONGITUDE: 85 48 W
TEMPERATURE IN F: :PCPN: SNOW: WIND :SUNSHINE: SKY :PK WND
================================================================================
1 2 3 4 5 6A 6B 7 8 9 10 11 12 13 14 15 16 17 18
12Z AVG MX 2MIN
DY MAX MIN AVG DEP HDD CDD WTR SNW DPTH SPD SPD DIR MIN PSBL S-S WX SPD DR
================================================================================
1 72 53 63 3 2 0 0.21 M M 12.2 25 230 M M 5 13 35 220
2 72 45 59 -1 6 0 0.00 M M 6.9 17 270 M M 0 23 270
3 81 55 68 7 0 3 0.48 M M 15.3 30 230 M M 8 1 43 290
4 63 51 57 -4 8 0 0.00 M M 8.2 15 320 M M 10 1 19 320
5 61 49 55 -7 10 0 0.46 M M 9.1 20 80 M M 9 18 23 80
6 71 54 63 1 2 0 0.15 M M 8.4 18 20 M M 10 18 26 10
7 69 53 61 -1 4 0 0.01 M M 14.3 23 30 M M 8 18 33 20
8 73 45 59 -3 6 0 0.00 M M 10.6 21 90 M M 0 28 100
9 82 53 68 5 0 3 0.00 M M 14.1 24 150 M M 0 30 170
10 89 62 76 13 0 11 0.00 M M 10.7 17 160 M M 4 25 160
11 93 72 83 19 0 18 0.00 M M 5.9 14 100 M M 4 19 70
12 90 59 75 11 0 10 0.00 M M 8.2 15 110 M M 0 8 21 100
13 90 58 74 10 0 9 0.00 M M 6.8 13 120 M M 0 18 120
14 90 61 76 12 0 11 0.04 M M 5.4 25 300 M M 1 34 300
15 89 56 73 8 0 8 0.06 M M 6.2 18 330 M M 1 13 28 340
16 80 58 69 4 0 4 0.06 M M 10.1 22 290 M M 3 30 290
17 83 56 70 4 0 5 0.00 M M 8.3 20 270 M M 0 28 260
18 74 60 67 1 0 2 0.41 M M 5.8 25 230 M M 8 12 34 230
19 85 61 73 7 0 8 0.06 M M 9.0 22 150 M M 7 1238 29 160
20 90 68 79 13 0 14 1.43 M M 15.7 30 190 M M 2 13 39 180
21 85 68 77 10 0 12 0.84 M M 10.5 31 250 M M 5 138 47 250
22 70 56 63 -4 2 0 0.03 M M 9.9 17 340 M M 7 1 23 340
23 70 51 61 -6 4 0 0.00 M M 8.4 15 50 M M 1 24 30
24 78 53 66 -2 0 1 0.00 M M 9.8 16 100 M M 1 25 110
25 86 65 76 8 0 11 0.18 M M 13.3 30 140 M M 7 13 43 150
26 73 64 69 1 0 4 0.59 M M 11.2 21 210 M M 9 18 30 210
27 73 58 66 -3 0 1 0.12 M M 8.7 18 300 M M 8 1 23 290
28 75 53 64 -5 1 0 0.00 M M 5.9 13 250 M M 2 18 210
29 84 59 72 3 0 7 0.00 M M 11.6 22 160 M M 0 38 170
30 90 66 78 8 0 13 0.00 M M 12.7 23 180 M M 1 35 160
31 93 71 82 12 0 17 0.00 M M 10.6 21 200 M M 1 32 190
================================================================================
SM 2474 1793 45 172 5.13 M 303.8 M 122
================================================================================
AV 79.8 57.8 9.8 FASTST M M 4 MAX(MPH)
MISC ----> 31 250 47 250
================================================================================
NOTES:
# LAST OF SEVERAL OCCURRENCES
COLUMN 17 PEAK WIND IN M.P.H.
PRELIMINARY LOCAL CLIMATOLOGICAL DATA (WS FORM: F-6) , PAGE 2
STATION: SHELBYVILLE IN
MONTH: MAY
YEAR: 2022
LATITUDE: 39 35 N
LONGITUDE: 85 48 W
[TEMPERATURE DATA] [PRECIPITATION DATA] SYMBOLS USED IN COLUMN 16
AVERAGE MONTHLY: 68.8 TOTAL FOR MONTH: 5.13 1 = FOG OR MIST
DPTR FM NORMAL: 3.7 DPTR FM NORMAL: 0.51 2 = FOG REDUCING VISIBILITY
HIGHEST: 93 ON 31,11 GRTST 24HR 1.49 ON 19-20 TO 1/4 MILE OR LESS
LOWEST: 45 ON 8, 2 3 = THUNDER
SNOW, ICE PELLETS, HAIL 4 = ICE PELLETS
TOTAL MONTH: M 5 = HAIL
GRTST 24HR M ON M 6 = FREEZING RAIN OR DRIZZLE
GRTST DEPTH: M ON M 7 = DUSTSTORM OR SANDSTORM:
VSBY 1/2 MILE OR LESS
8 = SMOKE OR HAZE
[NO. OF DAYS WITH] [WEATHER - DAYS WITH] 9 = BLOWING SNOW
X = TORNADO
MAX 32 OR BELOW: 0 0.01 INCH OR MORE: 16
MAX 90 OR ABOVE: 7 0.10 INCH OR MORE: 10
MIN 32 OR BELOW: 0 0.50 INCH OR MORE: 3
MIN 0 OR BELOW: 0 1.00 INCH OR MORE: 1
[HDD (BASE 65) ]
TOTAL THIS MO. 45 CLEAR (SCALE 0-3) 15
DPTR FM NORMAL -62 PTCLDY (SCALE 4-7) 11
TOTAL FM JUL 1 4482 CLOUDY (SCALE 8-10) 5
DPTR FM NORMAL -550
[CDD (BASE 65) ]
TOTAL THIS MO. 172
DPTR FM NORMAL 62 [PRESSURE DATA]
TOTAL FM JAN 1 195 HIGHEST SLP M ON M
DPTR FM NORMAL 64 LOWEST SLP 29.52 ON 6
[REMARKS]
#FINAL-05-22#