000
CXUS53 KIND 010600
CF6GEZ
PRELIMINARY LOCAL CLIMATOLOGICAL DATA (WS FORM: F-6)
STATION: SHELBYVILLE IN
MONTH: JUNE
YEAR: 2021
LATITUDE: 39 35 N
LONGITUDE: 85 48 W
TEMPERATURE IN F: :PCPN: SNOW: WIND :SUNSHINE: SKY :PK WND
================================================================================
1 2 3 4 5 6A 6B 7 8 9 10 11 12 13 14 15 16 17 18
12Z AVG MX 2MIN
DY MAX MIN AVG DEP HDD CDD WTR SNW DPTH SPD SPD DIR MIN PSBL S-S WX SPD DR
================================================================================
1 78 57 68 -2 0 3 T M M 4.7 15 180 M M 2 20 200
2 70 62 66 -4 0 1 1.21 M M 8.1 16 170 M M 9 1 24 170
3 75 64 70 -1 0 5 0.68 M M 4.3 12 20 M M 7 138 15 360
4 87 61 74 3 0 9 0.00 M M 6.6 14 230 M M 0 18 19 240
5 87 62 75 4 0 10 0.00 M M 6.2 16 220 M M 1 22 230
6 87 65 76 5 0 11 0.01 M M 8.3 18 180 M M 5 29 180
7 85 71 78 6 0 13 0.18 M M 8.7 17 180 M M 6 1 23 190
8 81 72 77 5 0 12 0.86 M M 6.3 14 180 M M 5 13 18 180
9 81 72 77 5 0 12 0.79 M M 6.5 14 110 M M 10 18 17 100
10 83 73 78 6 0 13 0.88 M M 3.1 13 210 M M 8 1 15 160
11 91 70 81 8 0 16 0.00 M M 4.7 16 350 M M 3 12 22 350
12 95 71 83 10 0 18 0.04 M M 4.7 23 20 M M 1 138 33 20
13 90 67 79 6 0 14 0.00 M M 7.7 16 340 M M 1 23 340
14 91 61 76 3 0 11 0.00 M M 10.4 22 290 M M 0 32 270
15 84 58 71 -2 0 6 0.00 M M 8.3 18 330 M M 1 33 340
16 83 58 71 -3 0 6 0.00 M M 4.0 12 100 M M 0 15 90
17 88 58 73 -1 0 8 0.00 M M 5.1 13 210 M M 0 17 210
18 96 68 82 8 0 17 1.83 M M M 39 360 M M M 13 68 360
19 84 69 77 3 0 12 M M M M M M M M 4 138 M M
20 89 73 81 7 0 16 0.00 M M 10.2 20 200 M M 4 26 220
21 82 66 74 0 0 9 T M M 11.7 21 300 M M 5 28 300
22 73 54 64 -10 1 0 0.00 M M 6.5 18 360 M M 2 26 360
23 80 58 69 -6 0 4 0.00 M M 9.4 18 160 M M 1 24 160
24 83 60 72 -3 0 7 0.14 M M 9.1 18 180 M M 1 25 190
25 84 72 78 3 0 13 0.03 M M 13.3 28 180 M M 6 35 160
26 88 74 81 6 0 16 0.00 M M 16.5 28 180 M M 3 41 180
27 90 74 82 7 0 17 0.77 M M 9.7 29 240 M M 4 123 41 240
28 91 74 83 8 0 18 0.00 M M 5.5 16 170 M M 1 3 21 160
29 93 72 83 8 0 18 0.00 M M 3.6 16 350 M M 1 13 20 360
30 83 72 78 3 0 13 0.89 M M 4.4 13 210 M M 6 13 19 360
================================================================================
SM 2552 1988 1 328 8.31 M 207.6 M 97
================================================================================
AV 85.1 66.3 7.4 FASTST M M 3 MAX(MPH)
MISC ----> 39 360 68 360
================================================================================
NOTES:
# LAST OF SEVERAL OCCURRENCES
COLUMN 17 PEAK WIND IN M.P.H.
PRELIMINARY LOCAL CLIMATOLOGICAL DATA (WS FORM: F-6) , PAGE 2
STATION: SHELBYVILLE IN
MONTH: JUNE
YEAR: 2021
LATITUDE: 39 35 N
LONGITUDE: 85 48 W
[TEMPERATURE DATA] [PRECIPITATION DATA] SYMBOLS USED IN COLUMN 16
AVERAGE MONTHLY: 75.7 TOTAL FOR MONTH: 8.31 1 = FOG OR MIST
DPTR FM NORMAL: 2.5 DPTR FM NORMAL: 3.15 2 = FOG REDUCING VISIBILITY
HIGHEST: 96 ON 18 GRTST 24HR 1.83 ON 18-18 TO 1/4 MILE OR LESS
LOWEST: 54 ON 22 3 = THUNDER
SNOW, ICE PELLETS, HAIL 4 = ICE PELLETS
TOTAL MONTH: M 5 = HAIL
GRTST 24HR M ON M 6 = FREEZING RAIN OR DRIZZLE
GRTST DEPTH: M ON M 7 = DUSTSTORM OR SANDSTORM:
VSBY 1/2 MILE OR LESS
8 = SMOKE OR HAZE
[NO. OF DAYS WITH] [WEATHER - DAYS WITH] 9 = BLOWING SNOW
X = TORNADO
MAX 32 OR BELOW: 0 0.01 INCH OR MORE: 13
MAX 90 OR ABOVE: 8 0.10 INCH OR MORE: 10
MIN 32 OR BELOW: 0 0.50 INCH OR MORE: 8
MIN 0 OR BELOW: 0 1.00 INCH OR MORE: 2
[HDD (BASE 65) ]
TOTAL THIS MO. 1 CLEAR (SCALE 0-3) 15
DPTR FM NORMAL -8 PTCLDY (SCALE 4-7) 12
TOTAL FM JUL 1 4612 CLOUDY (SCALE 8-10) 3
DPTR FM NORMAL -425
[CDD (BASE 65) ]
TOTAL THIS MO. 328
DPTR FM NORMAL 73 [PRESSURE DATA]
TOTAL FM JAN 1 450 HIGHEST SLP M ON M
DPTR FM NORMAL 64 LOWEST SLP 29.58 ON 21
[REMARKS]
#FINAL-06-21#