000
CDUS43 KIND 041042
CLIGEZ


CLIMATE REPORT
NATIONAL WEATHER SERVICE INDIANAPOLIS IN
641 AM EDT WED APR 4 2018


...................................

...THE SHELBYVILLE IN CLIMATE SUMMARY FOR APRIL 3 2018...

CLIMATE NORMAL PERIOD 1981 TO 2010
CLIMATE RECORD PERIOD 9999 TO 9999


WEATHER ITEM   OBSERVED TIME   NORMAL DEPARTURE LAST
                VALUE   (LST)  VALUE  FROM      YEAR
                                      NORMAL
......................................................
TEMPERATURE (F)
 YESTERDAY
  MAXIMUM         67    626 PM  59      8       70
  MINIMUM         43   1229 AM  38      5       49
  AVERAGE         55            49      6       60

PRECIPITATION (IN)
  YESTERDAY        2.56          0.12   2.44     0.01
  MONTH TO DATE    2.74          0.35   2.39     0.01
  SINCE MAR 1      6.47          3.78   2.69     3.69
  SINCE JAN 1     14.65          8.53   6.12     9.13

DEGREE DAYS
 HEATING
  YESTERDAY       10            17     -7        5
  MONTH TO DATE   63            51     12       35
  SINCE MAR 1    848           771     77      659
  SINCE JUL 1   4756          4934   -178     3842

 COOLING
  YESTERDAY        0             0      0        0
  MONTH TO DATE    0             0      0        0
  SINCE MAR 1      0             1     -1        4
  SINCE JAN 1      5             1      4        4
......................................................


WIND (MPH)
  HIGHEST WIND SPEED    36   HIGHEST WIND DIRECTION    SW (240)
  HIGHEST GUST SPEED    44   HIGHEST GUST DIRECTION    SW (240)
  AVERAGE WIND SPEED    15.7


SKY COVER
  AVERAGE SKY COVER 0.9


WEATHER CONDITIONS
 THE FOLLOWING WEATHER WAS RECORDED YESTERDAY.
  THUNDERSTORM
  HEAVY RAIN
  RAIN
  LIGHT RAIN
  FOG


RELATIVE HUMIDITY (PERCENT)
 HIGHEST    92           200 AM
 LOWEST     78           900 PM
 AVERAGE    85

..........................................................


THE SHELBYVILLE IN CLIMATE NORMALS FOR TODAY
                         NORMAL
 MAXIMUM TEMPERATURE (F)   60
 MINIMUM TEMPERATURE (F)   39


SUNRISE AND SUNSET
APRIL  4 2018.........SUNRISE   723 AM EDT   SUNSET   810 PM EDT
APRIL  5 2018.........SUNRISE   721 AM EDT   SUNSET   811 PM EDT


-  INDICATES NEGATIVE NUMBERS.
R  INDICATES RECORD WAS SET OR TIED.
MM INDICATES DATA IS MISSING.
T  INDICATES TRACE AMOUNT.




$$
