000
CXUS53 KIND 011539
CLMGEZ
CLIMATE REPORT
NATIONAL WEATHER SERVICE INDIANAPOLIS IN
1139 AM EDT MON MAY 01 2023
...................................
...THE SHELBYVILLE IN CLIMATE SUMMARY FOR THE MONTH OF APRIL 2023...
CLIMATE NORMAL PERIOD 1991 TO 2020
CLIMATE RECORD PERIOD 9999 TO 9999
WEATHER OBSERVED NORMAL DEPART LAST YEAR`S
VALUE DATE(S) VALUE FROM VALUE DATE(S)
NORMAL
................................................................
TEMPERATURE (F)
HIGHEST 87 04/20 86 04/23
LOWEST 30 04/24 30 04/10
AVG. MAXIMUM 67.8 65.5 2.3 63.8
AVG. MINIMUM 42.6 43.5 -0.9 43.5
MEAN 55.2 54.5 0.7 53.7
DAYS MAX >= 90 0 0.0 0.0 0
DAYS MAX <= 32 0 0.0 0.0 0
DAYS MIN <= 32 2 3.9 -1.9 2
DAYS MIN <= 0 0 0.0 0.0 0
PRECIPITATION (INCHES)
TOTALS 2.40 4.54 -2.14 3.42
DAILY AVG. 0.08 0.15 -0.07 0.11
DAYS >= .01 9 12.1 -3.1 17
DAYS >= .10 6 7.9 -1.9 6
DAYS >= .50 1 3.3 -2.3 2
DAYS >= 1.00 0 1.0 -1.0 1
GREATEST
24 HR. TOTAL 0.83 04/27 TO 04/28
DEGREE DAYS
HEATING TOTAL 304 333 -29 356
SINCE 7/1 4210 4924 -714 MM
COOLING TOTAL 20 18 2 23
SINCE 1/1 20 21 -1 MM
................................................................
WIND (MPH)
AVERAGE WIND SPEED 9.7
HIGHEST WIND SPEED/DIRECTION 39/270 DATE 04/01
HIGHEST GUST SPEED/DIRECTION 56/290 DATE 04/01
SKY COVER
AVERAGE SKY COVER 0.40
AVERAGE RH (PERCENT) 58
WEATHER CONDITIONS. NUMBER OF DAYS WITH
THUNDERSTORM 4 MIXED PRECIP 0
HEAVY RAIN 1 RAIN 7
LIGHT RAIN 14 FREEZING RAIN 0
LT FREEZING RAIN 0 HAIL 0
HEAVY SNOW 0 SNOW 0
LIGHT SNOW 0 SLEET 0
FOG 10 FOG W/VIS <= 1/4 MILE 2
HAZE 8
- INDICATES NEGATIVE NUMBERS.
R INDICATES RECORD WAS SET OR TIED.
MM INDICATES DATA IS MISSING.
T INDICATES TRACE AMOUNT.
$$