000
CXUS55 KALY 010710
CF6GFL
PRELIMINARY LOCAL CLIMATOLOGICAL DATA (WS FORM: F-6)
STATION: GLENS FALLS NY
MONTH: APRIL
YEAR: 2023
LATITUDE: 43 20 N
LONGITUDE: 73 37 W
TEMPERATURE IN F: :PCPN: SNOW: WIND :SUNSHINE: SKY :PK WND
================================================================================
1 2 3 4 5 6A 6B 7 8 9 10 11 12 13 14 15 16 17 18
12Z AVG MX 2MIN
DY MAX MIN AVG DEP HDD CDD WTR SNW DPTH SPD SPD DIR MIN PSBL S-S WX SPD DR
================================================================================
1 70 35 53 15 12 0 0.26 M M 5.9 24 230 M M 7 1 34 230
2 45 22 34 -4 31 0 0.03 M M 11.3 29 320 M M 2 37 340
3 58 19 39 0 26 0 0.00 M M 8.2 23 170 M M 4 35 180
4 50 42 46 7 19 0 0.09 M M 5.2 14 350 M M 10 1 16 340
5 52 39 46 6 19 0 0.32 M M 5.6 12 160 M M 10 1 17 160
6 61 46 54 14 11 0 0.24 M M 7.3 15 190 M M 9 13 22 200
7 47 34 41 0 24 0 0.00 M M 9.9 21 290 M M 1 35 270
8 49 21 35 -6 30 0 0.00 M M 5.7 18 10 M M 1 23 10
9 54 21 38 -4 27 0 0.00 M M 2.9 12 150 M M 0 16 140
10 64 22 43 1 22 0 0.00 M M 4.9 15 160 M M 0 19 150
11 70 35 53 10 12 0 0.00 M M 8.6 24 290 M M 3 35 220
12 73 44 59 16 6 0 T M M 5.2 17 350 M M 2 24 350
13 88 41 65 21 0 0 0.00 M M 4.9 18 310 M M 0 23 300
14 84 45 65 21 0 0 0.00 M M 4.1 13 60 M M 0 14 60
15 81 47 64 20 1 0 0.00 M M 6.4 16 190 M M 0 23 180
16 78 53 66 21 0 1 0.00 M M 6.7 18 170 M M 4 26 160
17 63 46 55 10 10 0 0.30 M M 5.2 16 250 M M 10 1 22 250
18 49 39 44 -2 21 0 T M M 7.5 15 200 M M 10 22 240
19 49 34 42 -4 23 0 0.00 M M 8.1 17 270 M M 9 22 270
20 60 30 45 -2 20 0 0.00 M M 4.6 14 360 M M 2 18 310
21 78 41 60 13 5 0 T M M 8.2 17 210 M M 2 22 220
22 66 46 56 8 9 0 0.18 M M 8.3 22 150 M M 5 1 29 160
23 52 45 49 1 16 0 1.06 M M 5.9 12 30 M M 10 1 14 40
24 50 33 42 -7 23 0 0.06 M M 3.4 13 330 M M 10 12 17 320
25 54 32 43 -6 22 0 0.01 M M 3.2 15 230 M M 7 12 19 240
26 59 28 44 -5 21 0 0.03 M M 4.5 20 240 M M 5 12 25 220
27 59 30 45 -5 20 0 0.00 M M 2.3 10 90 M M 5 12 12 90
28 66 31 49 -1 16 0 0.00 M M 3.9 15 190 M M 0 1 20 190
29 54 42 48 -3 17 0 0.25 M M 4.3 15 120 M M 9 1 20 120
30 58 46 52 1 13 0 0.67 M M 9.4 21 60 M M 9 1 26 60
================================================================================
SM 1841 1089 476 1 3.50 M 181.6 M 146
================================================================================
AV 61.4 36.3 6.1 FASTST M M 5 MAX(MPH)
MISC ----> 29 320 37 340
================================================================================
NOTES:
# LAST OF SEVERAL OCCURRENCES
COLUMN 17 PEAK WIND IN M.P.H.
PRELIMINARY LOCAL CLIMATOLOGICAL DATA (WS FORM: F-6) , PAGE 2
STATION: GLENS FALLS NY
MONTH: APRIL
YEAR: 2023
LATITUDE: 43 20 N
LONGITUDE: 73 37 W
[TEMPERATURE DATA] [PRECIPITATION DATA] SYMBOLS USED IN COLUMN 16
AVERAGE MONTHLY: 48.8 TOTAL FOR MONTH: 3.50 1 = FOG OR MIST
DPTR FM NORMAL: 4.2 DPTR FM NORMAL: 0.40 2 = FOG REDUCING VISIBILITY
HIGHEST: 88 ON 13 GRTST 24HR 1.23 ON 22-23 TO 1/4 MILE OR LESS
LOWEST: 19 ON 3 3 = THUNDER
SNOW, ICE PELLETS, HAIL 4 = ICE PELLETS
TOTAL MONTH: M 5 = HAIL
GRTST 24HR M ON M 6 = FREEZING RAIN OR DRIZZLE
GRTST DEPTH: M ON M 7 = DUSTSTORM OR SANDSTORM:
VSBY 1/2 MILE OR LESS
8 = SMOKE OR HAZE
[NO. OF DAYS WITH] [WEATHER - DAYS WITH] 9 = BLOWING SNOW
X = TORNADO
MAX 32 OR BELOW: 0 0.01 INCH OR MORE: 13
MAX 90 OR ABOVE: 0 0.10 INCH OR MORE: 8
MIN 32 OR BELOW: 10 0.50 INCH OR MORE: 2
MIN 0 OR BELOW: 0 1.00 INCH OR MORE: 1
[HDD (BASE 65) ]
TOTAL THIS MO. 476 CLEAR (SCALE 0-3) 13
DPTR FM NORMAL -136 PTCLDY (SCALE 4-7) 7
TOTAL FM JUL 1 6213 CLOUDY (SCALE 8-10) 10
DPTR FM NORMAL -835
[CDD (BASE 65) ]
TOTAL THIS MO. 1
DPTR FM NORMAL 0 [PRESSURE DATA]
TOTAL FM JAN 1 1 HIGHEST SLP M ON M
DPTR FM NORMAL 0 LOWEST SLP 29.11 ON 30
[REMARKS]
#FINAL-04-23#