000
CXUS54 KSHV 011300
CF6GGG
PRELIMINARY LOCAL CLIMATOLOGICAL DATA (WS FORM: F-6)
STATION: LONGVIEW
MONTH: JUNE
YEAR: 2022
LATITUDE: 32 22 N
LONGITUDE: 94 43 W
TEMPERATURE IN F: :PCPN: SNOW: WIND :SUNSHINE: SKY :PK WND
================================================================================
1 2 3 4 5 6A 6B 7 8 9 10 11 12 13 14 15 16 17 18
12Z AVG MX 2MIN
DY MAX MIN AVG DEP HDD CDD WTR SNW DPTH SPD SPD DIR MIN PSBL S-S WX SPD DR
================================================================================
1 93 73 83 5 0 18 0.08 0.0 0 5.3 17 150 M M 5 22 150
2 84 69 77 -1 0 12 0.02 0.0 0 7.0 17 340 M M 3 1 22 330
3 87 67 77 -1 0 12 T 0.0 0 5.6 13 60 M M 4 15 60
4 90 69 80 2 0 15 T 0.0 0 4.1 10 60 M M 2 15 120
5 92 68 80 1 0 15 T 0.0 0 6.7 18 50 M M 1 28 20
6 94 74 84 5 0 19 0.00 0.0 0 11.0 21 180 M M 3 26 200
7 94 72 83 4 0 18 0.00 0.0 0 8.8 21 210 M M 3 27 210
8 92 74 83 4 0 18 0.00 0.0 0 7.3 21 200 M M 3 27 190
9 93 72 83 3 0 18 T 0.0 0 5.1 14 80 M M 5 16 80
10 94 72 83 3 0 18 0.06 0.0 0 7.1 28 340 M M 2 35 340
11 98 72 85 5 0 20 0.00 0.0 0 7.6 15 210 M M 2 1 21 200
12 100 77 89 9 0 24 0.00 0.0 0 9.6 18 200 M M 1 25 200
13 99 78 89 9 0 24 0.00 0.0 0 11.1 18 200 M M 1 25 210
14 99 76 88 8 0 23 0.00 0.0 0 11.9 22 190 M M 2 32 200
15 99 76 88 7 0 23 0.00 0.0 0 10.2 18 210 M M 3 1 24 200
16 100 76 88 7 0 23 0.00 0.0 0 6.1 13 200 M M 0 15 200
17 98 74 86 5 0 21 0.33 0.0 0 4.5 26 40 M M 2 32 40
18 99 72 86 5 0 21 0.07 0.0 0 3.4 17 140 M M 1 21 130
19 98 75 87 6 0 22 0.05 0.0 0 5.4 17 80 M M 1 22 70
20 100 70 85 4 0 20 0.00 0.0 0 5.4 14 100 M M 0 17 80
21 100 72 86 4 0 21 0.00 0.0 0 4.8 13 200 M M 1 17 210
22 100 75 88 6 0 23 T 0.0 0 3.3 15 120 M M 2 20 130
23 99 75 87 5 0 22 0.26 0.0 0 3.6 31 190 M M 1 138 45 170
24 100 73 87 5 0 22 0.00 0.0 0 4.0 15 180 M M 0 21 170
25 101 75 88 6 0 23 0.00 0.0 0 3.9 12 190 M M 0 16 240
26 102 73 88 6 0 23 0.00 0.0 0 6.4 28 80 M M 1 39 80
27 94 73 84 2 0 19 0.00 0.0 0 7.8 17 70 M M 2 22 70
28 93 64 79 -3 0 14 0.00 0.0 0 6.1 17 50 M M 0 25 60
29 95 65 80 -2 0 15 0.00 0.0 0 5.2 13 70 M M 0 20 360
30 97 70 84 1 0 19 0.00 0.0 0 5.8 21 160 M M 2 25 160
================================================================================
SM 2884 2171 0 585 0.87 0.0 194.1 M 53
================================================================================
AV 96.1 72.4 6.5 FASTST M M 2 MAX(MPH)
MISC ----> 31 190 45 170
================================================================================
NOTES:
# LAST OF SEVERAL OCCURRENCES
COLUMN 17 PEAK WIND IN M.P.H.
PRELIMINARY LOCAL CLIMATOLOGICAL DATA (WS FORM: F-6) , PAGE 2
STATION: LONGVIEW
MONTH: JUNE
YEAR: 2022
LATITUDE: 32 22 N
LONGITUDE: 94 43 W
[TEMPERATURE DATA] [PRECIPITATION DATA] SYMBOLS USED IN COLUMN 16
AVERAGE MONTHLY: 84.3 TOTAL FOR MONTH: 0.87 1 = FOG OR MIST
DPTR FM NORMAL: 3.8 DPTR FM NORMAL: -3.35 2 = FOG REDUCING VISIBILITY
HIGHEST: 102 ON 26 GRTST 24HR 0.33 ON 17-17 TO 1/4 MILE OR LESS
LOWEST: 64 ON 28 3 = THUNDER
SNOW, ICE PELLETS, HAIL 4 = ICE PELLETS
TOTAL MONTH: 0.0 INCH 5 = HAIL
GRTST 24HR 0.0 6 = FREEZING RAIN OR DRIZZLE
GRTST DEPTH: 0 7 = DUSTSTORM OR SANDSTORM:
VSBY 1/2 MILE OR LESS
8 = SMOKE OR HAZE
[NO. OF DAYS WITH] [WEATHER - DAYS WITH] 9 = BLOWING SNOW
X = TORNADO
MAX 32 OR BELOW: 0 0.01 INCH OR MORE: 7
MAX 90 OR ABOVE: 28 0.10 INCH OR MORE: 2
MIN 32 OR BELOW: 0 0.50 INCH OR MORE: 0
MIN 0 OR BELOW: 0 1.00 INCH OR MORE: 0
[HDD (BASE 65) ]
TOTAL THIS MO. 0 CLEAR (SCALE 0-3) 25
DPTR FM NORMAL 0 PTCLDY (SCALE 4-7) 5
TOTAL FM JUL 1 1866 CLOUDY (SCALE 8-10) 0
DPTR FM NORMAL -269
[CDD (BASE 65) ]
TOTAL THIS MO. 585
DPTR FM NORMAL 120 [PRESSURE DATA]
TOTAL FM JAN 1 1133 HIGHEST SLP 30.16 ON 29
DPTR FM NORMAL 243 LOWEST SLP 29.65 ON 6
[REMARKS]
#FINAL-06-22#